{"id":24342,"date":"2025-08-01T18:03:52","date_gmt":"2025-08-01T16:03:52","guid":{"rendered":"https:\/\/uj.adatbank.ro\/lexikon\/termek\/vay-kata-vajai-teleki-palne-vaji-way\/"},"modified":"2025-08-01T18:03:52","modified_gmt":"2025-08-01T16:03:52","slug":"vay-kata-vajai-teleki-palne-vaji-way","status":"publish","type":"product","link":"https:\/\/uj.adatbank.ro\/lexikon\/termek\/vay-kata-vajai-teleki-palne-vaji-way\/","title":{"rendered":"VAY Kata, vajai; Teleki P\u00e1ln\u00e9, Vaji, Way"},"content":{"rendered":"<p>? 1684. dec. 26. \u2020\u00a0Kendil\u00f3na, 1768. nov. 1.: nemesasszony. \u2013 Sz\u00fclei: Vay \u00c1d\u00e1m \u00e9s Zay Anna. F\u00e9rje: T. P\u00e1l, Teleki Mih\u00e1ly \u00e9s Ve\u00e9r Judit fia. Gyermekei: Teleki \u00c1d\u00e1m (1703\u2013) \u00e9s \u00c9va (1704\u2013). A maga kor\u00e1ban h\u00edres volt j\u00f3t\u00e9tem\u00e9nyeir\u0151l, adakoz\u00e1sair\u00f3l: sok templomnak saj\u00e1t maga varrt ter\u00edt\u0151ket, m\u00e1sokat saj\u00e1t p\u00e9nz\u00e9n vett meg, p\u00e9nzadom\u00e1nyokkal seg\u00edtette a lelk\u00e9szeket, par\u00f3ki\u00e1kat \u00e9s \u00e1rv\u00e1kat. \u00daj ref. templomot \u00e9s lelk\u00e9szi lak\u00e1st \u00e9p\u00edttetett Kendil\u00f3n\u00e1n, amelyet 1727-ben avattak fel, b\u0151v\u00edtette a kast\u00e9lyt, ahova tanult embereket h\u00edvott meg. Sz\u00e9p sz\u00e1mban voltak a csal\u00e1dnak foly\u00f3iratai \u00e9s k\u00f6nyvei, k\u00e9zzel \u00edrott verses gy\u0171jtem\u00e9nyei (b\u00e1r a k\u00f6nyvek sz\u00e9tsz\u00f3r\u00f3dtak, a megrendel\u0151 levelekb\u0151l \u00e9s jegyz\u00e9kekb\u0151l lehet a gy\u0171jtem\u00e9ny \u00f6sszet\u00e9tel\u00e9re k\u00f6vetkeztetni). \u0150 nevelte fel fia, gr. Teleki \u00c1d\u00e1m \u00e9s Wessel\u00e9nyi Zsuzs\u00e1nna k\u00e9t gyermek\u00e9t, (egy 8 \u00e9ves le\u00e1nyk\u00e1t \u00e9s P\u00e1lt), miut\u00e1n a menye is meghalt. (1739. \u00e1pr. 26). Gy\u00f3gy\u00edt\u00f3 tudom\u00e1nya h\u00edres volt, sokszor gy\u00f3gy\u00edtotta a r\u00e1szorul\u00f3kat. F\u00e9rje eml\u00e9k\u00e9re kinyomatta annak halotti pr\u00e9dik\u00e1ci\u00f3it (Verest\u00f3i Gy\u00f6rgy: Halotti oratio gr. Teleki P\u00e1l felett, Kv., 1731), amelyet De\u00e1ki J\u00f3zsef, kv.-i ref. lelk\u00e9sz tartott. A gr\u00f3fn\u0151 hal\u00e1la ut\u00e1n egy \u00e9vvel pedig id. gr. Teleki \u00c1d\u00e1m, a gr.-n\u0151 id\u0151sebbik fia, kinyomatta az anyja temet\u00e9s\u00e9n elhangzott pr\u00e9dik\u00e1ci\u00f3t Halotti tan\u00edt\u00e1sok vajai Vay Kata asszony Teleki P\u00e1l \u00f6zvegye felett c.-mel (1769). Ifj.Teleki P\u00e1l, a kisebbik fi\u00fa, pedig anyja hal\u00e1la ut\u00e1n kinyomatta annak temet\u00e9s\u00e9n Tordai S\u00e1muel kendil\u00f3nai ref. lelk\u00e9sz \u2013 aki tanulm\u00e1nyait az elhunyt seg\u00edts\u00e9g\u00e9vel v\u00e9gezte \u2013 pr\u00e9dik\u00e1ci\u00f3j\u00e1t: Halotti tan\u00edt\u00e1sok vajai Vay Kata asszony, Teleki P\u00e1l \u00f6zvegye, felett c.-en (Kv., 1769). Besz\u00e9det tartott Bodoki J\u00f3zsef kv.-i ref. lelk\u00e9sz is, a koll\u00e9gium filol\u00f3giaprofesszora, a csal\u00e1d kor\u00e1bbi p\u00e1rtfogoltja is, Vajai vaji Kata Eml\u00e9kezete c.-mel: Igazs\u00e1gnak utaiban tal\u00e1ltatott v\u00e9ns\u00e9gnek, igen sz\u00e9p, \u00e9kes koron\u00e1ja, n\u00e9hai gr\u00f3f vajai Vaji Kata asszony v\u00e9gs\u0151 tisztess\u00e9g\u00e9re, Kv., 1769. <br \/><strong>\u2013 Irod.:<\/strong> Bir\u00f3 Vencel; Egyed Emese: \u201eSz\u00e9pmesters\u00e9givel sokakot tan\u00edtott\u201d Egy erd\u00e9lyi tud\u00f3s nagyasszony: Vajai Vay Kata = K\u00f6nyvek \u00e1ltal; Kelemen Lajos 2006.<\/br><\/p>\n","protected":false},"excerpt":{"rendered":"<p>? 1684. dec. 26. \u2020\u00a0Kendil\u00f3na, 1768. nov. 1.: nemesasszony. \u2013 Sz\u00fclei: Vay \u00c1d\u00e1m \u00e9s Zay Anna. F\u00e9rje: T. P\u00e1l, Teleki Mih\u00e1ly \u00e9s Ve\u00e9r Judit fia. Gyermekei: Teleki \u00c1d\u00e1m (1703\u2013) \u00e9s \u00c9va (1704\u2013). A maga kor\u00e1ban h\u00edres volt j\u00f3t\u00e9tem\u00e9nyeir\u0151l, adakoz\u00e1sair\u00f3l: sok templomnak saj\u00e1t maga varrt ter\u00edt\u0151ket, m\u00e1sokat saj\u00e1t p\u00e9nz\u00e9n vett meg, p\u00e9nzadom\u00e1nyokkal seg\u00edtette a lelk\u00e9szeket, par\u00f3ki\u00e1kat [&hellip;]<\/p>\n","protected":false},"featured_media":0,"comment_status":"open","ping_status":"closed","template":"","meta":[],"product_brand":[],"product_cat":[137],"product_tag":[],"class_list":{"0":"post-24342","1":"product","2":"type-product","3":"status-publish","5":"product_cat-maros-megyei-eletrajzi-lexikon","7":"first","8":"instock","9":"shipping-taxable","10":"product-type-simple"},"_links":{"self":[{"href":"https:\/\/uj.adatbank.ro\/lexikon\/wp-json\/wp\/v2\/product\/24342","targetHints":{"allow":["GET"]}}],"collection":[{"href":"https:\/\/uj.adatbank.ro\/lexikon\/wp-json\/wp\/v2\/product"}],"about":[{"href":"https:\/\/uj.adatbank.ro\/lexikon\/wp-json\/wp\/v2\/types\/product"}],"replies":[{"embeddable":true,"href":"https:\/\/uj.adatbank.ro\/lexikon\/wp-json\/wp\/v2\/comments?post=24342"}],"wp:attachment":[{"href":"https:\/\/uj.adatbank.ro\/lexikon\/wp-json\/wp\/v2\/media?parent=24342"}],"wp:term":[{"taxonomy":"product_brand","embeddable":true,"href":"https:\/\/uj.adatbank.ro\/lexikon\/wp-json\/wp\/v2\/product_brand?post=24342"},{"taxonomy":"product_cat","embeddable":true,"href":"https:\/\/uj.adatbank.ro\/lexikon\/wp-json\/wp\/v2\/product_cat?post=24342"},{"taxonomy":"product_tag","embeddable":true,"href":"https:\/\/uj.adatbank.ro\/lexikon\/wp-json\/wp\/v2\/product_tag?post=24342"}],"curies":[{"name":"wp","href":"https:\/\/api.w.org\/{rel}","templated":true}]}}

VAY Kata, vajai; Teleki Pálné, Vaji, Way

<p>? 1684. dec. 26. † Kendilóna, 1768. nov. 1.: nemesasszony. – Szülei: Vay Ádám és Zay Anna. Férje: T. Pál, Teleki Mihály és Veér Judit fia. Gyermekei: Teleki Ádám (1703–) és Éva (1704–). A maga korában híres volt jótéteményeiről, adakozásairól: sok templomnak saját maga varrt terítőket, másokat saját pénzén vett meg, pénzadományokkal segítette a lelkészeket, parókiákat és árvákat. Új ref. templomot és lelkészi lakást építtetett Kendilónán, amelyet 1727-ben avattak fel, bővítette a kastélyt, ahova tanult embereket hívott meg. Szép számban voltak a családnak folyóiratai és könyvei, kézzel írott verses gyűjteményei (bár a könyvek szétszóródtak, a megrendelő levelekből és jegyzékekből lehet a gyűjtemény összetételére következtetni). Ő nevelte fel fia, gr. Teleki Ádám és Wesselényi Zsuzsánna két gyermekét, (egy 8 éves leánykát és Pált), miután a menye is meghalt. (1739. ápr. 26). Gyógyító tudománya híres volt, sokszor gyógyította a rászorulókat. Férje emlékére kinyomatta annak halotti prédikációit (Verestói György: Halotti oratio gr. Teleki Pál felett, Kv., 1731), amelyet Deáki József, kv.-i ref. lelkész tartott. A grófnő halála után egy évvel pedig id. gr. Teleki Ádám, a gr.-nő idősebbik fia, kinyomatta az anyja temetésén elhangzott prédikációt Halotti tanítások vajai Vay Kata asszony Teleki Pál özvegye felett c.-mel (1769). Ifj.Teleki Pál, a kisebbik fiú, pedig anyja halála után kinyomatta annak temetésén Tordai Sámuel kendilónai ref. lelkész – aki tanulmányait az elhunyt segítségével végezte – prédikációját: Halotti tanítások vajai Vay Kata asszony, Teleki Pál özvegye, felett c.-en (Kv., 1769). Beszédet tartott Bodoki József kv.-i ref. lelkész is, a kollégium filológiaprofesszora, a család korábbi pártfogoltja is, Vajai vaji Kata Emlékezete c.-mel: Igazságnak utaiban találtatott vénségnek, igen szép, ékes koronája, néhai gróf vajai Vaji Kata asszony végső tisztességére, Kv., 1769. <br /><strong>– Irod.:</strong> Biró Vencel; Egyed Emese: „Szépmesterségivel sokakot tanított” Egy erdélyi tudós nagyasszony: Vajai Vay Kata = Könyvek által; Kelemen Lajos 2006.</br></p>

<p>? 1684. dec. 26. † Kendilóna, 1768. nov. 1.: nemesasszony. – Szülei: Vay Ádám és Zay Anna. Férje: T. Pál, Teleki Mihály és Veér Judit fia. Gyermekei: Teleki Ádám (1703–) és Éva (1704–). A maga korában híres volt jótéteményeiről, adakozásairól: sok templomnak saját maga varrt terítőket, másokat saját pénzén vett meg, pénzadományokkal segítette a lelkészeket, parókiákat [&hellip;]</p>
