{"id":24343,"date":"2025-08-01T18:03:55","date_gmt":"2025-08-01T16:03:55","guid":{"rendered":"https:\/\/uj.adatbank.ro\/lexikon\/termek\/vay-kata-vajai-es-luskodi-toldalagi-zsigmondne\/"},"modified":"2025-08-01T18:03:55","modified_gmt":"2025-08-01T16:03:55","slug":"vay-kata-vajai-es-luskodi-toldalagi-zsigmondne","status":"publish","type":"product","link":"https:\/\/uj.adatbank.ro\/lexikon\/termek\/vay-kata-vajai-es-luskodi-toldalagi-zsigmondne\/","title":{"rendered":"VAY Kata, vajai \u00e9s luskodi; Toldalagi Zsigmondn\u00e9"},"content":{"rendered":"<p>Vaja (Szabolcs), 1781. m\u00e1rc. 8., \u2020 Mv. 1831. j\u00fal. 27., temetve Nagyercs\u00e9n, 1831. j\u00fal. 29.: V. \u00c1d\u00e1m \u00e1s Teleki Eszter le\u00e1nya. \u2013 F\u00e9rjhez ment Toldalagi Zsigmondhoz cs. kir. kamar\u00e1s, f\u0151isp\u00e1n, a marossz\u00e9ki egyh\u00e1zker. f\u0151fel\u00fcgyel\u0151je, a mv.-i Ref. Koll. f\u0151kur\u00e1tor\u00e1hoz. (Kv., 1798. aug. 6). <br \/><strong>\u2013 Irod.:<\/strong> Antal J\u00e1nos: Halotti besz\u00e9d&#8230; (Mv., 1831), Gy\u00e1szjelent\u0151; Sz\u00e1sz Istv\u00e1n: Anyai int\u00e9sek &#8230; (Mv., 1831); W\u00e1lyi P\u00e1l: Halotti k\u00f6ny\u00f6rg\u00e9s&#8230; (Mv., 1831).<\/br><\/p>\n","protected":false},"excerpt":{"rendered":"<p>Vaja (Szabolcs), 1781. m\u00e1rc. 8., \u2020 Mv. 1831. j\u00fal. 27., temetve Nagyercs\u00e9n, 1831. j\u00fal. 29.: V. \u00c1d\u00e1m \u00e1s Teleki Eszter le\u00e1nya. \u2013 F\u00e9rjhez ment Toldalagi Zsigmondhoz cs. kir. kamar\u00e1s, f\u0151isp\u00e1n, a marossz\u00e9ki egyh\u00e1zker. f\u0151fel\u00fcgyel\u0151je, a mv.-i Ref. Koll. f\u0151kur\u00e1tor\u00e1hoz. (Kv., 1798. aug. 6). \u2013 Irod.: Antal J\u00e1nos: Halotti besz\u00e9d&#8230; (Mv., 1831), Gy\u00e1szjelent\u0151; Sz\u00e1sz Istv\u00e1n: Anyai [&hellip;]<\/p>\n","protected":false},"featured_media":0,"comment_status":"open","ping_status":"closed","template":"","meta":[],"product_brand":[],"product_cat":[137],"product_tag":[],"class_list":{"0":"post-24343","1":"product","2":"type-product","3":"status-publish","5":"product_cat-maros-megyei-eletrajzi-lexikon","7":"first","8":"instock","9":"shipping-taxable","10":"product-type-simple"},"_links":{"self":[{"href":"https:\/\/uj.adatbank.ro\/lexikon\/wp-json\/wp\/v2\/product\/24343","targetHints":{"allow":["GET"]}}],"collection":[{"href":"https:\/\/uj.adatbank.ro\/lexikon\/wp-json\/wp\/v2\/product"}],"about":[{"href":"https:\/\/uj.adatbank.ro\/lexikon\/wp-json\/wp\/v2\/types\/product"}],"replies":[{"embeddable":true,"href":"https:\/\/uj.adatbank.ro\/lexikon\/wp-json\/wp\/v2\/comments?post=24343"}],"wp:attachment":[{"href":"https:\/\/uj.adatbank.ro\/lexikon\/wp-json\/wp\/v2\/media?parent=24343"}],"wp:term":[{"taxonomy":"product_brand","embeddable":true,"href":"https:\/\/uj.adatbank.ro\/lexikon\/wp-json\/wp\/v2\/product_brand?post=24343"},{"taxonomy":"product_cat","embeddable":true,"href":"https:\/\/uj.adatbank.ro\/lexikon\/wp-json\/wp\/v2\/product_cat?post=24343"},{"taxonomy":"product_tag","embeddable":true,"href":"https:\/\/uj.adatbank.ro\/lexikon\/wp-json\/wp\/v2\/product_tag?post=24343"}],"curies":[{"name":"wp","href":"https:\/\/api.w.org\/{rel}","templated":true}]}}