{"id":24345,"date":"2025-08-01T18:03:58","date_gmt":"2025-08-01T16:03:58","guid":{"rendered":"https:\/\/uj.adatbank.ro\/lexikon\/termek\/vay-olga-vajai-es-luskodi-gr-somssich-tihamerne\/"},"modified":"2025-08-01T18:03:58","modified_gmt":"2025-08-01T16:03:58","slug":"vay-olga-vajai-es-luskodi-gr-somssich-tihamerne","status":"publish","type":"product","link":"https:\/\/uj.adatbank.ro\/lexikon\/termek\/vay-olga-vajai-es-luskodi-gr-somssich-tihamerne\/","title":{"rendered":"VAY Olga, vajai \u00e9s luskodi gr.; Somssich Tiham\u00e9rn\u00e9"},"content":{"rendered":"<p>Kiskend (Maros), 1879. dec. 18., \u2020\u00a0Mv., 1948. m\u00e1rc. 27.: f\u00f6ldbirtokos. \u2013 F\u00e9rjhez ment (Bp. 1901 szept. 16.) s\u00e1rdi gr. Somssich Tiham\u00e9r Hont vm. f\u0151isp\u00e1nja, ogy.-i k\u00e9pvisel\u0151, husz\u00e1rkapit\u00e1nyhoz. Gyermekei: M\u00e1ria \u2013 b\u00e1r\u00f3 Schell Istv\u00e1nn\u00e9 \u2013 \u00e9s Gabriella \u2013 b\u00e1r\u00f3 Daniel Ferencn\u00e9. \u2013 F\u00e9rj\u00e9vel Kiskenden volt f\u00f6ldbirtokuk. F\u00f6ldbirtokos a r\u00e9gi Kisk\u00fck\u00fcll\u0151 vm.-ben. Kast\u00e9lya Kiskenden volt \u00e9s ott is laktak. Kiskenden volt f\u00f6ldbirtokuk \u00e9s m\u00e9g t\u00f6bb faluban \u00f3ri\u00e1si f\u00f6ldter\u00fcletekkel rendelkezett: Egrest\u0151, Nagykend, Balav\u00e1s\u00e1r, K\u00f3r\u00f3dszentm\u00e1rton, K\u00f3r\u00f3d, Solymos \u00e9s m\u00e1s falvakban. A f\u00f6ldoszt\u00e1skor (1921) jelent\u0151s sz\u00e1m\u00fa f\u00f6ldbirtok\u00e1t saj\u00e1t\u00edtott\u00e1k ki, \u00e9s osztott\u00e1k sz\u00e9t a nincstelen parasztoknak, a falvak k\u00f6zbirtok\u00e1ba: iskol\u00e1k, utak, g. kat. \u00e9s ort. templomok, stb. \u00e9p\u00edt\u00e9s\u00e9re (1921\u201324). <br \/><strong>\u2013 Irod.:<\/strong> Gudenus; Prozan; Sz\u00e9kelyf\u00f6ld \u00ed. k.<\/br><\/p>\n","protected":false},"excerpt":{"rendered":"<p>Kiskend (Maros), 1879. dec. 18., \u2020\u00a0Mv., 1948. m\u00e1rc. 27.: f\u00f6ldbirtokos. \u2013 F\u00e9rjhez ment (Bp. 1901 szept. 16.) s\u00e1rdi gr. Somssich Tiham\u00e9r Hont vm. f\u0151isp\u00e1nja, ogy.-i k\u00e9pvisel\u0151, husz\u00e1rkapit\u00e1nyhoz. Gyermekei: M\u00e1ria \u2013 b\u00e1r\u00f3 Schell Istv\u00e1nn\u00e9 \u2013 \u00e9s Gabriella \u2013 b\u00e1r\u00f3 Daniel Ferencn\u00e9. \u2013 F\u00e9rj\u00e9vel Kiskenden volt f\u00f6ldbirtokuk. F\u00f6ldbirtokos a r\u00e9gi Kisk\u00fck\u00fcll\u0151 vm.-ben. Kast\u00e9lya Kiskenden volt \u00e9s ott [&hellip;]<\/p>\n","protected":false},"featured_media":0,"comment_status":"open","ping_status":"closed","template":"","meta":[],"product_brand":[],"product_cat":[137],"product_tag":[],"class_list":{"0":"post-24345","1":"product","2":"type-product","3":"status-publish","5":"product_cat-maros-megyei-eletrajzi-lexikon","7":"first","8":"instock","9":"shipping-taxable","10":"product-type-simple"},"_links":{"self":[{"href":"https:\/\/uj.adatbank.ro\/lexikon\/wp-json\/wp\/v2\/product\/24345","targetHints":{"allow":["GET"]}}],"collection":[{"href":"https:\/\/uj.adatbank.ro\/lexikon\/wp-json\/wp\/v2\/product"}],"about":[{"href":"https:\/\/uj.adatbank.ro\/lexikon\/wp-json\/wp\/v2\/types\/product"}],"replies":[{"embeddable":true,"href":"https:\/\/uj.adatbank.ro\/lexikon\/wp-json\/wp\/v2\/comments?post=24345"}],"wp:attachment":[{"href":"https:\/\/uj.adatbank.ro\/lexikon\/wp-json\/wp\/v2\/media?parent=24345"}],"wp:term":[{"taxonomy":"product_brand","embeddable":true,"href":"https:\/\/uj.adatbank.ro\/lexikon\/wp-json\/wp\/v2\/product_brand?post=24345"},{"taxonomy":"product_cat","embeddable":true,"href":"https:\/\/uj.adatbank.ro\/lexikon\/wp-json\/wp\/v2\/product_cat?post=24345"},{"taxonomy":"product_tag","embeddable":true,"href":"https:\/\/uj.adatbank.ro\/lexikon\/wp-json\/wp\/v2\/product_tag?post=24345"}],"curies":[{"name":"wp","href":"https:\/\/api.w.org\/{rel}","templated":true}]}}

VAY Olga, vajai és luskodi gr.; Somssich Tihamérné

<p>Kiskend (Maros), 1879. dec. 18., † Mv., 1948. márc. 27.: földbirtokos. – Férjhez ment (Bp. 1901 szept. 16.) sárdi gr. Somssich Tihamér Hont vm. főispánja, ogy.-i képviselő, huszárkapitányhoz. Gyermekei: Mária – báró Schell Istvánné – és Gabriella – báró Daniel Ferencné. – Férjével Kiskenden volt földbirtokuk. Földbirtokos a régi Kisküküllő vm.-ben. Kastélya Kiskenden volt és ott is laktak. Kiskenden volt földbirtokuk és még több faluban óriási földterületekkel rendelkezett: Egrestő, Nagykend, Balavásár, Kóródszentmárton, Kóród, Solymos és más falvakban. A földosztáskor (1921) jelentős számú földbirtokát sajátították ki, és osztották szét a nincstelen parasztoknak, a falvak közbirtokába: iskolák, utak, g. kat. és ort. templomok, stb. építésére (1921–24). <br /><strong>– Irod.:</strong> Gudenus; Prozan; Székelyföld í. k.</br></p>

<p>Kiskend (Maros), 1879. dec. 18., † Mv., 1948. márc. 27.: földbirtokos. – Férjhez ment (Bp. 1901 szept. 16.) sárdi gr. Somssich Tihamér Hont vm. főispánja, ogy.-i képviselő, huszárkapitányhoz. Gyermekei: Mária – báró Schell Istvánné – és Gabriella – báró Daniel Ferencné. – Férjével Kiskenden volt földbirtokuk. Földbirtokos a régi Kisküküllő vm.-ben. Kastélya Kiskenden volt és ott [&hellip;]</p>
