{"id":24351,"date":"2025-08-01T18:04:11","date_gmt":"2025-08-01T16:04:11","guid":{"rendered":"https:\/\/uj.adatbank.ro\/lexikon\/termek\/vecsei-karoly-carol\/"},"modified":"2025-08-01T18:04:11","modified_gmt":"2025-08-01T16:04:11","slug":"vecsei-karoly-carol","status":"publish","type":"product","link":"https:\/\/uj.adatbank.ro\/lexikon\/termek\/vecsei-karoly-carol\/","title":{"rendered":"V\u00c9CSEI K\u00e1roly, Carol"},"content":{"rendered":"<p>Marosludas, 1923. m\u00e1rc. 23., \u2020 Mv., 2002. aug. 19.: t\u00f6rt\u00e9n\u00e9sz, tud. kutat\u00f3. \u2013 Az egyetemet Buk.-ban v\u00e9gezte (1957). Kereskedelmi alkalmazott (1938\u201346); a MAT p\u00e1rtbizotts\u00e1ga tudom\u00e1nyos \u00e9s m\u0171vel\u0151d\u00e9si oszt\u00e1ly\u00e1nak vezet\u0151je (1955 k.); RMP titk\u00e1ra (1956\u201359); Buk.-ben a nemzetis\u00e9gi k\u00e9rd\u00e9s tanulm\u00e1nyoz\u00e1s\u00e1ra tan\u00e1csad\u00f3 szervet hoztak l\u00e9tre Nemzetis\u00e9gi Bizotts\u00e1g n\u00e9ven, ennek vezet\u0151 ir\u00e1ny\u00edt\u00f3ja (1956. jan. \u2013 1959), a MOGYI T\u00e1rsadalomtudom\u00e1nyi Int\u00e9zet\u00e9nek docense, egy. tan\u00e1r, tansz\u00e9kvezet\u0151 (1949\u201351; 1959\u201367), az Akad\u00e9mia T\u00e1rsadalomkutat\u00e1si K\u00f6zpont tudom\u00e1nyos munkat\u00e1rsa (1972\u201388). \u2013  <strong>F. m..:<\/strong> Aspecte ale dezvolt\u0103rii con\u015ftiin\u0163ei politice a studen\u0163ilor (Buc., 1969);  <strong>t\u00e1rssz.:<\/strong> A vall\u00e1serk\u00f6lcs antihum\u00e1nus jellege. (Kov\u00e1cs D\u00e1niellel \u00e9s Sorban Antallal, Buk., 1962); Antiumanismul moralei religioase (Sorban Antallal, Kov\u00e1cs D\u00e1niellel; Tg. M., 1962); Der Antihumanismus der religi\u00f6sen Moral. (Buk., 1963), V\u00e1ltoz\u00f3 vil\u00e1g \u2013 1984 (Buk., 1984);  <strong> szerk.:<\/strong> Vall\u00e1sos \u00fcnnepek, szok\u00e1sok, szertart\u00e1sok Bl\u00e9nesi Ern\u0151vel (1959). <br \/><strong>\u2013 Irod.:<\/strong> Bartos 2012; Bottoni 2006; Bottoni 2008; Facultatea de Farmacie; R\u00e9thy\u2013\u00dajv\u00e1ri\u2013V\u00e1czi; RMKK; Todea 2013.<\/br><\/p>\n","protected":false},"excerpt":{"rendered":"<p>Marosludas, 1923. m\u00e1rc. 23., \u2020 Mv., 2002. aug. 19.: t\u00f6rt\u00e9n\u00e9sz, tud. kutat\u00f3. \u2013 Az egyetemet Buk.-ban v\u00e9gezte (1957). Kereskedelmi alkalmazott (1938\u201346); a MAT p\u00e1rtbizotts\u00e1ga tudom\u00e1nyos \u00e9s m\u0171vel\u0151d\u00e9si oszt\u00e1ly\u00e1nak vezet\u0151je (1955 k.); RMP titk\u00e1ra (1956\u201359); Buk.-ben a nemzetis\u00e9gi k\u00e9rd\u00e9s tanulm\u00e1nyoz\u00e1s\u00e1ra tan\u00e1csad\u00f3 szervet hoztak l\u00e9tre Nemzetis\u00e9gi Bizotts\u00e1g n\u00e9ven, ennek vezet\u0151 ir\u00e1ny\u00edt\u00f3ja (1956. jan. \u2013 1959), a MOGYI [&hellip;]<\/p>\n","protected":false},"featured_media":0,"comment_status":"open","ping_status":"closed","template":"","meta":[],"product_brand":[],"product_cat":[137],"product_tag":[],"class_list":{"0":"post-24351","1":"product","2":"type-product","3":"status-publish","5":"product_cat-maros-megyei-eletrajzi-lexikon","7":"first","8":"instock","9":"shipping-taxable","10":"product-type-simple"},"_links":{"self":[{"href":"https:\/\/uj.adatbank.ro\/lexikon\/wp-json\/wp\/v2\/product\/24351","targetHints":{"allow":["GET"]}}],"collection":[{"href":"https:\/\/uj.adatbank.ro\/lexikon\/wp-json\/wp\/v2\/product"}],"about":[{"href":"https:\/\/uj.adatbank.ro\/lexikon\/wp-json\/wp\/v2\/types\/product"}],"replies":[{"embeddable":true,"href":"https:\/\/uj.adatbank.ro\/lexikon\/wp-json\/wp\/v2\/comments?post=24351"}],"wp:attachment":[{"href":"https:\/\/uj.adatbank.ro\/lexikon\/wp-json\/wp\/v2\/media?parent=24351"}],"wp:term":[{"taxonomy":"product_brand","embeddable":true,"href":"https:\/\/uj.adatbank.ro\/lexikon\/wp-json\/wp\/v2\/product_brand?post=24351"},{"taxonomy":"product_cat","embeddable":true,"href":"https:\/\/uj.adatbank.ro\/lexikon\/wp-json\/wp\/v2\/product_cat?post=24351"},{"taxonomy":"product_tag","embeddable":true,"href":"https:\/\/uj.adatbank.ro\/lexikon\/wp-json\/wp\/v2\/product_tag?post=24351"}],"curies":[{"name":"wp","href":"https:\/\/api.w.org\/{rel}","templated":true}]}}

VÉCSEI Károly, Carol

<p>Marosludas, 1923. márc. 23., † Mv., 2002. aug. 19.: történész, tud. kutató. – Az egyetemet Buk.-ban végezte (1957). Kereskedelmi alkalmazott (1938–46); a MAT pártbizottsága tudományos és művelődési osztályának vezetője (1955 k.); RMP titkára (1956–59); Buk.-ben a nemzetiségi kérdés tanulmányozására tanácsadó szervet hoztak létre Nemzetiségi Bizottság néven, ennek vezető irányítója (1956. jan. – 1959), a MOGYI Társadalomtudományi Intézetének docense, egy. tanár, tanszékvezető (1949–51; 1959–67), az Akadémia Társadalomkutatási Központ tudományos munkatársa (1972–88). –  <strong>F. m..:</strong> Aspecte ale dezvoltării conştiinţei politice a studenţilor (Buc., 1969);  <strong>társsz.:</strong> A valláserkölcs antihumánus jellege. (Kovács Dániellel és Sorban Antallal, Buk., 1962); Antiumanismul moralei religioase (Sorban Antallal, Kovács Dániellel; Tg. M., 1962); Der Antihumanismus der religiösen Moral. (Buk., 1963), Változó világ – 1984 (Buk., 1984);  <strong> szerk.:</strong> Vallásos ünnepek, szokások, szertartások Blénesi Ernővel (1959). <br /><strong>– Irod.:</strong> Bartos 2012; Bottoni 2006; Bottoni 2008; Facultatea de Farmacie; Réthy–Újvári–Váczi; RMKK; Todea 2013.</br></p>

<p>Marosludas, 1923. márc. 23., † Mv., 2002. aug. 19.: történész, tud. kutató. – Az egyetemet Buk.-ban végezte (1957). Kereskedelmi alkalmazott (1938–46); a MAT pártbizottsága tudományos és művelődési osztályának vezetője (1955 k.); RMP titkára (1956–59); Buk.-ben a nemzetiségi kérdés tanulmányozására tanácsadó szervet hoztak létre Nemzetiségi Bizottság néven, ennek vezető irányítója (1956. jan. – 1959), a MOGYI [&hellip;]</p>
