{"id":24352,"date":"2025-08-01T18:04:13","date_gmt":"2025-08-01T16:04:13","guid":{"rendered":"https:\/\/uj.adatbank.ro\/lexikon\/termek\/vecserdi-andras\/"},"modified":"2025-08-01T18:04:13","modified_gmt":"2025-08-01T16:04:13","slug":"vecserdi-andras","status":"publish","type":"product","link":"https:\/\/uj.adatbank.ro\/lexikon\/termek\/vecserdi-andras\/","title":{"rendered":"VECSERDI Andr\u00e1s"},"content":{"rendered":"<p>Maross\u00e1rpatak, 1902., \u2020\u00a0?: gazd\u00e1lkod\u00f3. \u2013 Iskol\u00e1i elv\u00e9gz\u00e9se ut\u00e1n apj\u00e1t\u00f3l tanult gazd\u00e1lkodni, \u00f6n\u00e1ll\u00f3 gazda lett (1928). A Tejsz\u00f6vetkezet \u00fcgyv. igazgat\u00f3ja, a MP \u00e9s a Sz\u00f6vetkezetek munk\u00e1j\u00e1nak t\u00e1mogat\u00f3ja volt. Tartal\u00e9kosk\u00e9nt kapott beh\u00edv\u00f3t \u00e9s vett r\u00e9szt a II. vh.-ban. A fronton napl\u00f3t \u00edrt, amit unok\u00e1ja Sz\u00e9kely K\u00e1roly \u0151rz\u00f6tt meg. <br \/><strong>\u2013 Irod.:<\/strong> Berekm\u00e9ri\u2013G\u00e1lfi; Sz\u00e9kelyf\u00f6ld \u00ed. k.<\/br><\/p>\n","protected":false},"excerpt":{"rendered":"<p>Maross\u00e1rpatak, 1902., \u2020\u00a0?: gazd\u00e1lkod\u00f3. \u2013 Iskol\u00e1i elv\u00e9gz\u00e9se ut\u00e1n apj\u00e1t\u00f3l tanult gazd\u00e1lkodni, \u00f6n\u00e1ll\u00f3 gazda lett (1928). A Tejsz\u00f6vetkezet \u00fcgyv. igazgat\u00f3ja, a MP \u00e9s a Sz\u00f6vetkezetek munk\u00e1j\u00e1nak t\u00e1mogat\u00f3ja volt. Tartal\u00e9kosk\u00e9nt kapott beh\u00edv\u00f3t \u00e9s vett r\u00e9szt a II. vh.-ban. A fronton napl\u00f3t \u00edrt, amit unok\u00e1ja Sz\u00e9kely K\u00e1roly \u0151rz\u00f6tt meg. \u2013 Irod.: Berekm\u00e9ri\u2013G\u00e1lfi; Sz\u00e9kelyf\u00f6ld \u00ed. k.<\/p>\n","protected":false},"featured_media":0,"comment_status":"open","ping_status":"closed","template":"","meta":[],"product_brand":[],"product_cat":[137],"product_tag":[],"class_list":{"0":"post-24352","1":"product","2":"type-product","3":"status-publish","5":"product_cat-maros-megyei-eletrajzi-lexikon","7":"first","8":"instock","9":"shipping-taxable","10":"product-type-simple"},"_links":{"self":[{"href":"https:\/\/uj.adatbank.ro\/lexikon\/wp-json\/wp\/v2\/product\/24352","targetHints":{"allow":["GET"]}}],"collection":[{"href":"https:\/\/uj.adatbank.ro\/lexikon\/wp-json\/wp\/v2\/product"}],"about":[{"href":"https:\/\/uj.adatbank.ro\/lexikon\/wp-json\/wp\/v2\/types\/product"}],"replies":[{"embeddable":true,"href":"https:\/\/uj.adatbank.ro\/lexikon\/wp-json\/wp\/v2\/comments?post=24352"}],"wp:attachment":[{"href":"https:\/\/uj.adatbank.ro\/lexikon\/wp-json\/wp\/v2\/media?parent=24352"}],"wp:term":[{"taxonomy":"product_brand","embeddable":true,"href":"https:\/\/uj.adatbank.ro\/lexikon\/wp-json\/wp\/v2\/product_brand?post=24352"},{"taxonomy":"product_cat","embeddable":true,"href":"https:\/\/uj.adatbank.ro\/lexikon\/wp-json\/wp\/v2\/product_cat?post=24352"},{"taxonomy":"product_tag","embeddable":true,"href":"https:\/\/uj.adatbank.ro\/lexikon\/wp-json\/wp\/v2\/product_tag?post=24352"}],"curies":[{"name":"wp","href":"https:\/\/api.w.org\/{rel}","templated":true}]}}

VECSERDI András

<p>Marossárpatak, 1902., † ?: gazdálkodó. – Iskolái elvégzése után apjától tanult gazdálkodni, önálló gazda lett (1928). A Tejszövetkezet ügyv. igazgatója, a MP és a Szövetkezetek munkájának támogatója volt. Tartalékosként kapott behívót és vett részt a II. vh.-ban. A fronton naplót írt, amit unokája Székely Károly őrzött meg. <br /><strong>– Irod.:</strong> Berekméri–Gálfi; Székelyföld í. k.</br></p>

<p>Marossárpatak, 1902., † ?: gazdálkodó. – Iskolái elvégzése után apjától tanult gazdálkodni, önálló gazda lett (1928). A Tejszövetkezet ügyv. igazgatója, a MP és a Szövetkezetek munkájának támogatója volt. Tartalékosként kapott behívót és vett részt a II. vh.-ban. A fronton naplót írt, amit unokája Székely Károly őrzött meg. – Irod.: Berekméri–Gálfi; Székelyföld í. k.</p>
