{"id":24356,"date":"2025-08-01T18:04:22","date_gmt":"2025-08-01T16:04:22","guid":{"rendered":"https:\/\/uj.adatbank.ro\/lexikon\/termek\/veegh-sandor-%c2%a7-veegh-alexandru\/"},"modified":"2025-08-01T18:04:22","modified_gmt":"2025-08-01T16:04:22","slug":"veegh-sandor-%c2%a7-veegh-alexandru","status":"publish","type":"product","link":"https:\/\/uj.adatbank.ro\/lexikon\/termek\/veegh-sandor-%c2%a7-veegh-alexandru\/","title":{"rendered":"VE\u00c9GH S\u00e1ndor, \u00a7 Ve\u00e9gh Alexandru"},"content":{"rendered":"<p>Aranymez\u0151 (Szil\u00e1gy), 1906. j\u00fan. 28., \u2020 Mv. 1977. m\u00e1rc. 17.: tan\u00e1r, irodalomt\u00f6rt\u00e9n\u00e9sz. \u2013 V. S\u00e1ndor \u00e1llom\u00e1sf\u0151n\u00f6k \u00e9s G\u00e1l Vikt\u00f3ria fia. Feles\u00e9ge: J\u00e1nky M\u00e1ria (1942\u2013), matematikatan\u00e1rn\u0151 (1912 \u20131996). Fiuk: V. S\u00e1ndor K\u00e1lm\u00e1n (1943. jan. 30. \u2013). \u2013 Apj\u00e1t \u00e1thelyezt\u00e9k a Szatm\u00e1r megyei Feh\u00e9rsz\u00e9k-Fersig \u00e1llom\u00e1sra, a szomsz\u00e9dos Prib\u00e9kfalv\u00e1n v\u00e9gezte az elemi iskol\u00e1t (1912\u201316). K\u00f6z\u00e9piskolai tanulm\u00e1nyait Nagyb\u00e1ny\u00e1n az \u00e1llami m. f\u0151gimn.-ban (1916\u201318) \u00e9s Cs\u00edkszered\u00e1ban a R. K. F\u0151gimn.-ban folytatta, itt is \u00e9retts\u00e9gizett (1924). A kv.-i I. Ferdin\u00e1nd Egyetem b\u00f6lcs\u00e9sz kar\u00e1n v\u00e9gzett, rom\u00e1n\u2013francia szakon (1930), katona Zilahon (1930\u201331), b\u00f6lcs\u00e9szdoktori vizsg\u00e1t tett (1934). Rom\u00e1n \u00e9s francia nyelvet tan\u00edtott helyettes tan\u00e1rk\u00e9nt Cs\u00edkszered\u00e1ban a R.K. Gimn.-ban (1928. szept. 1. \u2013 1935), a gyulafeh\u00e9rv\u00e1ri egyh\u00e1zi hat\u00f3s\u00e1g Mv.-re nevezte ki a R. K. Gimn.-ba (1935. szept. 1. \u2013 1940). A II. vh. katon\u00e1skod\u00e1s ut\u00e1n hazat\u00e9rve a mv.-i Kereskedelmi K\u00f6z\u00e9piskol\u00e1ban (1940. nov. 1. \u2013 1948), a 2. sz. Fi\u00fal\u00edc.-ban (1948. szept. 1. \u2013 1949) \u00e9s a MOGYI-n katedravezet\u0151 tan\u00e1rk\u00e9nt rom\u00e1n nyelvet \u00e9s irodalmat tan\u00edtott (1949. szept. 1. \u2013 1952. m\u00e1j. 15.). A mv.-i 4. sz. iskol\u00e1ban tan\u00edtott (1952. szept. 15. \u2013 1955.), majd nyugd\u00edjaz\u00e1s\u00e1ig a 7-es sz. iskola tan\u00e1ra (1955. szept. 1. \u2013 1960. szept. 1.). Nyugd\u00edjba vonul\u00e1sa ut\u00e1n kiseg\u00edtett f\u00e9lnorm\u00e1ban a Tartom\u00e1nyi K\u00f6nyvt\u00e1rban (1962. febr. 1. \u2013 dec. 31.), megszak\u00edt\u00e1sokkal tan\u00edtott Ny\u00e1r\u00e1dszered\u00e1ban a L\u00edc.-ban (1965\u201366; 1967\u201368; 1969\u201370), Szov\u00e1t\u00e1n a L\u00edc.-ban (1968\u201369). A rom\u00e1n\u2013m. irodalmi \u00e9s nyelvi k\u00f6lcs\u00f6nhat\u00e1sokat kutatta. Kazinczy Ferenc leveleinek a rom\u00e1n n\u00e9p\u00e9lettel kapcsolatos megfigyel\u00e9seit elemezte (Hitel, 1942, 5. sz.). Irodalomt\u00f6rt\u00e9n\u00e9sz-bibliogr\u00e1fusk\u00e9nt els\u0151nek vette sz\u00e1mba Pet\u0151fi k\u00f6ltem\u00e9nyeinek rom\u00e1n ford\u00edt\u00f3it \u00e9s ford\u00edt\u00e1sait. Ford\u00edtott Sadoveanu novell\u00e1ib\u00f3l. K\u00f6z\u00f6lt az Erd\u00e9lyi Lapokban, a Hitelben k\u00e9s\u0151bb az Utunkban, a Korunkban \u00e9s a V. Z.-ban. \u2013  <strong>F. m..:<\/strong> Pet\u0151fi a rom\u00e1nokn\u00e1l (Miercurea-Ciuc, 1934). <strong>gy\u0171jtem\u00e9nyes k\u00f6t.:<\/strong> Magyar irodalomt\u00f6rt\u00e9net, 1939: Eml\u00e9kk\u00f6nyv Krist\u00f3f Gy\u00f6rgy hatvanadik sz\u00fclet\u00e9snapj\u00e1ra (Kv., 1939). <br \/><strong>\u2013 Irod.:<\/strong> csal\u00e1di inf.; Derzsi; Facultatea de Farmacie; F\u00fcl\u00f6p\u2013Ferencz; H\u00e1bor\u00fas nevel\u00e9s (Mv., 1943); Oroszhegyi J\u00f3zsa: Rom\u00e1n \u00e9let (Kv., 1942); P\u00e1l-Antal 2013; Pomog\u00e1ts 1.; R. k. okt.\u20131; R. k. okt.\u20132; RMIL; Standavid\u2013Tam\u00e1si -\u2013 Irod.: Kiss\u2013P\u00e9terffy\u2013P\u00e9terffy.<\/br><\/p>\n","protected":false},"excerpt":{"rendered":"<p>Aranymez\u0151 (Szil\u00e1gy), 1906. j\u00fan. 28., \u2020 Mv. 1977. m\u00e1rc. 17.: tan\u00e1r, irodalomt\u00f6rt\u00e9n\u00e9sz. \u2013 V. S\u00e1ndor \u00e1llom\u00e1sf\u0151n\u00f6k \u00e9s G\u00e1l Vikt\u00f3ria fia. Feles\u00e9ge: J\u00e1nky M\u00e1ria (1942\u2013), matematikatan\u00e1rn\u0151 (1912 \u20131996). Fiuk: V. S\u00e1ndor K\u00e1lm\u00e1n (1943. jan. 30. \u2013). \u2013 Apj\u00e1t \u00e1thelyezt\u00e9k a Szatm\u00e1r megyei Feh\u00e9rsz\u00e9k-Fersig \u00e1llom\u00e1sra, a szomsz\u00e9dos Prib\u00e9kfalv\u00e1n v\u00e9gezte az elemi iskol\u00e1t (1912\u201316). K\u00f6z\u00e9piskolai tanulm\u00e1nyait Nagyb\u00e1ny\u00e1n az [&hellip;]<\/p>\n","protected":false},"featured_media":0,"comment_status":"open","ping_status":"closed","template":"","meta":[],"product_brand":[],"product_cat":[137],"product_tag":[],"class_list":{"0":"post-24356","1":"product","2":"type-product","3":"status-publish","5":"product_cat-maros-megyei-eletrajzi-lexikon","7":"first","8":"instock","9":"shipping-taxable","10":"product-type-simple"},"_links":{"self":[{"href":"https:\/\/uj.adatbank.ro\/lexikon\/wp-json\/wp\/v2\/product\/24356","targetHints":{"allow":["GET"]}}],"collection":[{"href":"https:\/\/uj.adatbank.ro\/lexikon\/wp-json\/wp\/v2\/product"}],"about":[{"href":"https:\/\/uj.adatbank.ro\/lexikon\/wp-json\/wp\/v2\/types\/product"}],"replies":[{"embeddable":true,"href":"https:\/\/uj.adatbank.ro\/lexikon\/wp-json\/wp\/v2\/comments?post=24356"}],"wp:attachment":[{"href":"https:\/\/uj.adatbank.ro\/lexikon\/wp-json\/wp\/v2\/media?parent=24356"}],"wp:term":[{"taxonomy":"product_brand","embeddable":true,"href":"https:\/\/uj.adatbank.ro\/lexikon\/wp-json\/wp\/v2\/product_brand?post=24356"},{"taxonomy":"product_cat","embeddable":true,"href":"https:\/\/uj.adatbank.ro\/lexikon\/wp-json\/wp\/v2\/product_cat?post=24356"},{"taxonomy":"product_tag","embeddable":true,"href":"https:\/\/uj.adatbank.ro\/lexikon\/wp-json\/wp\/v2\/product_tag?post=24356"}],"curies":[{"name":"wp","href":"https:\/\/api.w.org\/{rel}","templated":true}]}}

VEÉGH Sándor, § Veégh Alexandru

<p>Aranymező (Szilágy), 1906. jún. 28., † Mv. 1977. márc. 17.: tanár, irodalomtörténész. – V. Sándor állomásfőnök és Gál Viktória fia. Felesége: Jánky Mária (1942–), matematikatanárnő (1912 –1996). Fiuk: V. Sándor Kálmán (1943. jan. 30. –). – Apját áthelyezték a Szatmár megyei Fehérszék-Fersig állomásra, a szomszédos Pribékfalván végezte az elemi iskolát (1912–16). Középiskolai tanulmányait Nagybányán az állami m. főgimn.-ban (1916–18) és Csíkszeredában a R. K. Főgimn.-ban folytatta, itt is érettségizett (1924). A kv.-i I. Ferdinánd Egyetem bölcsész karán végzett, román–francia szakon (1930), katona Zilahon (1930–31), bölcsészdoktori vizsgát tett (1934). Román és francia nyelvet tanított helyettes tanárként Csíkszeredában a R.K. Gimn.-ban (1928. szept. 1. – 1935), a gyulafehérvári egyházi hatóság Mv.-re nevezte ki a R. K. Gimn.-ba (1935. szept. 1. – 1940). A II. vh. katonáskodás után hazatérve a mv.-i Kereskedelmi Középiskolában (1940. nov. 1. – 1948), a 2. sz. Fiúlíc.-ban (1948. szept. 1. – 1949) és a MOGYI-n katedravezető tanárként román nyelvet és irodalmat tanított (1949. szept. 1. – 1952. máj. 15.). A mv.-i 4. sz. iskolában tanított (1952. szept. 15. – 1955.), majd nyugdíjazásáig a 7-es sz. iskola tanára (1955. szept. 1. – 1960. szept. 1.). Nyugdíjba vonulása után kisegített félnormában a Tartományi Könyvtárban (1962. febr. 1. – dec. 31.), megszakításokkal tanított Nyárádszeredában a Líc.-ban (1965–66; 1967–68; 1969–70), Szovátán a Líc.-ban (1968–69). A román–m. irodalmi és nyelvi kölcsönhatásokat kutatta. Kazinczy Ferenc leveleinek a román népélettel kapcsolatos megfigyeléseit elemezte (Hitel, 1942, 5. sz.). Irodalomtörténész-bibliográfusként elsőnek vette számba Petőfi költeményeinek román fordítóit és fordításait. Fordított Sadoveanu novelláiból. Közölt az Erdélyi Lapokban, a Hitelben később az Utunkban, a Korunkban és a V. Z.-ban. –  <strong>F. m..:</strong> Petőfi a románoknál (Miercurea-Ciuc, 1934). <strong>gyűjteményes köt.:</strong> Magyar irodalomtörténet, 1939: Emlékkönyv Kristóf György hatvanadik születésnapjára (Kv., 1939). <br /><strong>– Irod.:</strong> családi inf.; Derzsi; Facultatea de Farmacie; Fülöp–Ferencz; Háborús nevelés (Mv., 1943); Oroszhegyi Józsa: Román élet (Kv., 1942); Pál-Antal 2013; Pomogáts 1.; R. k. okt.–1; R. k. okt.–2; RMIL; Standavid–Tamási -– Irod.: Kiss–Péterffy–Péterffy.</br></p>

<p>Aranymező (Szilágy), 1906. jún. 28., † Mv. 1977. márc. 17.: tanár, irodalomtörténész. – V. Sándor állomásfőnök és Gál Viktória fia. Felesége: Jánky Mária (1942–), matematikatanárnő (1912 –1996). Fiuk: V. Sándor Kálmán (1943. jan. 30. –). – Apját áthelyezték a Szatmár megyei Fehérszék-Fersig állomásra, a szomszédos Pribékfalván végezte az elemi iskolát (1912–16). Középiskolai tanulmányait Nagybányán az [&hellip;]</p>
