{"id":24360,"date":"2025-08-01T18:04:30","date_gmt":"2025-08-01T16:04:30","guid":{"rendered":"https:\/\/uj.adatbank.ro\/lexikon\/termek\/veer-jeno\/"},"modified":"2025-08-01T18:04:30","modified_gmt":"2025-08-01T16:04:30","slug":"veer-jeno","status":"publish","type":"product","link":"https:\/\/uj.adatbank.ro\/lexikon\/termek\/veer-jeno\/","title":{"rendered":"VE\u00c9R Jen\u0151"},"content":{"rendered":"<p>Beszterce, 1906. m\u00e1rc. 7., \u2020\u00a0Mv., 1985. nov. 16.: jogtan\u00e1csos, fest\u0151m\u0171v\u00e9sz. \u2013 A mv-i Ref. koll.-ban v\u00e9gzett, m\u00e1r itt kezdett festegetni. Szegeden az orvosi egyetemen tanult, majd jogot v\u00e9gzett Kv.-on. Mv.-en jogtan\u00e1csos, adminisztr\u00e1tor volt a 2-es sz. Belgy\u00f3gy\u00e1szati Klinik\u00e1n, az OGYI alkalmazottja. Nyugd\u00edjaz\u00e1s\u00e1t\u00f3l festett \u00fajra, csend\u00e9leteket, utcar\u00e9szleteket, t\u00e1jk\u00e9peket olajjal v\u00e1szonra, kartonra. T\u00f6bb mint 500 k\u00e9p bizony\u00edtja munk\u00e1ss\u00e1g\u00e1t. Tagja a Maros megyei K\u00e9pz\u0151m\u0171v\u00e9szek Sz\u00f6vets\u00e9g\u00e9nek (1977\u2013), az orvosok m\u0171v\u00e9szeti sz\u00f6vets\u00e9g\u00e9nek. Ki\u00e1ll\u00edt\u00e1sokon szerepelt. \u2013  <strong>F. ki\u00e1ll.:<\/strong>  <strong>csoportos:<\/strong> Mv.-en (1972, 1974, 1976.), Kv.-on, Gyulafeh\u00e9rv\u00e1ron, Buk.-ben \u00e9s Drezd\u00e1ban (N\u00e9meto.), t\u00f6bb alkot\u00e1s\u00e1t eladta. <br \/><strong>\u2013 Irod.:<\/strong> csal\u00e1di inf.; [Nekrol\u00f3g] (V. Z., 1985. nov. 17.).<\/br><\/p>\n","protected":false},"excerpt":{"rendered":"<p>Beszterce, 1906. m\u00e1rc. 7., \u2020\u00a0Mv., 1985. nov. 16.: jogtan\u00e1csos, fest\u0151m\u0171v\u00e9sz. \u2013 A mv-i Ref. koll.-ban v\u00e9gzett, m\u00e1r itt kezdett festegetni. Szegeden az orvosi egyetemen tanult, majd jogot v\u00e9gzett Kv.-on. Mv.-en jogtan\u00e1csos, adminisztr\u00e1tor volt a 2-es sz. Belgy\u00f3gy\u00e1szati Klinik\u00e1n, az OGYI alkalmazottja. Nyugd\u00edjaz\u00e1s\u00e1t\u00f3l festett \u00fajra, csend\u00e9leteket, utcar\u00e9szleteket, t\u00e1jk\u00e9peket olajjal v\u00e1szonra, kartonra. T\u00f6bb mint 500 k\u00e9p bizony\u00edtja [&hellip;]<\/p>\n","protected":false},"featured_media":0,"comment_status":"open","ping_status":"closed","template":"","meta":[],"product_brand":[],"product_cat":[137],"product_tag":[],"class_list":{"0":"post-24360","1":"product","2":"type-product","3":"status-publish","5":"product_cat-maros-megyei-eletrajzi-lexikon","7":"first","8":"instock","9":"shipping-taxable","10":"product-type-simple"},"_links":{"self":[{"href":"https:\/\/uj.adatbank.ro\/lexikon\/wp-json\/wp\/v2\/product\/24360","targetHints":{"allow":["GET"]}}],"collection":[{"href":"https:\/\/uj.adatbank.ro\/lexikon\/wp-json\/wp\/v2\/product"}],"about":[{"href":"https:\/\/uj.adatbank.ro\/lexikon\/wp-json\/wp\/v2\/types\/product"}],"replies":[{"embeddable":true,"href":"https:\/\/uj.adatbank.ro\/lexikon\/wp-json\/wp\/v2\/comments?post=24360"}],"wp:attachment":[{"href":"https:\/\/uj.adatbank.ro\/lexikon\/wp-json\/wp\/v2\/media?parent=24360"}],"wp:term":[{"taxonomy":"product_brand","embeddable":true,"href":"https:\/\/uj.adatbank.ro\/lexikon\/wp-json\/wp\/v2\/product_brand?post=24360"},{"taxonomy":"product_cat","embeddable":true,"href":"https:\/\/uj.adatbank.ro\/lexikon\/wp-json\/wp\/v2\/product_cat?post=24360"},{"taxonomy":"product_tag","embeddable":true,"href":"https:\/\/uj.adatbank.ro\/lexikon\/wp-json\/wp\/v2\/product_tag?post=24360"}],"curies":[{"name":"wp","href":"https:\/\/api.w.org\/{rel}","templated":true}]}}

VEÉR Jenő

<p>Beszterce, 1906. márc. 7., † Mv., 1985. nov. 16.: jogtanácsos, festőművész. – A mv-i Ref. koll.-ban végzett, már itt kezdett festegetni. Szegeden az orvosi egyetemen tanult, majd jogot végzett Kv.-on. Mv.-en jogtanácsos, adminisztrátor volt a 2-es sz. Belgyógyászati Klinikán, az OGYI alkalmazottja. Nyugdíjazásától festett újra, csendéleteket, utcarészleteket, tájképeket olajjal vászonra, kartonra. Több mint 500 kép bizonyítja munkásságát. Tagja a Maros megyei Képzőművészek Szövetségének (1977–), az orvosok művészeti szövetségének. Kiállításokon szerepelt. –  <strong>F. kiáll.:</strong>  <strong>csoportos:</strong> Mv.-en (1972, 1974, 1976.), Kv.-on, Gyulafehérváron, Buk.-ben és Drezdában (Németo.), több alkotását eladta. <br /><strong>– Irod.:</strong> családi inf.; [Nekrológ] (V. Z., 1985. nov. 17.).</br></p>

<p>Beszterce, 1906. márc. 7., † Mv., 1985. nov. 16.: jogtanácsos, festőművész. – A mv-i Ref. koll.-ban végzett, már itt kezdett festegetni. Szegeden az orvosi egyetemen tanult, majd jogot végzett Kv.-on. Mv.-en jogtanácsos, adminisztrátor volt a 2-es sz. Belgyógyászati Klinikán, az OGYI alkalmazottja. Nyugdíjazásától festett újra, csendéleteket, utcarészleteket, tájképeket olajjal vászonra, kartonra. Több mint 500 kép bizonyítja [&hellip;]</p>
