{"id":24361,"date":"2025-08-01T18:04:33","date_gmt":"2025-08-01T16:04:33","guid":{"rendered":"https:\/\/uj.adatbank.ro\/lexikon\/termek\/veer-judit-ver-judit-korostarcsai-nemes-teleki-mihalyne\/"},"modified":"2025-08-01T18:04:33","modified_gmt":"2025-08-01T16:04:33","slug":"veer-judit-ver-judit-korostarcsai-nemes-teleki-mihalyne","status":"publish","type":"product","link":"https:\/\/uj.adatbank.ro\/lexikon\/termek\/veer-judit-ver-judit-korostarcsai-nemes-teleki-mihalyne\/","title":{"rendered":"VE\u00c9R Judit, V\u00e9r Judit, k\u00f6r\u00f6starcsai nemes; Teleki Mih\u00e1lyn\u00e9"},"content":{"rendered":"<p>1641 \u2020 Beszterce, 1707. febr. 14., temetve Teleki Mih\u00e1ly mellett a gernyeszegi ref. templom padozata alatti kript\u00e1ban (1707. \u00e1pr. 10., R\u00e1k\u00f3czi Ferenc mv.-i beiktat\u00e1sa alkalm\u00e1val), \u00fajratemetve a ref. templom sekresty\u00e9j\u00e9be k\u0151szarkof\u00e1gban (1908): nemes asszony, fejedelemn\u00e9. \u2013 Ve\u00e9r Gy\u00f6rgy (1600\u20131671) \u00e9s Bog\u00e1thy Zsuzsa l\u00e1nya. Gudenus szerint V. Andr\u00e1s \u00e9s Ugray Kl\u00e1ra l\u00e1nya. F\u00e9rje: 1. Toldi Mikl\u00f3s, 2. Teleki Mih\u00e1ly (1661. febr. \u2013), Erd\u00e9ly f\u0151kancell\u00e1rja. H\u00e1zass\u00e1gukb\u00f3l sz\u00fcletett 13 gyermek\u00fck, fiai: Lajos, Mih\u00e1ly, L\u00e1szl\u00f3, J\u00f3zsef, S\u00e1ndor, P\u00e1l; \u00e9s h\u00e9t l\u00e1nyuk: Anna, Zsuzsa, Krisztina, Kata, Judit, Borb\u00e1la, Erzs\u00e9bet. A gernyeszegi r\u00e9gi v\u00e1rkast\u00e9lyban laktak, amelyet \u00e1talak\u00edtottak. A Teleki csal\u00e1dnak udvarh\u00e1za \u00e9s sz\u00e9p parkja volt Uzdiszentp\u00e9terben. A G\u00f6rg\u00e9nyi v\u00e1r is Teleki tulajdon\u00e1ba ker\u00fclt, f\u00e9rje titk\u00e1ra odak\u00eds\u00e9rte ura holttest\u00e9t a zernyesti csata ut\u00e1n. A Th\u00f6k\u00f6ly Imre vezette kuruc mozgalom idej\u00e9n gyermekeivel ott keresett mened\u00e9ket. A g\u00f6rg\u00e9nyi v\u00e1rat meg\u0151rizte addig, am\u00edg a Rabutin vezette osztr\u00e1k csapatok elfoglalt\u00e1k a v\u00e1rat \u00e9s a benne lev\u0151 Teleki javakat elkobozt\u00e1k (1703). Fel\u00fcgyelte a le\u00e1nyai nevel\u00e9s\u00e9t, oktat\u00e1s\u00e1t, \u00e9letre val\u00f3 felk\u00e9sz\u00edt\u00e9s\u00fcket \u2013 az udvarban nevelked\u0151 m\u00e1s kisasszonyokkal egy\u00fctt. Teleki hal\u00e1la (1690) ut\u00e1n m\u00e9g fiai sem alap\u00edtottak csal\u00e1dot, \u00edgy feladata volt a gyerekek nevel\u00e9se, l\u00e1nyaik kih\u00e1zas\u00edt\u00e1sa, a birtokok igazgat\u00e1sa. Adom\u00e1ny\u00e1b\u00f3l fel\u00e9p\u00edtett\u00e9k a mv.-i ref. temet\u0151ben Erd\u00e9ly legr\u00e9gibb, cseref\u00e1b\u00f3l, vasszeg n\u00e9lk\u00fcl \u00e9p\u00fclt ravataloz\u00f3j\u00e1t (1698), \u00fajj\u00e1\u00e9p\u00edtett\u00e9k (1942), fel\u00faj\u00edtott\u00e1k (1987\u201388). \u00darasztali ter\u00edt\u0151t aj\u00e1nd\u00e9kozott a v\u00e1rtemplomnak (1695). Az orvostudom\u00e1nyokban j\u00e1rtas volt, eg\u00e9sz k\u00f6nyvet \u00edrt tele k\u00fcl\u00f6nb\u00f6z\u0151 betegs\u00e9gekre j\u00f3 receptekkel. <br \/><strong>\u2013 Irod.:<\/strong> Adamovits S\u00e1ndor: 300 \u00e9ves a legr\u00e9gibb temet\u0151sz\u00edn (N\u00fa., 1998. okt. 3.); Bak\u00f3 Zolt\u00e1n: In hoc tumulo requiescunt (V\u00e1s\u00e1rhelyi H\u00edrlap, 2008. j\u00fan. 13.); B\u00e1lint Zsigmond 2010; Bicsok\u2013Orb\u00e1n; B\u00f6jthe Andor: A G\u00f6rg\u00e9nyi ev. ref. egyh\u00e1zmegye t\u00f6rt\u00e9nete [k\u00e9zirat]; Cs\u00e1ky; Erd\u00e9lyi testamentumok 4.; Fodor Ferenc 2000; Gudenus; Homonnai Betti: Ve\u00e9r Judit \u00e9letrajza (Bp., 1914); Huszti Andr\u00e1s: \u00d3 \u00e9s \u00daj D\u00e1cia &#8230;(B\u00e9cs, 1791); Id\u0151t\u00e1r 1; Kelemen Lajos 2009, Keresztes Gyula: Ravataloz\u00f3 \u00e9p\u00fclet (N\u00fa., 1990. aug. 17.); Templomaink \u2013 l\u00e1mp\u00e1saink (N\u00fa., 1997. dec. 18); Magyar t\u00f6rt\u00e9nelmi t\u00e1r 8 (Pest, 1867\u201377); Magyary\u2013Kossa 1, 3. k.; Magyaro. m\u0171eml\u00e9kei 3. (Bp., 1905\u201315); Maros megye; Nagy G\u00e9za: K\u00fclf\u00f6ld\u00f6n bujdos\u00f3 erd\u00e9lyi di\u00e1kok levelez\u00e9se (Kv., 1933); Nagy Iv\u00e1n; P\u00e9ter H. M.; P\u00e9ter H. M. 2013; Teleki Mih\u00e1ly levelez\u00e9se (Bp., 1906\u201316); Teleki Mih\u00e1ly udvartart\u00e1si napl\u00f3ja (1673\u20131681) (Kv., 2007); T\u00fcd\u0151s S. Kinga; Maros \u2013 m\u0171eml\u00e9kek; Ve\u00e9r csal\u00e1d.; Weisz Szid\u00f3nia: \u2026a Teleki \u2013nemzets\u00e9g marosv\u00e1s\u00e1rhelyi lev\u00e9lt\u00e1ra = Telekiek; Wessel\u00e9nyi Istv\u00e1n.<\/br><\/p>\n","protected":false},"excerpt":{"rendered":"<p>1641 \u2020 Beszterce, 1707. febr. 14., temetve Teleki Mih\u00e1ly mellett a gernyeszegi ref. templom padozata alatti kript\u00e1ban (1707. \u00e1pr. 10., R\u00e1k\u00f3czi Ferenc mv.-i beiktat\u00e1sa alkalm\u00e1val), \u00fajratemetve a ref. templom sekresty\u00e9j\u00e9be k\u0151szarkof\u00e1gban (1908): nemes asszony, fejedelemn\u00e9. \u2013 Ve\u00e9r Gy\u00f6rgy (1600\u20131671) \u00e9s Bog\u00e1thy Zsuzsa l\u00e1nya. Gudenus szerint V. Andr\u00e1s \u00e9s Ugray Kl\u00e1ra l\u00e1nya. F\u00e9rje: 1. Toldi Mikl\u00f3s, [&hellip;]<\/p>\n","protected":false},"featured_media":0,"comment_status":"open","ping_status":"closed","template":"","meta":[],"product_brand":[],"product_cat":[137],"product_tag":[],"class_list":{"0":"post-24361","1":"product","2":"type-product","3":"status-publish","5":"product_cat-maros-megyei-eletrajzi-lexikon","7":"first","8":"instock","9":"shipping-taxable","10":"product-type-simple"},"_links":{"self":[{"href":"https:\/\/uj.adatbank.ro\/lexikon\/wp-json\/wp\/v2\/product\/24361","targetHints":{"allow":["GET"]}}],"collection":[{"href":"https:\/\/uj.adatbank.ro\/lexikon\/wp-json\/wp\/v2\/product"}],"about":[{"href":"https:\/\/uj.adatbank.ro\/lexikon\/wp-json\/wp\/v2\/types\/product"}],"replies":[{"embeddable":true,"href":"https:\/\/uj.adatbank.ro\/lexikon\/wp-json\/wp\/v2\/comments?post=24361"}],"wp:attachment":[{"href":"https:\/\/uj.adatbank.ro\/lexikon\/wp-json\/wp\/v2\/media?parent=24361"}],"wp:term":[{"taxonomy":"product_brand","embeddable":true,"href":"https:\/\/uj.adatbank.ro\/lexikon\/wp-json\/wp\/v2\/product_brand?post=24361"},{"taxonomy":"product_cat","embeddable":true,"href":"https:\/\/uj.adatbank.ro\/lexikon\/wp-json\/wp\/v2\/product_cat?post=24361"},{"taxonomy":"product_tag","embeddable":true,"href":"https:\/\/uj.adatbank.ro\/lexikon\/wp-json\/wp\/v2\/product_tag?post=24361"}],"curies":[{"name":"wp","href":"https:\/\/api.w.org\/{rel}","templated":true}]}}

VEÉR Judit, Vér Judit, köröstarcsai nemes; Teleki Mihályné

<p>1641 † Beszterce, 1707. febr. 14., temetve Teleki Mihály mellett a gernyeszegi ref. templom padozata alatti kriptában (1707. ápr. 10., Rákóczi Ferenc mv.-i beiktatása alkalmával), újratemetve a ref. templom sekrestyéjébe kőszarkofágban (1908): nemes asszony, fejedelemné. – Veér György (1600–1671) és Bogáthy Zsuzsa lánya. Gudenus szerint V. András és Ugray Klára lánya. Férje: 1. Toldi Miklós, 2. Teleki Mihály (1661. febr. –), Erdély főkancellárja. Házasságukból született 13 gyermekük, fiai: Lajos, Mihály, László, József, Sándor, Pál; és hét lányuk: Anna, Zsuzsa, Krisztina, Kata, Judit, Borbála, Erzsébet. A gernyeszegi régi várkastélyban laktak, amelyet átalakítottak. A Teleki családnak udvarháza és szép parkja volt Uzdiszentpéterben. A Görgényi vár is Teleki tulajdonába került, férje titkára odakísérte ura holttestét a zernyesti csata után. A Thököly Imre vezette kuruc mozgalom idején gyermekeivel ott keresett menedéket. A görgényi várat megőrizte addig, amíg a Rabutin vezette osztrák csapatok elfoglalták a várat és a benne levő Teleki javakat elkobozták (1703). Felügyelte a leányai nevelését, oktatását, életre való felkészítésüket – az udvarban nevelkedő más kisasszonyokkal együtt. Teleki halála (1690) után még fiai sem alapítottak családot, így feladata volt a gyerekek nevelése, lányaik kiházasítása, a birtokok igazgatása. Adományából felépítették a mv.-i ref. temetőben Erdély legrégibb, cserefából, vasszeg nélkül épült ravatalozóját (1698), újjáépítették (1942), felújították (1987–88). Úrasztali terítőt ajándékozott a vártemplomnak (1695). Az orvostudományokban jártas volt, egész könyvet írt tele különböző betegségekre jó receptekkel. <br /><strong>– Irod.:</strong> Adamovits Sándor: 300 éves a legrégibb temetőszín (Nú., 1998. okt. 3.); Bakó Zoltán: In hoc tumulo requiescunt (Vásárhelyi Hírlap, 2008. jún. 13.); Bálint Zsigmond 2010; Bicsok–Orbán; Böjthe Andor: A Görgényi ev. ref. egyházmegye története [kézirat]; Csáky; Erdélyi testamentumok 4.; Fodor Ferenc 2000; Gudenus; Homonnai Betti: Veér Judit életrajza (Bp., 1914); Huszti András: Ó és Új Dácia &#8230;(Bécs, 1791); Időtár 1; Kelemen Lajos 2009, Keresztes Gyula: Ravatalozó épület (Nú., 1990. aug. 17.); Templomaink – lámpásaink (Nú., 1997. dec. 18); Magyar történelmi tár 8 (Pest, 1867–77); Magyary–Kossa 1, 3. k.; Magyaro. műemlékei 3. (Bp., 1905–15); Maros megye; Nagy Géza: Külföldön bujdosó erdélyi diákok levelezése (Kv., 1933); Nagy Iván; Péter H. M.; Péter H. M. 2013; Teleki Mihály levelezése (Bp., 1906–16); Teleki Mihály udvartartási naplója (1673–1681) (Kv., 2007); Tüdős S. Kinga; Maros – műemlékek; Veér család.; Weisz Szidónia: …a Teleki –nemzetség marosvásárhelyi levéltára = Telekiek; Wesselényi István.</br></p>

<p>1641 † Beszterce, 1707. febr. 14., temetve Teleki Mihály mellett a gernyeszegi ref. templom padozata alatti kriptában (1707. ápr. 10., Rákóczi Ferenc mv.-i beiktatása alkalmával), újratemetve a ref. templom sekrestyéjébe kőszarkofágban (1908): nemes asszony, fejedelemné. – Veér György (1600–1671) és Bogáthy Zsuzsa lánya. Gudenus szerint V. András és Ugray Klára lánya. Férje: 1. Toldi Miklós, [&hellip;]</p>
