{"id":24364,"date":"2025-08-01T18:04:39","date_gmt":"2025-08-01T16:04:39","guid":{"rendered":"https:\/\/uj.adatbank.ro\/lexikon\/termek\/veger-bela\/"},"modified":"2025-08-01T18:04:39","modified_gmt":"2025-08-01T16:04:39","slug":"veger-bela","status":"publish","type":"product","link":"https:\/\/uj.adatbank.ro\/lexikon\/termek\/veger-bela\/","title":{"rendered":"V\u00c9GER B\u00e9la"},"content":{"rendered":"<p>? \u2020\u00a0?: tan\u00edt\u00f3. \u2013 B\u00faz\u00e1sbeseny\u0151ben a r. kat. isk.-ban tan\u00edtott, \u00f6t oszt\u00e1ly \u00e9s k\u00e9t taner\u0151 m\u0171k\u00f6d\u00f6tt (1903\u201333). A m\u00e1sik k\u00e9t tan\u00edt\u00f3: T\u00e9gl\u00e1s Ferenc (1918\u2013) \u00e9s M\u00e1ty\u00e1s Aranka (1923\u2013). <br \/><strong>\u2013 Irod.:<\/strong> B\u00faz\u00e1sbeseny\u0151.<\/br><\/p>\n","protected":false},"excerpt":{"rendered":"<p>? \u2020\u00a0?: tan\u00edt\u00f3. \u2013 B\u00faz\u00e1sbeseny\u0151ben a r. kat. isk.-ban tan\u00edtott, \u00f6t oszt\u00e1ly \u00e9s k\u00e9t taner\u0151 m\u0171k\u00f6d\u00f6tt (1903\u201333). A m\u00e1sik k\u00e9t tan\u00edt\u00f3: T\u00e9gl\u00e1s Ferenc (1918\u2013) \u00e9s M\u00e1ty\u00e1s Aranka (1923\u2013). \u2013 Irod.: B\u00faz\u00e1sbeseny\u0151.<\/p>\n","protected":false},"featured_media":0,"comment_status":"open","ping_status":"closed","template":"","meta":[],"product_brand":[],"product_cat":[137],"product_tag":[],"class_list":{"0":"post-24364","1":"product","2":"type-product","3":"status-publish","5":"product_cat-maros-megyei-eletrajzi-lexikon","7":"first","8":"instock","9":"shipping-taxable","10":"product-type-simple"},"_links":{"self":[{"href":"https:\/\/uj.adatbank.ro\/lexikon\/wp-json\/wp\/v2\/product\/24364","targetHints":{"allow":["GET"]}}],"collection":[{"href":"https:\/\/uj.adatbank.ro\/lexikon\/wp-json\/wp\/v2\/product"}],"about":[{"href":"https:\/\/uj.adatbank.ro\/lexikon\/wp-json\/wp\/v2\/types\/product"}],"replies":[{"embeddable":true,"href":"https:\/\/uj.adatbank.ro\/lexikon\/wp-json\/wp\/v2\/comments?post=24364"}],"wp:attachment":[{"href":"https:\/\/uj.adatbank.ro\/lexikon\/wp-json\/wp\/v2\/media?parent=24364"}],"wp:term":[{"taxonomy":"product_brand","embeddable":true,"href":"https:\/\/uj.adatbank.ro\/lexikon\/wp-json\/wp\/v2\/product_brand?post=24364"},{"taxonomy":"product_cat","embeddable":true,"href":"https:\/\/uj.adatbank.ro\/lexikon\/wp-json\/wp\/v2\/product_cat?post=24364"},{"taxonomy":"product_tag","embeddable":true,"href":"https:\/\/uj.adatbank.ro\/lexikon\/wp-json\/wp\/v2\/product_tag?post=24364"}],"curies":[{"name":"wp","href":"https:\/\/api.w.org\/{rel}","templated":true}]}}