{"id":24371,"date":"2025-08-01T18:04:55","date_gmt":"2025-08-01T16:04:55","guid":{"rendered":"https:\/\/uj.adatbank.ro\/lexikon\/termek\/vegh-istvan-2\/"},"modified":"2025-08-01T18:04:55","modified_gmt":"2025-08-01T16:04:55","slug":"vegh-istvan-2","status":"publish","type":"product","link":"https:\/\/uj.adatbank.ro\/lexikon\/termek\/vegh-istvan-2\/","title":{"rendered":"V\u00c9GH Istv\u00e1n"},"content":{"rendered":"<p>Mez\u0151s\u00e1msond (Maros), 1886., \u2020\u00a0?: tiszthelyettes, gazd\u00e1lkod\u00f3. N\u00e9gy k\u00f6z\u00e9piskol\u00e1t v\u00e9gzett, majd katona\u00e9vei leszolg\u00e1l\u00e1sa ut\u00e1n mint tov\u00e1bbszolg\u00e1l\u00f3 a m. k. honv\u00e9ds\u00e9g k\u00f6tel\u00e9keiben teljes\u00edtett szolg\u00e1latot, az els\u0151 vh-ban a szerb-, orosz-, olasz fronton harcolt, k\u00e9tszer sebes\u00fclt, az I. o. ez\u00fcst, a bronz v. \u00e9., a K\u00e1roly-csapatkereszt, a II. o. bajor kereszt, a n\u00e9met harcos ez\u00fcst\u00e9rem \u00e9s a bajor jub. kereszt kit\u00fcntetettje volt. Csal\u00e1dj\u00e1val Mez\u0151b\u00e1ndon 20 hold f\u00f6ld\u00f6n gazd\u00e1lkodott, majd \u00fajb\u00f3l katona lett (1941), mint tiszthelyettes teljes\u00edtett szolg\u00e1latot. A hazafias \u00e9s kultur\u00e1lis egyes\u00fcletek t\u00e1mogat\u00f3ja volt. <br \/><strong>\u2013 Irod.:<\/strong> Sz\u00e9kelyf\u00f6ld \u00ed. k.<\/br><\/p>\n","protected":false},"excerpt":{"rendered":"<p>Mez\u0151s\u00e1msond (Maros), 1886., \u2020\u00a0?: tiszthelyettes, gazd\u00e1lkod\u00f3. N\u00e9gy k\u00f6z\u00e9piskol\u00e1t v\u00e9gzett, majd katona\u00e9vei leszolg\u00e1l\u00e1sa ut\u00e1n mint tov\u00e1bbszolg\u00e1l\u00f3 a m. k. honv\u00e9ds\u00e9g k\u00f6tel\u00e9keiben teljes\u00edtett szolg\u00e1latot, az els\u0151 vh-ban a szerb-, orosz-, olasz fronton harcolt, k\u00e9tszer sebes\u00fclt, az I. o. ez\u00fcst, a bronz v. \u00e9., a K\u00e1roly-csapatkereszt, a II. o. bajor kereszt, a n\u00e9met harcos ez\u00fcst\u00e9rem \u00e9s a bajor [&hellip;]<\/p>\n","protected":false},"featured_media":0,"comment_status":"open","ping_status":"closed","template":"","meta":[],"product_brand":[],"product_cat":[137],"product_tag":[],"class_list":{"0":"post-24371","1":"product","2":"type-product","3":"status-publish","5":"product_cat-maros-megyei-eletrajzi-lexikon","7":"first","8":"instock","9":"shipping-taxable","10":"product-type-simple"},"_links":{"self":[{"href":"https:\/\/uj.adatbank.ro\/lexikon\/wp-json\/wp\/v2\/product\/24371","targetHints":{"allow":["GET"]}}],"collection":[{"href":"https:\/\/uj.adatbank.ro\/lexikon\/wp-json\/wp\/v2\/product"}],"about":[{"href":"https:\/\/uj.adatbank.ro\/lexikon\/wp-json\/wp\/v2\/types\/product"}],"replies":[{"embeddable":true,"href":"https:\/\/uj.adatbank.ro\/lexikon\/wp-json\/wp\/v2\/comments?post=24371"}],"wp:attachment":[{"href":"https:\/\/uj.adatbank.ro\/lexikon\/wp-json\/wp\/v2\/media?parent=24371"}],"wp:term":[{"taxonomy":"product_brand","embeddable":true,"href":"https:\/\/uj.adatbank.ro\/lexikon\/wp-json\/wp\/v2\/product_brand?post=24371"},{"taxonomy":"product_cat","embeddable":true,"href":"https:\/\/uj.adatbank.ro\/lexikon\/wp-json\/wp\/v2\/product_cat?post=24371"},{"taxonomy":"product_tag","embeddable":true,"href":"https:\/\/uj.adatbank.ro\/lexikon\/wp-json\/wp\/v2\/product_tag?post=24371"}],"curies":[{"name":"wp","href":"https:\/\/api.w.org\/{rel}","templated":true}]}}

VÉGH István

<p>Mezősámsond (Maros), 1886., † ?: tiszthelyettes, gazdálkodó. Négy középiskolát végzett, majd katonaévei leszolgálása után mint továbbszolgáló a m. k. honvédség kötelékeiben teljesített szolgálatot, az első vh-ban a szerb-, orosz-, olasz fronton harcolt, kétszer sebesült, az I. o. ezüst, a bronz v. é., a Károly-csapatkereszt, a II. o. bajor kereszt, a német harcos ezüstérem és a bajor jub. kereszt kitüntetettje volt. Családjával Mezőbándon 20 hold földön gazdálkodott, majd újból katona lett (1941), mint tiszthelyettes teljesített szolgálatot. A hazafias és kulturális egyesületek támogatója volt. <br /><strong>– Irod.:</strong> Székelyföld í. k.</br></p>

<p>Mezősámsond (Maros), 1886., † ?: tiszthelyettes, gazdálkodó. Négy középiskolát végzett, majd katonaévei leszolgálása után mint továbbszolgáló a m. k. honvédség kötelékeiben teljesített szolgálatot, az első vh-ban a szerb-, orosz-, olasz fronton harcolt, kétszer sebesült, az I. o. ezüst, a bronz v. é., a Károly-csapatkereszt, a II. o. bajor kereszt, a német harcos ezüstérem és a bajor [&hellip;]</p>
