{"id":24372,"date":"2025-08-01T18:04:57","date_gmt":"2025-08-01T16:04:57","guid":{"rendered":"https:\/\/uj.adatbank.ro\/lexikon\/termek\/vegh-jozsef\/"},"modified":"2025-08-01T18:04:57","modified_gmt":"2025-08-01T16:04:57","slug":"vegh-jozsef","status":"publish","type":"product","link":"https:\/\/uj.adatbank.ro\/lexikon\/termek\/vegh-jozsef\/","title":{"rendered":"V\u00c9GH J\u00f3zsef"},"content":{"rendered":"<p>? \u2020\u00a0?: \u00e9p\u00edt\u00e9szmester. \u2013 Lehet, hogy az \u0151 sz\u00fclei: V. J\u00f3zsef \u00e9s Szekeres Laura (1801 \u2013 Hagym\u00e1sbodon, 1883. j\u00fal. 24.) fia. Testv\u00e9rei: V. Imre, feles\u00e9ge Kajt\u00e1n M\u00e1ria; V. Laura \u2013 T\u00f6visi J\u00f3zsefn\u00e9; f\u00e9ltestv\u00e9rei: Nagy Katalin \u2013 Nemes J\u00e1nosn\u00e9; Nagy K\u00e1rolina \u2013 K\u00f6vesdi G\u00e1born\u00e9; Nagy Istv\u00e1n, feles\u00e9ge Szekeres M\u00e1ria; Nagy Roz\u00e1lia \u2013 Vajna Elekn\u00e9. \u2013 A mv.-i nagy ortodox katedr\u00e1lis \u00e9p\u00edt\u00e9s\u00e9ben mester, a bels\u0151 oszlopd\u00edsz\u00edt\u00e9s\u00e9t k\u00e9sz\u00edtette (1934). <br \/><strong>\u2013 Irod.:<\/strong> Gy\u00e1szjelent\u0151; Man, 3.<\/br><\/p>\n","protected":false},"excerpt":{"rendered":"<p>? \u2020\u00a0?: \u00e9p\u00edt\u00e9szmester. \u2013 Lehet, hogy az \u0151 sz\u00fclei: V. J\u00f3zsef \u00e9s Szekeres Laura (1801 \u2013 Hagym\u00e1sbodon, 1883. j\u00fal. 24.) fia. Testv\u00e9rei: V. Imre, feles\u00e9ge Kajt\u00e1n M\u00e1ria; V. Laura \u2013 T\u00f6visi J\u00f3zsefn\u00e9; f\u00e9ltestv\u00e9rei: Nagy Katalin \u2013 Nemes J\u00e1nosn\u00e9; Nagy K\u00e1rolina \u2013 K\u00f6vesdi G\u00e1born\u00e9; Nagy Istv\u00e1n, feles\u00e9ge Szekeres M\u00e1ria; Nagy Roz\u00e1lia \u2013 Vajna Elekn\u00e9. \u2013 A [&hellip;]<\/p>\n","protected":false},"featured_media":0,"comment_status":"open","ping_status":"closed","template":"","meta":[],"product_brand":[],"product_cat":[137],"product_tag":[],"class_list":{"0":"post-24372","1":"product","2":"type-product","3":"status-publish","5":"product_cat-maros-megyei-eletrajzi-lexikon","7":"first","8":"instock","9":"shipping-taxable","10":"product-type-simple"},"_links":{"self":[{"href":"https:\/\/uj.adatbank.ro\/lexikon\/wp-json\/wp\/v2\/product\/24372","targetHints":{"allow":["GET"]}}],"collection":[{"href":"https:\/\/uj.adatbank.ro\/lexikon\/wp-json\/wp\/v2\/product"}],"about":[{"href":"https:\/\/uj.adatbank.ro\/lexikon\/wp-json\/wp\/v2\/types\/product"}],"replies":[{"embeddable":true,"href":"https:\/\/uj.adatbank.ro\/lexikon\/wp-json\/wp\/v2\/comments?post=24372"}],"wp:attachment":[{"href":"https:\/\/uj.adatbank.ro\/lexikon\/wp-json\/wp\/v2\/media?parent=24372"}],"wp:term":[{"taxonomy":"product_brand","embeddable":true,"href":"https:\/\/uj.adatbank.ro\/lexikon\/wp-json\/wp\/v2\/product_brand?post=24372"},{"taxonomy":"product_cat","embeddable":true,"href":"https:\/\/uj.adatbank.ro\/lexikon\/wp-json\/wp\/v2\/product_cat?post=24372"},{"taxonomy":"product_tag","embeddable":true,"href":"https:\/\/uj.adatbank.ro\/lexikon\/wp-json\/wp\/v2\/product_tag?post=24372"}],"curies":[{"name":"wp","href":"https:\/\/api.w.org\/{rel}","templated":true}]}}

VÉGH József

<p>? † ?: építészmester. – Lehet, hogy az ő szülei: V. József és Szekeres Laura (1801 – Hagymásbodon, 1883. júl. 24.) fia. Testvérei: V. Imre, felesége Kajtán Mária; V. Laura – Tövisi Józsefné; féltestvérei: Nagy Katalin – Nemes Jánosné; Nagy Károlina – Kövesdi Gáborné; Nagy István, felesége Szekeres Mária; Nagy Rozália – Vajna Elekné. – A mv.-i nagy ortodox katedrális építésében mester, a belső oszlopdíszítését készítette (1934). <br /><strong>– Irod.:</strong> Gyászjelentő; Man, 3.</br></p>

<p>? † ?: építészmester. – Lehet, hogy az ő szülei: V. József és Szekeres Laura (1801 – Hagymásbodon, 1883. júl. 24.) fia. Testvérei: V. Imre, felesége Kajtán Mária; V. Laura – Tövisi Józsefné; féltestvérei: Nagy Katalin – Nemes Jánosné; Nagy Károlina – Kövesdi Gáborné; Nagy István, felesége Szekeres Mária; Nagy Rozália – Vajna Elekné. – A [&hellip;]</p>
