{"id":24377,"date":"2025-08-01T18:05:07","date_gmt":"2025-08-01T16:05:07","guid":{"rendered":"https:\/\/uj.adatbank.ro\/lexikon\/termek\/vegh-matyas\/"},"modified":"2025-08-01T18:05:07","modified_gmt":"2025-08-01T16:05:07","slug":"vegh-matyas","status":"publish","type":"product","link":"https:\/\/uj.adatbank.ro\/lexikon\/termek\/vegh-matyas\/","title":{"rendered":"V\u00c9GH M\u00e1ty\u00e1s"},"content":{"rendered":"<p>Verespatak (Feh\u00e9r), 1852. aug. 23., \u2020 Fogaras, 1900.: fels\u0151 kereskedelmi iskolai igazgat\u00f3. \u2013 Tord\u00e1n \u00e9s Kolozsv\u00e1rt v\u00e9gezte k\u00f6z\u00e9piskol\u00e1it \u00e9s a pedag\u00f3giumot, ahol polg\u00e1ri iskolai tan\u00e1ri k\u00e9pes\u00edt\u00e9st 5nyert; mint m\u00e1sod\u00e9ves unit\u00e1rius papn\u00f6vend\u00e9kek Tord\u00e1ra ment k\u00f6ztan\u00edt\u00f3nak (1874\u201375); a fels\u0151 fi\u00faiskol\u00e1n\u00e1l Ludason (1876\u201384); a polg\u00e1ri iskol\u00e1n\u00e1l \u00e9s kereskedelmi akad\u00e9mi\u00e1n Brass\u00f3ban (1874\u201393) m\u0171k\u00f6d\u00f6tt; a fogarasi \u00e1llami fels\u0151 kereskedelmi iskola igazgat\u00f3-tan\u00e1ra (1893\u2013), a magyart tan\u00edtotta, s a polg\u00e1ri fi\u00fa- \u00e9s le\u00e1nyiskola, illetve az elemi iskola igazgat\u00f3ja; az unit\u00e1riusok egyh\u00e1zi k\u00e9pvisel\u0151je volt. Cikkei, k\u00f6ltem\u00e9nyei az Unit\u00e1rius K\u00f6zl\u00f6nyben a Brass\u00f3ban; \u00edrt a Csal\u00e1d \u00e9s Iskol\u00e1ba \u00e9s a Kolozsv\u00e1rba. \u00c1lland\u00f3an foglalkozott a Krisztus-mond\u00e1k gy\u0171jt\u00e9s\u00e9vel \u00e9s feldolgoz\u00e1s\u00e1val. \u2013  <strong>F. m..:<\/strong> Zajzoni Rab Istv\u00e1n \u00e9letrajza 1832\u20131867. (Brass\u00f3, 1887); K\u00f6ltem\u00e9nyei. Szerz\u0151nek f\u00e9nynyom. arck. (Fogaras, 1900.). <br \/><strong>\u2013 Irod.:<\/strong> Szinnyei.<\/br><\/p>\n","protected":false},"excerpt":{"rendered":"<p>Verespatak (Feh\u00e9r), 1852. aug. 23., \u2020 Fogaras, 1900.: fels\u0151 kereskedelmi iskolai igazgat\u00f3. \u2013 Tord\u00e1n \u00e9s Kolozsv\u00e1rt v\u00e9gezte k\u00f6z\u00e9piskol\u00e1it \u00e9s a pedag\u00f3giumot, ahol polg\u00e1ri iskolai tan\u00e1ri k\u00e9pes\u00edt\u00e9st 5nyert; mint m\u00e1sod\u00e9ves unit\u00e1rius papn\u00f6vend\u00e9kek Tord\u00e1ra ment k\u00f6ztan\u00edt\u00f3nak (1874\u201375); a fels\u0151 fi\u00faiskol\u00e1n\u00e1l Ludason (1876\u201384); a polg\u00e1ri iskol\u00e1n\u00e1l \u00e9s kereskedelmi akad\u00e9mi\u00e1n Brass\u00f3ban (1874\u201393) m\u0171k\u00f6d\u00f6tt; a fogarasi \u00e1llami fels\u0151 kereskedelmi iskola [&hellip;]<\/p>\n","protected":false},"featured_media":0,"comment_status":"open","ping_status":"closed","template":"","meta":[],"product_brand":[],"product_cat":[137],"product_tag":[],"class_list":{"0":"post-24377","1":"product","2":"type-product","3":"status-publish","5":"product_cat-maros-megyei-eletrajzi-lexikon","7":"first","8":"instock","9":"shipping-taxable","10":"product-type-simple"},"_links":{"self":[{"href":"https:\/\/uj.adatbank.ro\/lexikon\/wp-json\/wp\/v2\/product\/24377","targetHints":{"allow":["GET"]}}],"collection":[{"href":"https:\/\/uj.adatbank.ro\/lexikon\/wp-json\/wp\/v2\/product"}],"about":[{"href":"https:\/\/uj.adatbank.ro\/lexikon\/wp-json\/wp\/v2\/types\/product"}],"replies":[{"embeddable":true,"href":"https:\/\/uj.adatbank.ro\/lexikon\/wp-json\/wp\/v2\/comments?post=24377"}],"wp:attachment":[{"href":"https:\/\/uj.adatbank.ro\/lexikon\/wp-json\/wp\/v2\/media?parent=24377"}],"wp:term":[{"taxonomy":"product_brand","embeddable":true,"href":"https:\/\/uj.adatbank.ro\/lexikon\/wp-json\/wp\/v2\/product_brand?post=24377"},{"taxonomy":"product_cat","embeddable":true,"href":"https:\/\/uj.adatbank.ro\/lexikon\/wp-json\/wp\/v2\/product_cat?post=24377"},{"taxonomy":"product_tag","embeddable":true,"href":"https:\/\/uj.adatbank.ro\/lexikon\/wp-json\/wp\/v2\/product_tag?post=24377"}],"curies":[{"name":"wp","href":"https:\/\/api.w.org\/{rel}","templated":true}]}}

VÉGH Mátyás

<p>Verespatak (Fehér), 1852. aug. 23., † Fogaras, 1900.: felső kereskedelmi iskolai igazgató. – Tordán és Kolozsvárt végezte középiskoláit és a pedagógiumot, ahol polgári iskolai tanári képesítést 5nyert; mint másodéves unitárius papnövendékek Tordára ment köztanítónak (1874–75); a felső fiúiskolánál Ludason (1876–84); a polgári iskolánál és kereskedelmi akadémián Brassóban (1874–93) működött; a fogarasi állami felső kereskedelmi iskola igazgató-tanára (1893–), a magyart tanította, s a polgári fiú- és leányiskola, illetve az elemi iskola igazgatója; az unitáriusok egyházi képviselője volt. Cikkei, költeményei az Unitárius Közlönyben a Brassóban; írt a Család és Iskolába és a Kolozsvárba. Állandóan foglalkozott a Krisztus-mondák gyűjtésével és feldolgozásával. –  <strong>F. m..:</strong> Zajzoni Rab István életrajza 1832–1867. (Brassó, 1887); Költeményei. Szerzőnek fénynyom. arck. (Fogaras, 1900.). <br /><strong>– Irod.:</strong> Szinnyei.</br></p>

<p>Verespatak (Fehér), 1852. aug. 23., † Fogaras, 1900.: felső kereskedelmi iskolai igazgató. – Tordán és Kolozsvárt végezte középiskoláit és a pedagógiumot, ahol polgári iskolai tanári képesítést 5nyert; mint másodéves unitárius papnövendékek Tordára ment köztanítónak (1874–75); a felső fiúiskolánál Ludason (1876–84); a polgári iskolánál és kereskedelmi akadémián Brassóban (1874–93) működött; a fogarasi állami felső kereskedelmi iskola [&hellip;]</p>
