{"id":24378,"date":"2025-08-01T18:05:09","date_gmt":"2025-08-01T16:05:09","guid":{"rendered":"https:\/\/uj.adatbank.ro\/lexikon\/termek\/vegh-mihaly\/"},"modified":"2025-08-01T18:05:09","modified_gmt":"2025-08-01T16:05:09","slug":"vegh-mihaly","status":"publish","type":"product","link":"https:\/\/uj.adatbank.ro\/lexikon\/termek\/vegh-mihaly\/","title":{"rendered":"V\u00c9GH Mih\u00e1ly"},"content":{"rendered":"<p>? \u2020\u00a0Rava, 1902\u00a0?: unit. lelk\u00e9sz. \u2013 Ravai unit. lelk\u00e9sz (1887\u20131902). Kv.-on unit. p\u00fcsp\u00f6ki titk\u00e1r (az 1900-as \u00e9vek elej\u00e9n \u2013  <strong>F. m..:<\/strong> A ravai unit\u00e1rius egyh\u00e1z t\u00f6rt\u00e9nete (Kv., 1890). <br \/><strong>\u2013 Irod.:<\/strong> F\u00fcl\u00f6p\u2013Ferencz; Ga\u00e1l 2001; Rava.<\/br><\/p>\n","protected":false},"excerpt":{"rendered":"<p>? \u2020\u00a0Rava, 1902\u00a0?: unit. lelk\u00e9sz. \u2013 Ravai unit. lelk\u00e9sz (1887\u20131902). Kv.-on unit. p\u00fcsp\u00f6ki titk\u00e1r (az 1900-as \u00e9vek elej\u00e9n \u2013 F. m..: A ravai unit\u00e1rius egyh\u00e1z t\u00f6rt\u00e9nete (Kv., 1890). \u2013 Irod.: F\u00fcl\u00f6p\u2013Ferencz; Ga\u00e1l 2001; Rava.<\/p>\n","protected":false},"featured_media":0,"comment_status":"open","ping_status":"closed","template":"","meta":[],"product_brand":[],"product_cat":[137],"product_tag":[],"class_list":{"0":"post-24378","1":"product","2":"type-product","3":"status-publish","5":"product_cat-maros-megyei-eletrajzi-lexikon","7":"first","8":"instock","9":"shipping-taxable","10":"product-type-simple"},"_links":{"self":[{"href":"https:\/\/uj.adatbank.ro\/lexikon\/wp-json\/wp\/v2\/product\/24378","targetHints":{"allow":["GET"]}}],"collection":[{"href":"https:\/\/uj.adatbank.ro\/lexikon\/wp-json\/wp\/v2\/product"}],"about":[{"href":"https:\/\/uj.adatbank.ro\/lexikon\/wp-json\/wp\/v2\/types\/product"}],"replies":[{"embeddable":true,"href":"https:\/\/uj.adatbank.ro\/lexikon\/wp-json\/wp\/v2\/comments?post=24378"}],"wp:attachment":[{"href":"https:\/\/uj.adatbank.ro\/lexikon\/wp-json\/wp\/v2\/media?parent=24378"}],"wp:term":[{"taxonomy":"product_brand","embeddable":true,"href":"https:\/\/uj.adatbank.ro\/lexikon\/wp-json\/wp\/v2\/product_brand?post=24378"},{"taxonomy":"product_cat","embeddable":true,"href":"https:\/\/uj.adatbank.ro\/lexikon\/wp-json\/wp\/v2\/product_cat?post=24378"},{"taxonomy":"product_tag","embeddable":true,"href":"https:\/\/uj.adatbank.ro\/lexikon\/wp-json\/wp\/v2\/product_tag?post=24378"}],"curies":[{"name":"wp","href":"https:\/\/api.w.org\/{rel}","templated":true}]}}