{"id":24380,"date":"2025-08-01T18:05:12","date_gmt":"2025-08-01T16:05:12","guid":{"rendered":"https:\/\/uj.adatbank.ro\/lexikon\/termek\/vegh-samuel\/"},"modified":"2025-08-01T18:05:12","modified_gmt":"2025-08-01T16:05:12","slug":"vegh-samuel","status":"publish","type":"product","link":"https:\/\/uj.adatbank.ro\/lexikon\/termek\/vegh-samuel\/","title":{"rendered":"V\u00c9GH S\u00e1muel"},"content":{"rendered":"<p>1806.\u2020 1882. aug. 29.: josz\u00e1gigazgat\u00f3. \u2013 Jogot v\u00e9gzett, dr. A mv.-i Kir.T\u00e1bl\u00e1n b\u00edr\u00f3. A gr. B\u00e1nffy csal\u00e1d birtok\u00e1nak j\u00f3sz\u00e1gigazgat\u00f3ja 40.\u00e9vig. Nem alap\u00edtott csal\u00e1dot. <br \/><strong>\u2013 Irod.:<\/strong> Kelemen.<\/br><\/p>\n","protected":false},"excerpt":{"rendered":"<p>1806.\u2020 1882. aug. 29.: josz\u00e1gigazgat\u00f3. \u2013 Jogot v\u00e9gzett, dr. A mv.-i Kir.T\u00e1bl\u00e1n b\u00edr\u00f3. A gr. B\u00e1nffy csal\u00e1d birtok\u00e1nak j\u00f3sz\u00e1gigazgat\u00f3ja 40.\u00e9vig. Nem alap\u00edtott csal\u00e1dot. \u2013 Irod.: Kelemen.<\/p>\n","protected":false},"featured_media":0,"comment_status":"open","ping_status":"closed","template":"","meta":[],"product_brand":[],"product_cat":[137],"product_tag":[],"class_list":{"0":"post-24380","1":"product","2":"type-product","3":"status-publish","5":"product_cat-maros-megyei-eletrajzi-lexikon","7":"first","8":"instock","9":"shipping-taxable","10":"product-type-simple"},"_links":{"self":[{"href":"https:\/\/uj.adatbank.ro\/lexikon\/wp-json\/wp\/v2\/product\/24380","targetHints":{"allow":["GET"]}}],"collection":[{"href":"https:\/\/uj.adatbank.ro\/lexikon\/wp-json\/wp\/v2\/product"}],"about":[{"href":"https:\/\/uj.adatbank.ro\/lexikon\/wp-json\/wp\/v2\/types\/product"}],"replies":[{"embeddable":true,"href":"https:\/\/uj.adatbank.ro\/lexikon\/wp-json\/wp\/v2\/comments?post=24380"}],"wp:attachment":[{"href":"https:\/\/uj.adatbank.ro\/lexikon\/wp-json\/wp\/v2\/media?parent=24380"}],"wp:term":[{"taxonomy":"product_brand","embeddable":true,"href":"https:\/\/uj.adatbank.ro\/lexikon\/wp-json\/wp\/v2\/product_brand?post=24380"},{"taxonomy":"product_cat","embeddable":true,"href":"https:\/\/uj.adatbank.ro\/lexikon\/wp-json\/wp\/v2\/product_cat?post=24380"},{"taxonomy":"product_tag","embeddable":true,"href":"https:\/\/uj.adatbank.ro\/lexikon\/wp-json\/wp\/v2\/product_tag?post=24380"}],"curies":[{"name":"wp","href":"https:\/\/api.w.org\/{rel}","templated":true}]}}