{"id":24382,"date":"2025-08-01T18:05:19","date_gmt":"2025-08-01T16:05:19","guid":{"rendered":"https:\/\/uj.adatbank.ro\/lexikon\/termek\/vegler-gyula-%c2%a7\/"},"modified":"2025-08-01T18:05:19","modified_gmt":"2025-08-01T16:05:19","slug":"vegler-gyula-%c2%a7","status":"publish","type":"product","link":"https:\/\/uj.adatbank.ro\/lexikon\/termek\/vegler-gyula-%c2%a7\/","title":{"rendered":"V\u00c9GLER Gyula, \u00a7"},"content":{"rendered":"<p>\u00d3-Szivacz (B\u00e1cs-Bodrog, Mo.?), 1853. jan. 23., \u2020 Sz\u00e9kelykereszt\u00far, 1930. j\u00fal. 1.: karmester, zeneszerz\u0151, zenetan\u00e1r. \u2013 V. J\u00e1nos, r. k. k\u00e1ntortan\u00edt\u00f3 \u00e9s Gerner Anna fia. A bp.-i Nemzeti Zened\u00e9ben tanult \u00e9s zongora- \u00e9s zenetanb\u00f3l diplom\u00e1zott (1866\u201370), p\u00e1rhuzamosan v\u00e9gezte a bp.-i f\u0151re\u00e1liskol\u00e1t (1866\u201368). Elfogadta a koronkai gr. Tholdalagi Viktor \u00e1ll\u00e1saj\u00e1nlat\u00e1t \u00e9s zongor\u00e1t, heged\u0171t, n\u00e9met nyelvet \u00e9s rajzott tan\u00edtott (1868\u201370). Koronk\u00e1n volt ad\u00f3szed\u0151 \u00e9s mag\u00e1n zongora\u00f3r\u00e1kat adott, f\u00f6ldm\u0171vesekb\u0151l dalk\u00f6rt szervezett. Mv.-re k\u00f6lt\u00f6z\u00f6tt, itt csal\u00e1dokn\u00e1l zongoratan\u00edt\u00e1st v\u00e1llalt. H\u00e1rman Dics\u0151 B\u00e9l\u00e1val \u00e9s Mentovich Gyul\u00e1val kezdem\u00e9nyezt\u00e9k egy m\u0171kedvel\u0151 zenekar fel\u00e1ll\u00edt\u00e1s\u00e1t \u00e9s fenntart\u00e1s\u00e1t, felh\u00edv\u00e1sukra l\u00e9trej\u00f6tt Mv.-en az els\u0151 szervezett form\u00e1ban m\u0171k\u00f6d\u0151 zenekar, a Mv.-i Zenekedvel\u0151k Egylete (1874). Megv\u00e1lasztott\u00e1k a Mv.-i Zenekedvel\u0151k \u00e9s a Mv.-i Dalk\u00f6r egyletek oktat\u00e1s\u00e1ra \u00e9s vezet\u00e9s\u00e9re (1872\u201376). Voczelka Ede hal\u00e1la ut\u00e1n a Dalk\u00f6r karmestere lett (1874), a Mv.-i Zenekedvel\u0151k Egylet\u00e9nek egyik alap\u00edt\u00f3ja, m\u0171v\u00e9szeti vezet\u0151je, karmestere. A k\u00e9t zenei egylet ir\u00e1ny\u00edt\u00f3jak\u00e9nt (1874\u201376) hat\u00e1ssal volt a mv.-i zenei \u00e9let alak\u00edt\u00e1s\u00e1ra, a vok\u00e1lis \u00e9s hangszeres zene fejl\u0151d\u00e9s\u00e9re, sajnos csak k\u00e9t \u00e9vig, mert v\u00e9gleg t\u00e1vozott a v\u00e1rosb\u00f3l. Tev\u00e9kenys\u00e9g\u00e9nek elismer\u00e9sek\u00e9nt a II. Mv.-i Zenei Napok (1972) kamarazene hangverseny\u00e9t a Szeren\u00e1d von\u00f3s szextettj\u00e9vel nyitott\u00e1k meg. Sz\u00e9kelykereszt\u00faron a m. kir. \u00e1llami tan\u00edt\u00f3k\u00e9pz\u0151 zene- \u00e9s \u00e9nektan\u00e1ra lett nyugd\u00edjaz\u00e1s\u00e1ig (1876. szept. 16.\u20131907), az unit. Gimn.-ban is tan\u00edtott harm\u00f3ni\u00e1t. A v\u00e1ros zenei \u00e9let\u00e9nek ir\u00e1ny\u00edt\u00f3ja, meghat\u00e1roz\u00f3 egy\u00e9nis\u00e9ge. A Sz\u00e9kelykereszt\u00fari Sz\u00e9kely T\u00e1rsas\u00e1g Dalosk\u00f6r\u00e9nek karmestere \u00e9s a Filharmonikus T\u00e1rsas\u00e1g (1911\u2013) tagja hal\u00e1l\u00e1ig. Hangszeres darabokat, kamarazen\u00e9t, n\u00e9pzenei feldolgoz\u00e1sokat \u00edrt, szerzem\u00e9nyei k\u00f6z\u00fcl kiemelkednek k\u00f3rusm\u0171vei pl. V\u00f6r\u00f6smarty Mih\u00e1ly A v\u00e9n cig\u00e1ny c. k\u00f3rusa. <br \/><strong>\u2013 Irod.:<\/strong> Kim; K. Kiss Ferenc: A mv.-i k\u00f3rus\u00e9let m\u00faltj\u00e1r\u00f3l (\u00daj \u00c9let, 1980, 22. sz.); S\u00e1ndor-Zsigmond Ibolya: \u201e\u00c9rdemes talentumokat megsokszoroz\u00f3, sz\u00e9toszt\u00f3, pr\u00f3f\u00e9t\u00e1nak lenni\u2026\u201d: V. Gy. (1853\u20131930) (\u00d6r\u00f6ks\u00e9g\u00fcnk, 2011, 1. sz.); Sz\u00e1sz K\u00e1roly: A Mv.-i Zenekedvel\u0151k Egylete (V. Z., 1972. febr. 6.); Mv. m\u0171v. v\u00e1r.; Zenetudom\u00e1nyi \u00edr\u00e1sok.<\/br><\/p>\n","protected":false},"excerpt":{"rendered":"<p>\u00d3-Szivacz (B\u00e1cs-Bodrog, Mo.?), 1853. jan. 23., \u2020 Sz\u00e9kelykereszt\u00far, 1930. j\u00fal. 1.: karmester, zeneszerz\u0151, zenetan\u00e1r. \u2013 V. J\u00e1nos, r. k. k\u00e1ntortan\u00edt\u00f3 \u00e9s Gerner Anna fia. A bp.-i Nemzeti Zened\u00e9ben tanult \u00e9s zongora- \u00e9s zenetanb\u00f3l diplom\u00e1zott (1866\u201370), p\u00e1rhuzamosan v\u00e9gezte a bp.-i f\u0151re\u00e1liskol\u00e1t (1866\u201368). Elfogadta a koronkai gr. Tholdalagi Viktor \u00e1ll\u00e1saj\u00e1nlat\u00e1t \u00e9s zongor\u00e1t, heged\u0171t, n\u00e9met nyelvet \u00e9s rajzott [&hellip;]<\/p>\n","protected":false},"featured_media":0,"comment_status":"open","ping_status":"closed","template":"","meta":[],"product_brand":[],"product_cat":[137],"product_tag":[],"class_list":{"0":"post-24382","1":"product","2":"type-product","3":"status-publish","5":"product_cat-maros-megyei-eletrajzi-lexikon","7":"first","8":"instock","9":"shipping-taxable","10":"product-type-simple"},"_links":{"self":[{"href":"https:\/\/uj.adatbank.ro\/lexikon\/wp-json\/wp\/v2\/product\/24382","targetHints":{"allow":["GET"]}}],"collection":[{"href":"https:\/\/uj.adatbank.ro\/lexikon\/wp-json\/wp\/v2\/product"}],"about":[{"href":"https:\/\/uj.adatbank.ro\/lexikon\/wp-json\/wp\/v2\/types\/product"}],"replies":[{"embeddable":true,"href":"https:\/\/uj.adatbank.ro\/lexikon\/wp-json\/wp\/v2\/comments?post=24382"}],"wp:attachment":[{"href":"https:\/\/uj.adatbank.ro\/lexikon\/wp-json\/wp\/v2\/media?parent=24382"}],"wp:term":[{"taxonomy":"product_brand","embeddable":true,"href":"https:\/\/uj.adatbank.ro\/lexikon\/wp-json\/wp\/v2\/product_brand?post=24382"},{"taxonomy":"product_cat","embeddable":true,"href":"https:\/\/uj.adatbank.ro\/lexikon\/wp-json\/wp\/v2\/product_cat?post=24382"},{"taxonomy":"product_tag","embeddable":true,"href":"https:\/\/uj.adatbank.ro\/lexikon\/wp-json\/wp\/v2\/product_tag?post=24382"}],"curies":[{"name":"wp","href":"https:\/\/api.w.org\/{rel}","templated":true}]}}

VÉGLER Gyula, §

<p>Ó-Szivacz (Bács-Bodrog, Mo.?), 1853. jan. 23., † Székelykeresztúr, 1930. júl. 1.: karmester, zeneszerző, zenetanár. – V. János, r. k. kántortanító és Gerner Anna fia. A bp.-i Nemzeti Zenedében tanult és zongora- és zenetanból diplomázott (1866–70), párhuzamosan végezte a bp.-i főreáliskolát (1866–68). Elfogadta a koronkai gr. Tholdalagi Viktor állásajánlatát és zongorát, hegedűt, német nyelvet és rajzott tanított (1868–70). Koronkán volt adószedő és magán zongoraórákat adott, földművesekből dalkört szervezett. Mv.-re költözött, itt családoknál zongoratanítást vállalt. Hárman Dicső Bélával és Mentovich Gyulával kezdeményezték egy műkedvelő zenekar felállítását és fenntartását, felhívásukra létrejött Mv.-en az első szervezett formában működő zenekar, a Mv.-i Zenekedvelők Egylete (1874). Megválasztották a Mv.-i Zenekedvelők és a Mv.-i Dalkör egyletek oktatására és vezetésére (1872–76). Voczelka Ede halála után a Dalkör karmestere lett (1874), a Mv.-i Zenekedvelők Egyletének egyik alapítója, művészeti vezetője, karmestere. A két zenei egylet irányítójaként (1874–76) hatással volt a mv.-i zenei élet alakítására, a vokális és hangszeres zene fejlődésére, sajnos csak két évig, mert végleg távozott a városból. Tevékenységének elismeréseként a II. Mv.-i Zenei Napok (1972) kamarazene hangversenyét a Szerenád vonós szextettjével nyitották meg. Székelykeresztúron a m. kir. állami tanítóképző zene- és énektanára lett nyugdíjazásáig (1876. szept. 16.–1907), az unit. Gimn.-ban is tanított harmóniát. A város zenei életének irányítója, meghatározó egyénisége. A Székelykeresztúri Székely Társaság Daloskörének karmestere és a Filharmonikus Társaság (1911–) tagja haláláig. Hangszeres darabokat, kamarazenét, népzenei feldolgozásokat írt, szerzeményei közül kiemelkednek kórusművei pl. Vörösmarty Mihály A vén cigány c. kórusa. <br /><strong>– Irod.:</strong> Kim; K. Kiss Ferenc: A mv.-i kórusélet múltjáról (Új Élet, 1980, 22. sz.); Sándor-Zsigmond Ibolya: „Érdemes talentumokat megsokszorozó, szétosztó, prófétának lenni…”: V. Gy. (1853–1930) (Örökségünk, 2011, 1. sz.); Szász Károly: A Mv.-i Zenekedvelők Egylete (V. Z., 1972. febr. 6.); Mv. műv. vár.; Zenetudományi írások.</br></p>

<p>Ó-Szivacz (Bács-Bodrog, Mo.?), 1853. jan. 23., † Székelykeresztúr, 1930. júl. 1.: karmester, zeneszerző, zenetanár. – V. János, r. k. kántortanító és Gerner Anna fia. A bp.-i Nemzeti Zenedében tanult és zongora- és zenetanból diplomázott (1866–70), párhuzamosan végezte a bp.-i főreáliskolát (1866–68). Elfogadta a koronkai gr. Tholdalagi Viktor állásajánlatát és zongorát, hegedűt, német nyelvet és rajzott [&hellip;]</p>
