{"id":24389,"date":"2025-08-01T18:05:33","date_gmt":"2025-08-01T16:05:33","guid":{"rendered":"https:\/\/uj.adatbank.ro\/lexikon\/termek\/vekony-ildiko-ingrid\/"},"modified":"2025-08-01T18:05:33","modified_gmt":"2025-08-01T16:05:33","slug":"vekony-ildiko-ingrid","status":"publish","type":"product","link":"https:\/\/uj.adatbank.ro\/lexikon\/termek\/vekony-ildiko-ingrid\/","title":{"rendered":"V\u00c9KONY Ildik\u00f3 Ingrid"},"content":{"rendered":"<p>Mv., 1949? \u2020 Mv., 2003. szept. 1.: zenetan\u00e1r. \u2013 A mv.-i Bolyai L\u00edc.-ban v\u00e9gzett rom\u00e1n tannyelv\u0171 filol\u00f3gia oszt.-ban (1967). A ia\u015fi-i Konzervat\u00f3riumban zenetan\u00e1ri szakon v\u00e9gzett. Zenetan\u00e1r volt Lib\u00e1nfalv\u00e1n, Jedden \u00e9s Koronk\u00e1ban. A mv.-i N\u00e9pi M\u0171v\u00e9szeti iskol\u00e1ban tan\u00edtott zongor\u00e1t \u00e9s korrepet\u00e1lt. <br \/><strong>\u2013 Irod.:<\/strong> [Nekrol\u00f3g] (N\u00fa., 2003. szept. 4.); inf. Elekes M\u00e1rta, Kov\u00e1cs Zsuzsa zenetan\u00e1rn\u0151kt\u0151l.<\/br><\/p>\n","protected":false},"excerpt":{"rendered":"<p>Mv., 1949? \u2020 Mv., 2003. szept. 1.: zenetan\u00e1r. \u2013 A mv.-i Bolyai L\u00edc.-ban v\u00e9gzett rom\u00e1n tannyelv\u0171 filol\u00f3gia oszt.-ban (1967). A ia\u015fi-i Konzervat\u00f3riumban zenetan\u00e1ri szakon v\u00e9gzett. Zenetan\u00e1r volt Lib\u00e1nfalv\u00e1n, Jedden \u00e9s Koronk\u00e1ban. A mv.-i N\u00e9pi M\u0171v\u00e9szeti iskol\u00e1ban tan\u00edtott zongor\u00e1t \u00e9s korrepet\u00e1lt. \u2013 Irod.: [Nekrol\u00f3g] (N\u00fa., 2003. szept. 4.); inf. Elekes M\u00e1rta, Kov\u00e1cs Zsuzsa zenetan\u00e1rn\u0151kt\u0151l.<\/p>\n","protected":false},"featured_media":0,"comment_status":"open","ping_status":"closed","template":"","meta":[],"product_brand":[],"product_cat":[137],"product_tag":[],"class_list":{"0":"post-24389","1":"product","2":"type-product","3":"status-publish","5":"product_cat-maros-megyei-eletrajzi-lexikon","7":"first","8":"instock","9":"shipping-taxable","10":"product-type-simple"},"_links":{"self":[{"href":"https:\/\/uj.adatbank.ro\/lexikon\/wp-json\/wp\/v2\/product\/24389","targetHints":{"allow":["GET"]}}],"collection":[{"href":"https:\/\/uj.adatbank.ro\/lexikon\/wp-json\/wp\/v2\/product"}],"about":[{"href":"https:\/\/uj.adatbank.ro\/lexikon\/wp-json\/wp\/v2\/types\/product"}],"replies":[{"embeddable":true,"href":"https:\/\/uj.adatbank.ro\/lexikon\/wp-json\/wp\/v2\/comments?post=24389"}],"wp:attachment":[{"href":"https:\/\/uj.adatbank.ro\/lexikon\/wp-json\/wp\/v2\/media?parent=24389"}],"wp:term":[{"taxonomy":"product_brand","embeddable":true,"href":"https:\/\/uj.adatbank.ro\/lexikon\/wp-json\/wp\/v2\/product_brand?post=24389"},{"taxonomy":"product_cat","embeddable":true,"href":"https:\/\/uj.adatbank.ro\/lexikon\/wp-json\/wp\/v2\/product_cat?post=24389"},{"taxonomy":"product_tag","embeddable":true,"href":"https:\/\/uj.adatbank.ro\/lexikon\/wp-json\/wp\/v2\/product_tag?post=24389"}],"curies":[{"name":"wp","href":"https:\/\/api.w.org\/{rel}","templated":true}]}}