{"id":24391,"date":"2025-08-01T18:05:39","date_gmt":"2025-08-01T16:05:39","guid":{"rendered":"https:\/\/uj.adatbank.ro\/lexikon\/termek\/velciov-peter\/"},"modified":"2025-08-01T18:05:39","modified_gmt":"2025-08-01T16:05:39","slug":"velciov-peter","status":"publish","type":"product","link":"https:\/\/uj.adatbank.ro\/lexikon\/termek\/velciov-peter\/","title":{"rendered":"VELCIOV P\u00e9ter"},"content":{"rendered":"<p>Mv., 1927., \u2020 Mv., 2007.: orvos. \u2013 Korcsev Nedelk\u00f3 (1908\u20131989) \u00e9s M\u00e1ria (1916\u20131991) fia. Bolg\u00e1r sz\u00e1rmaz\u00e1s\u00faak. Feles\u00e9ge: Tak\u00e1cs Gizella (1924\u20132016). \u2013 Mv.-i bolg\u00e1rkert\u00e9sz csal\u00e1db\u00f3l sz\u00e1rmazott. A diktat\u00fara \u00e9veiben b\u00e9relt f\u00f6ldjeiket kisaj\u00e1t\u00edtott\u00e1k, termel\u0151eszk\u00f6zeiket elkobozt\u00e1k. A Velciov sz\u00fcl\u0151ket is kizs\u00e1km\u00e1nyol\u00f3knak tekintett\u00e9k \u00e9s ez\u00e9rt k\u00e9s\u0151bb vett\u00e9k fel egyetemi hallgat\u00f3nak, 32 \u00e9ves kor\u00e1ban v\u00e9gzett (1960). Erd\u0151szentgy\u00f6rgy\u00f6n volt a Poliklinika r\u00f6ntgenorvosa. <br \/><strong>\u2013 Irod.:<\/strong> Kiss\u2013P\u00e9terffy\u2013P\u00e9terffy; Nagy Zsolt: M\u0171kert\u00e9szek, kert\u00e9sz-v\u00e1llalkoz\u00f3k a 19\u201320. sz\u00e1zadi Mv.-en. = Maros megyei t\u00f6rt.<\/br><\/p>\n","protected":false},"excerpt":{"rendered":"<p>Mv., 1927., \u2020 Mv., 2007.: orvos. \u2013 Korcsev Nedelk\u00f3 (1908\u20131989) \u00e9s M\u00e1ria (1916\u20131991) fia. Bolg\u00e1r sz\u00e1rmaz\u00e1s\u00faak. Feles\u00e9ge: Tak\u00e1cs Gizella (1924\u20132016). \u2013 Mv.-i bolg\u00e1rkert\u00e9sz csal\u00e1db\u00f3l sz\u00e1rmazott. A diktat\u00fara \u00e9veiben b\u00e9relt f\u00f6ldjeiket kisaj\u00e1t\u00edtott\u00e1k, termel\u0151eszk\u00f6zeiket elkobozt\u00e1k. A Velciov sz\u00fcl\u0151ket is kizs\u00e1km\u00e1nyol\u00f3knak tekintett\u00e9k \u00e9s ez\u00e9rt k\u00e9s\u0151bb vett\u00e9k fel egyetemi hallgat\u00f3nak, 32 \u00e9ves kor\u00e1ban v\u00e9gzett (1960). Erd\u0151szentgy\u00f6rgy\u00f6n volt a Poliklinika [&hellip;]<\/p>\n","protected":false},"featured_media":0,"comment_status":"open","ping_status":"closed","template":"","meta":[],"product_brand":[],"product_cat":[137],"product_tag":[],"class_list":{"0":"post-24391","1":"product","2":"type-product","3":"status-publish","5":"product_cat-maros-megyei-eletrajzi-lexikon","7":"first","8":"instock","9":"shipping-taxable","10":"product-type-simple"},"_links":{"self":[{"href":"https:\/\/uj.adatbank.ro\/lexikon\/wp-json\/wp\/v2\/product\/24391","targetHints":{"allow":["GET"]}}],"collection":[{"href":"https:\/\/uj.adatbank.ro\/lexikon\/wp-json\/wp\/v2\/product"}],"about":[{"href":"https:\/\/uj.adatbank.ro\/lexikon\/wp-json\/wp\/v2\/types\/product"}],"replies":[{"embeddable":true,"href":"https:\/\/uj.adatbank.ro\/lexikon\/wp-json\/wp\/v2\/comments?post=24391"}],"wp:attachment":[{"href":"https:\/\/uj.adatbank.ro\/lexikon\/wp-json\/wp\/v2\/media?parent=24391"}],"wp:term":[{"taxonomy":"product_brand","embeddable":true,"href":"https:\/\/uj.adatbank.ro\/lexikon\/wp-json\/wp\/v2\/product_brand?post=24391"},{"taxonomy":"product_cat","embeddable":true,"href":"https:\/\/uj.adatbank.ro\/lexikon\/wp-json\/wp\/v2\/product_cat?post=24391"},{"taxonomy":"product_tag","embeddable":true,"href":"https:\/\/uj.adatbank.ro\/lexikon\/wp-json\/wp\/v2\/product_tag?post=24391"}],"curies":[{"name":"wp","href":"https:\/\/api.w.org\/{rel}","templated":true}]}}

VELCIOV Péter

<p>Mv., 1927., † Mv., 2007.: orvos. – Korcsev Nedelkó (1908–1989) és Mária (1916–1991) fia. Bolgár származásúak. Felesége: Takács Gizella (1924–2016). – Mv.-i bolgárkertész családból származott. A diktatúra éveiben bérelt földjeiket kisajátították, termelőeszközeiket elkobozták. A Velciov szülőket is kizsákmányolóknak tekintették és ezért később vették fel egyetemi hallgatónak, 32 éves korában végzett (1960). Erdőszentgyörgyön volt a Poliklinika röntgenorvosa. <br /><strong>– Irod.:</strong> Kiss–Péterffy–Péterffy; Nagy Zsolt: Műkertészek, kertész-vállalkozók a 19–20. századi Mv.-en. = Maros megyei tört.</br></p>

<p>Mv., 1927., † Mv., 2007.: orvos. – Korcsev Nedelkó (1908–1989) és Mária (1916–1991) fia. Bolgár származásúak. Felesége: Takács Gizella (1924–2016). – Mv.-i bolgárkertész családból származott. A diktatúra éveiben bérelt földjeiket kisajátították, termelőeszközeiket elkobozták. A Velciov szülőket is kizsákmányolóknak tekintették és ezért később vették fel egyetemi hallgatónak, 32 éves korában végzett (1960). Erdőszentgyörgyön volt a Poliklinika [&hellip;]</p>
