{"id":24393,"date":"2025-08-01T18:05:43","date_gmt":"2025-08-01T16:05:43","guid":{"rendered":"https:\/\/uj.adatbank.ro\/lexikon\/termek\/velican-camil\/"},"modified":"2025-08-01T18:05:43","modified_gmt":"2025-08-01T16:05:43","slug":"velican-camil","status":"publish","type":"product","link":"https:\/\/uj.adatbank.ro\/lexikon\/termek\/velican-camil\/","title":{"rendered":"VELICAN, Camil"},"content":{"rendered":"<p>Mv., 1878. dec. 18., \u2020 Gyulafeh\u00e9rv\u00e1r, 1937. j\u00fan. 12.: \u00fcgyv\u00e9d. \u2013 L\u00edceumot Gyulafeh\u00e9rv\u00e1ron \u00e9s Bal\u00e1zsfalv\u00e1n, tiszti iskol\u00e1t, jogot Kv.-on a FJTE-en (1900\u20131901) \u00e9s Bp.-en v\u00e9gzett, jogi doktor\u00e1tust szerzett (1902. m\u00e1rc. 3.). Bp-en a Petru Maior Irodalmi T\u00e1rsas\u00e1g tagja volt (1898\u20131899). R\u00e9szt vett a rom\u00e1n nemzeti mozgalmakban. A gyulafeh\u00e9rv\u00e1ri Kongreg\u00e1ci\u00f3 tagja volt. Polg\u00e1rmester Mv.-en (1918. dec. 4. \u2013 1919. nov.) \u00e9s Feh\u00e9r megye f\u0151isp\u00e1nja (1922\u201326 k\u00f6r\u00fcl). T\u00f6bb t\u00f6rv\u00e9nyhoz\u00e1si ciklusban k\u00e9pvisel\u0151 volt. <br \/><strong>\u2013 Irod.:<\/strong> Politics and political parties in Roumania (London, 1936); Predescu; Raport anual al Soc. De Lectur\u0103 Petru Maior din Budapesta pe anul administrativ 1898\u201399 (Bp., 1899); Sigmirean; Todea 2013.<\/br><\/p>\n","protected":false},"excerpt":{"rendered":"<p>Mv., 1878. dec. 18., \u2020 Gyulafeh\u00e9rv\u00e1r, 1937. j\u00fan. 12.: \u00fcgyv\u00e9d. \u2013 L\u00edceumot Gyulafeh\u00e9rv\u00e1ron \u00e9s Bal\u00e1zsfalv\u00e1n, tiszti iskol\u00e1t, jogot Kv.-on a FJTE-en (1900\u20131901) \u00e9s Bp.-en v\u00e9gzett, jogi doktor\u00e1tust szerzett (1902. m\u00e1rc. 3.). Bp-en a Petru Maior Irodalmi T\u00e1rsas\u00e1g tagja volt (1898\u20131899). R\u00e9szt vett a rom\u00e1n nemzeti mozgalmakban. A gyulafeh\u00e9rv\u00e1ri Kongreg\u00e1ci\u00f3 tagja volt. Polg\u00e1rmester Mv.-en (1918. dec. [&hellip;]<\/p>\n","protected":false},"featured_media":0,"comment_status":"open","ping_status":"closed","template":"","meta":[],"product_brand":[],"product_cat":[137],"product_tag":[],"class_list":{"0":"post-24393","1":"product","2":"type-product","3":"status-publish","5":"product_cat-maros-megyei-eletrajzi-lexikon","7":"first","8":"instock","9":"shipping-taxable","10":"product-type-simple"},"_links":{"self":[{"href":"https:\/\/uj.adatbank.ro\/lexikon\/wp-json\/wp\/v2\/product\/24393","targetHints":{"allow":["GET"]}}],"collection":[{"href":"https:\/\/uj.adatbank.ro\/lexikon\/wp-json\/wp\/v2\/product"}],"about":[{"href":"https:\/\/uj.adatbank.ro\/lexikon\/wp-json\/wp\/v2\/types\/product"}],"replies":[{"embeddable":true,"href":"https:\/\/uj.adatbank.ro\/lexikon\/wp-json\/wp\/v2\/comments?post=24393"}],"wp:attachment":[{"href":"https:\/\/uj.adatbank.ro\/lexikon\/wp-json\/wp\/v2\/media?parent=24393"}],"wp:term":[{"taxonomy":"product_brand","embeddable":true,"href":"https:\/\/uj.adatbank.ro\/lexikon\/wp-json\/wp\/v2\/product_brand?post=24393"},{"taxonomy":"product_cat","embeddable":true,"href":"https:\/\/uj.adatbank.ro\/lexikon\/wp-json\/wp\/v2\/product_cat?post=24393"},{"taxonomy":"product_tag","embeddable":true,"href":"https:\/\/uj.adatbank.ro\/lexikon\/wp-json\/wp\/v2\/product_tag?post=24393"}],"curies":[{"name":"wp","href":"https:\/\/api.w.org\/{rel}","templated":true}]}}

<p>Mv., 1878. dec. 18., † Gyulafehérvár, 1937. jún. 12.: ügyvéd. – Líceumot Gyulafehérváron és Balázsfalván, tiszti iskolát, jogot Kv.-on a FJTE-en (1900–1901) és Bp.-en végzett, jogi doktorátust szerzett (1902. márc. 3.). Bp-en a Petru Maior Irodalmi Társaság tagja volt (1898–1899). Részt vett a román nemzeti mozgalmakban. A gyulafehérvári Kongregáció tagja volt. Polgármester Mv.-en (1918. dec. 4. – 1919. nov.) és Fehér megye főispánja (1922–26 körül). Több törvényhozási ciklusban képviselő volt. <br /><strong>– Irod.:</strong> Politics and political parties in Roumania (London, 1936); Predescu; Raport anual al Soc. De Lectură Petru Maior din Budapesta pe anul administrativ 1898–99 (Bp., 1899); Sigmirean; Todea 2013.</br></p>

<p>Mv., 1878. dec. 18., † Gyulafehérvár, 1937. jún. 12.: ügyvéd. – Líceumot Gyulafehérváron és Balázsfalván, tiszti iskolát, jogot Kv.-on a FJTE-en (1900–1901) és Bp.-en végzett, jogi doktorátust szerzett (1902. márc. 3.). Bp-en a Petru Maior Irodalmi Társaság tagja volt (1898–1899). Részt vett a román nemzeti mozgalmakban. A gyulafehérvári Kongregáció tagja volt. Polgármester Mv.-en (1918. dec. [&hellip;]</p>
