{"id":24394,"date":"2025-08-01T18:05:45","date_gmt":"2025-08-01T16:05:45","guid":{"rendered":"https:\/\/uj.adatbank.ro\/lexikon\/termek\/velicsek-andras\/"},"modified":"2025-08-01T18:05:45","modified_gmt":"2025-08-01T16:05:45","slug":"velicsek-andras","status":"publish","type":"product","link":"https:\/\/uj.adatbank.ro\/lexikon\/termek\/velicsek-andras\/","title":{"rendered":"VELICSEK Andr\u00e1s"},"content":{"rendered":"<p>Nagyszemlak, 1919, okt. 23. \u2020\u00a0Mv., 1991.: f\u00f6ldbirtokos, agr\u00e1rm\u00e9rn\u00f6k. \u2013 Temesv\u00e1rr\u00f3l hurcolt\u00e1k Mv.-re k\u00e9nyszerlakhelyre (1948. m\u00e1rc. 3.) feles\u00e9g\u00e9vel G\u00e1lna Gabriell\u00e1val \u00e9s p\u00e1r h\u00f3napos fi\u00e1val egy\u00fctt. Csak alkalmi munk\u00e1sok lehettek (1954-ig). A Kal\u00e1ka m\u00e9rn\u00f6kk\u00e9nt alkalmazta (1954\u201358. febr.). K\u00e1d\u00e1r J\u00e1nos mv.-i l\u00e1togat\u00e1sa (1958. febr. 25.) alkalm\u00e1val Nagy S\u00e1muel t\u00e1rsas\u00e1g\u00e1ban volt, aki a v\u00e1d szerint \u201eidegen \u00e1llamf\u0151 ellen elk\u00f6vetend\u0151 mer\u00e9nyletre k\u00e9sz\u00fclt\u201d, ennek fel nem jelent\u00e9se v\u00e1dj\u00e1val 10 \u00e9v b\u00f6rt\u00f6nb\u00fcntet\u00e9sre \u00edt\u00e9lt\u00e9k, amneszti\u00e1val szabadult (1964). \u00dajra dolgozhatott, k\u00e9tszer kapott \u00e1llami kit\u00fcntet\u00e9st. <br \/><strong>\u2013 Irod.:<\/strong> \u00c1ldozatok; G\u00e1l.<\/br><\/p>\n","protected":false},"excerpt":{"rendered":"<p>Nagyszemlak, 1919, okt. 23. \u2020\u00a0Mv., 1991.: f\u00f6ldbirtokos, agr\u00e1rm\u00e9rn\u00f6k. \u2013 Temesv\u00e1rr\u00f3l hurcolt\u00e1k Mv.-re k\u00e9nyszerlakhelyre (1948. m\u00e1rc. 3.) feles\u00e9g\u00e9vel G\u00e1lna Gabriell\u00e1val \u00e9s p\u00e1r h\u00f3napos fi\u00e1val egy\u00fctt. Csak alkalmi munk\u00e1sok lehettek (1954-ig). A Kal\u00e1ka m\u00e9rn\u00f6kk\u00e9nt alkalmazta (1954\u201358. febr.). K\u00e1d\u00e1r J\u00e1nos mv.-i l\u00e1togat\u00e1sa (1958. febr. 25.) alkalm\u00e1val Nagy S\u00e1muel t\u00e1rsas\u00e1g\u00e1ban volt, aki a v\u00e1d szerint \u201eidegen \u00e1llamf\u0151 ellen elk\u00f6vetend\u0151 [&hellip;]<\/p>\n","protected":false},"featured_media":0,"comment_status":"open","ping_status":"closed","template":"","meta":[],"product_brand":[],"product_cat":[137],"product_tag":[],"class_list":{"0":"post-24394","1":"product","2":"type-product","3":"status-publish","5":"product_cat-maros-megyei-eletrajzi-lexikon","7":"first","8":"instock","9":"shipping-taxable","10":"product-type-simple"},"_links":{"self":[{"href":"https:\/\/uj.adatbank.ro\/lexikon\/wp-json\/wp\/v2\/product\/24394","targetHints":{"allow":["GET"]}}],"collection":[{"href":"https:\/\/uj.adatbank.ro\/lexikon\/wp-json\/wp\/v2\/product"}],"about":[{"href":"https:\/\/uj.adatbank.ro\/lexikon\/wp-json\/wp\/v2\/types\/product"}],"replies":[{"embeddable":true,"href":"https:\/\/uj.adatbank.ro\/lexikon\/wp-json\/wp\/v2\/comments?post=24394"}],"wp:attachment":[{"href":"https:\/\/uj.adatbank.ro\/lexikon\/wp-json\/wp\/v2\/media?parent=24394"}],"wp:term":[{"taxonomy":"product_brand","embeddable":true,"href":"https:\/\/uj.adatbank.ro\/lexikon\/wp-json\/wp\/v2\/product_brand?post=24394"},{"taxonomy":"product_cat","embeddable":true,"href":"https:\/\/uj.adatbank.ro\/lexikon\/wp-json\/wp\/v2\/product_cat?post=24394"},{"taxonomy":"product_tag","embeddable":true,"href":"https:\/\/uj.adatbank.ro\/lexikon\/wp-json\/wp\/v2\/product_tag?post=24394"}],"curies":[{"name":"wp","href":"https:\/\/api.w.org\/{rel}","templated":true}]}}

VELICSEK András

<p>Nagyszemlak, 1919, okt. 23. † Mv., 1991.: földbirtokos, agrármérnök. – Temesvárról hurcolták Mv.-re kényszerlakhelyre (1948. márc. 3.) feleségével Gálna Gabriellával és pár hónapos fiával együtt. Csak alkalmi munkások lehettek (1954-ig). A Kaláka mérnökként alkalmazta (1954–58. febr.). Kádár János mv.-i látogatása (1958. febr. 25.) alkalmával Nagy Sámuel társaságában volt, aki a vád szerint „idegen államfő ellen elkövetendő merényletre készült”, ennek fel nem jelentése vádjával 10 év börtönbüntetésre ítélték, amnesztiával szabadult (1964). Újra dolgozhatott, kétszer kapott állami kitüntetést. <br /><strong>– Irod.:</strong> Áldozatok; Gál.</br></p>

<p>Nagyszemlak, 1919, okt. 23. † Mv., 1991.: földbirtokos, agrármérnök. – Temesvárról hurcolták Mv.-re kényszerlakhelyre (1948. márc. 3.) feleségével Gálna Gabriellával és pár hónapos fiával együtt. Csak alkalmi munkások lehettek (1954-ig). A Kaláka mérnökként alkalmazta (1954–58. febr.). Kádár János mv.-i látogatása (1958. febr. 25.) alkalmával Nagy Sámuel társaságában volt, aki a vád szerint „idegen államfő ellen elkövetendő [&hellip;]</p>
