{"id":24397,"date":"2025-08-01T18:05:53","date_gmt":"2025-08-01T16:05:53","guid":{"rendered":"https:\/\/uj.adatbank.ro\/lexikon\/termek\/venczel-lajos\/"},"modified":"2025-08-01T18:05:53","modified_gmt":"2025-08-01T16:05:53","slug":"venczel-lajos","status":"publish","type":"product","link":"https:\/\/uj.adatbank.ro\/lexikon\/termek\/venczel-lajos\/","title":{"rendered":"VENCZEL Lajos"},"content":{"rendered":"<p>Korond, 1941. okt. 23., \u2020\u00a0Sz\u00e9kelyudvarhely, 1998. febr. 15. Korondon temett\u00e9k: r.k. pap. \u2013 Gyulafeh\u00e9rv\u00e1ron tanult, papp\u00e1 szentelt\u00e9k (1966. \u00e1pr. 17.). Ny\u00e1r\u00e1dremet\u00e9n volt pap (1982\u20131990). Szolg\u00e1lata ideje alatt ker\u00fclt sor a ny\u00e1r\u00e1dremetei templom belsej\u00e9nek \u00e1talak\u00edt\u00e1s\u00e1ra, a k\u00fcls\u0151 falak renov\u00e1l\u00e1s\u00e1ra, k\u00f6r\u00fcl\u00f6tte j\u00e1rda\u00e9p\u00edt\u00e9sre \u00e9s a templom \u00faj b\u00fatorzattal val\u00f3 ell\u00e1t\u00e1s\u00e1ra. Kezdem\u00e9nyezte a v\u00e1rmezei templom fel\u00faj\u00edt\u00e1s\u00e1t \u00e9s a remetei paplak b\u0151v\u00edt\u00e9s\u00e9t is, amely munk\u00e1latokat el is v\u00e9geztetett. K\u00e9rte az \u00e1thelyez\u00e9s\u00e9t \u00e9s Gyergy\u00f3teker\u0151patakra t\u00e1vozott (1990. szept.\u2013), majd onnan M\u00e1r\u00e9falv\u00e1ra (1996\u2013). <br \/><strong>\u2013 Irod.:<\/strong> Ferenczi S\u00e1ndor 2009; Maros-k\u00fck\u00fcll\u0151i f\u0151esp.; Ny\u00e1r\u00e1dremete; [Nekrol\u00f3g] (N\u00fa., 1998. febr. 17.).<\/br><\/p>\n","protected":false},"excerpt":{"rendered":"<p>Korond, 1941. okt. 23., \u2020\u00a0Sz\u00e9kelyudvarhely, 1998. febr. 15. Korondon temett\u00e9k: r.k. pap. \u2013 Gyulafeh\u00e9rv\u00e1ron tanult, papp\u00e1 szentelt\u00e9k (1966. \u00e1pr. 17.). Ny\u00e1r\u00e1dremet\u00e9n volt pap (1982\u20131990). Szolg\u00e1lata ideje alatt ker\u00fclt sor a ny\u00e1r\u00e1dremetei templom belsej\u00e9nek \u00e1talak\u00edt\u00e1s\u00e1ra, a k\u00fcls\u0151 falak renov\u00e1l\u00e1s\u00e1ra, k\u00f6r\u00fcl\u00f6tte j\u00e1rda\u00e9p\u00edt\u00e9sre \u00e9s a templom \u00faj b\u00fatorzattal val\u00f3 ell\u00e1t\u00e1s\u00e1ra. Kezdem\u00e9nyezte a v\u00e1rmezei templom fel\u00faj\u00edt\u00e1s\u00e1t \u00e9s a remetei [&hellip;]<\/p>\n","protected":false},"featured_media":0,"comment_status":"open","ping_status":"closed","template":"","meta":[],"product_brand":[],"product_cat":[137],"product_tag":[],"class_list":{"0":"post-24397","1":"product","2":"type-product","3":"status-publish","5":"product_cat-maros-megyei-eletrajzi-lexikon","7":"first","8":"instock","9":"shipping-taxable","10":"product-type-simple"},"_links":{"self":[{"href":"https:\/\/uj.adatbank.ro\/lexikon\/wp-json\/wp\/v2\/product\/24397","targetHints":{"allow":["GET"]}}],"collection":[{"href":"https:\/\/uj.adatbank.ro\/lexikon\/wp-json\/wp\/v2\/product"}],"about":[{"href":"https:\/\/uj.adatbank.ro\/lexikon\/wp-json\/wp\/v2\/types\/product"}],"replies":[{"embeddable":true,"href":"https:\/\/uj.adatbank.ro\/lexikon\/wp-json\/wp\/v2\/comments?post=24397"}],"wp:attachment":[{"href":"https:\/\/uj.adatbank.ro\/lexikon\/wp-json\/wp\/v2\/media?parent=24397"}],"wp:term":[{"taxonomy":"product_brand","embeddable":true,"href":"https:\/\/uj.adatbank.ro\/lexikon\/wp-json\/wp\/v2\/product_brand?post=24397"},{"taxonomy":"product_cat","embeddable":true,"href":"https:\/\/uj.adatbank.ro\/lexikon\/wp-json\/wp\/v2\/product_cat?post=24397"},{"taxonomy":"product_tag","embeddable":true,"href":"https:\/\/uj.adatbank.ro\/lexikon\/wp-json\/wp\/v2\/product_tag?post=24397"}],"curies":[{"name":"wp","href":"https:\/\/api.w.org\/{rel}","templated":true}]}}

<p>Korond, 1941. okt. 23., † Székelyudvarhely, 1998. febr. 15. Korondon temették: r.k. pap. – Gyulafehérváron tanult, pappá szentelték (1966. ápr. 17.). Nyárádremetén volt pap (1982–1990). Szolgálata ideje alatt került sor a nyárádremetei templom belsejének átalakítására, a külső falak renoválására, körülötte járdaépítésre és a templom új bútorzattal való ellátására. Kezdeményezte a vármezei templom felújítását és a remetei paplak bővítését is, amely munkálatokat el is végeztetett. Kérte az áthelyezését és Gyergyótekerőpatakra távozott (1990. szept.–), majd onnan Máréfalvára (1996–). <br /><strong>– Irod.:</strong> Ferenczi Sándor 2009; Maros-küküllői főesp.; Nyárádremete; [Nekrológ] (Nú., 1998. febr. 17.).</br></p>

<p>Korond, 1941. okt. 23., † Székelyudvarhely, 1998. febr. 15. Korondon temették: r.k. pap. – Gyulafehérváron tanult, pappá szentelték (1966. ápr. 17.). Nyárádremetén volt pap (1982–1990). Szolgálata ideje alatt került sor a nyárádremetei templom belsejének átalakítására, a külső falak renoválására, körülötte járdaépítésre és a templom új bútorzattal való ellátására. Kezdeményezte a vármezei templom felújítását és a remetei [&hellip;]</p>
