{"id":24400,"date":"2025-08-01T18:06:02","date_gmt":"2025-08-01T16:06:02","guid":{"rendered":"https:\/\/uj.adatbank.ro\/lexikon\/termek\/vendeg-vince-%c2%a7\/"},"modified":"2025-08-01T18:06:02","modified_gmt":"2025-08-01T16:06:02","slug":"vendeg-vince-%c2%a7","status":"publish","type":"product","link":"https:\/\/uj.adatbank.ro\/lexikon\/termek\/vendeg-vince-%c2%a7\/","title":{"rendered":"VEND\u00c9G Vince, \u00a7"},"content":{"rendered":"<p>K\u00e9m\u00e9nd, 1903. aug. 27., \u2020 Mv., 1974. j\u00fal. 7. A marosszentgy\u00f6rgyi r. k. templom s\u00edrkertj\u00e9ben nyugszik: orvos, f\u00fcl-orr-g\u00e9g\u00e9sz, v\u00edruskutat\u00f3, egyetemi tan\u00e1r. \u2013 A k\u00f6z\u00e9piskol\u00e1t Bp.-en v\u00e9gezte (1922), orvosi diplom\u00e1t a p\u00e9csi egyetemen szerzett (1929). M\u00e1r egyetemi hallgat\u00f3k\u00e9nt gyakornok volt a K\u00f6zeg\u00e9szs\u00e9gtani Int\u00e9zetben, tanulm\u00e1nyai v\u00e9gezt\u00e9vel tan\u00e1rseg\u00e9d (1929\u201332), majd a F\u00fcl-Orr-G\u00e9g\u00e9szeti Klinik\u00e1n (1932\u201340).). Az anyagcsere-folyamatok \u00e9s azok \u00e9lettani \u00e9s k\u00f3ros viszonyok k\u00f6z\u00f6tti befoly\u00e1solhat\u00f3s\u00e1ga t\u00e1rgyk\u00f6rben mag\u00e1ntan\u00e1rr\u00e1 habilit\u00e1lt\u00e1k (1938\u2013). Szakorvosi k\u00e9pes\u00edt\u00e9se megszerz\u00e9se ut\u00e1n Nagyv\u00e1radon dolgozott majd a kv.-i I. FJTE klinik\u00e1j\u00e1n adjunktus (1940\u201346). Az orvosi egyetemmel egy\u00fctt Mv.-re k\u00f6lt\u00f6z\u00f6tt (1945\u2013), el\u0151bb el\u0151ad\u00f3tan\u00e1rk\u00e9nt k\u00e9s\u0151bb prof.-k\u00e9nt vezette a F\u00fcl-Orr-G\u00e9g\u00e9szeti Klinik\u00e1t nyugd\u00edjaz\u00e1s\u00e1ig (1946\u20131971). Els\u0151 \u00edr\u00e1s\u00e1ban az inzulin hat\u00e1s\u00e1val foglalkozott, ez N\u00e9meto.-ban jelent meg a Pfl\u00fcgers Archiv f\u00fcr die gesammte Physiologie der Menschen und Tiere c. foly\u00f3iratban (1935). Ezt k\u00f6vet\u0151en nemzetk\u00f6zi h\u00edrn\u00e9vre tett szert a cukor-anyagcser\u00e9vel kapcsolatos dolgozataival (1925\u201340). F\u00fcl-orr-g\u00e9g\u00e9szeti vonatkoz\u00e1s\u00fa cikkei az EME Orvostudom\u00e1nyi \u00c9rtes\u00edt\u0151je, a Revue des Sciences Oto-rhino-laringologiques, Revista Rom\u00e2n\u0103 de ORL, Ardealul Medical, Clinica et Laboratorium, Chirurgia, Magyar Seb\u00e9szet, Orvosi Szemle-Revista Medical\u0103, Dermato-venerologie, B\u0151rgy\u00f3gy\u00e1szati \u00e9s Veneorol\u00f3giai Szemle, Nature (London), Oto-rino-laringologie c foly\u00f3iratokban jelentek meg. \u00datt\u00f6r\u0151 megfigyel\u00e9seit \u00e9s elm\u00e9let\u00e9t a n\u00f6v\u00e9nyi, \u00e1llati \u00e9s emberi v\u00edrusos megbeteged\u00e9sek k\u00f6z\u00f6s eredet\u00e9r\u0151l t\u00f6bb dolgozatban k\u00f6z\u00f6lte hazai \u00e9s k\u00fclf\u00f6ldi szakfoly\u00f3iratokban, valamint n\u00e9met, sv\u00e1jci, sv\u00e9d, francia \u00e9s hazai tanulm\u00e1nyk\u00f6tetekben (1951\u2013). P\u00e1ly\u00e1ja elej\u00e9n sejt- \u00e9s sz\u00f6vetl\u00e9gz\u00e9si gyakorlatokat v\u00e9gzett. A herpes zooster oticusra vonatkoz\u00f3 meg\u00e1llap\u00edt\u00e1sai\u00e9rt a Rom\u00e1n Akad. k\u00fcl\u00f6n laborat\u00f3riumot bocs\u00e1tott rendelkez\u00e9s\u00e9re. \u2013  <strong>F. m..:<\/strong> Das Wesen der Insulinwirkung (P\u00e9cs, 1935); A vestibularis resectio jellemz\u0151 elt\u00e9r\u00e9sei sklerosis multiplexben (Cluj, 1948); Altera\u0163iunile caracteristice ale reac\u0163iunii vestibulare \u00een scleroza \u00een pl\u0103ci (Cluj, 1948);  <strong>t\u00e1rssz.:<\/strong> A streptococcus haemoliticus szerepe az Angina Plant-Vincenti el\u0151id\u00e9z\u00e9s\u00e9ben (Magyari Bertalannal; Kv., 1946); Az orr-, torok-, garat\u00fcregi l\u00e9pfene t\u00fcnettana \u00e9s kezel\u00e9se (Magyari Bertalannal; Kv., 1946); \u00d6sszef\u00fcgg\u00e9sek a p\u00f6rk\u00f6s\u00f6d\u00e9ssel \u00e9s atrophi\u00e1val j\u00e1r\u00f3 orrbetegs\u00e9gek \u00e9s acut rhinitisek k\u00f6z\u00f6tt (Magyari Bertalannal; Kv., 1946); A vestibularis resectio jellemz\u0151 eltr\u00e9sei sklerosis multiplexben F\u00fcl-orr-g\u00e9ge gy\u00f3gy\u00e1szati jegyzet (Mv., 1950, 1951, 1959.); Az \u00e9let eredet\u00e9r\u0151l \u00e9s az \u00f6reged\u00e9sr\u0151l (Buk., 1958); Otorinolaringologie (Buc., 1964, 1971). <br \/><strong>\u2013 Irod.:<\/strong> Aranykorszak; Dezs\u0151 Istv\u00e1n; Erd\u00e9lyi L.2009, fot\u00f31974; Genersich; Kiss\u2013P.\u2013P.; N\u00fa., (1998. j\u00fan. 12); MOGYE; Nemes Gyula: Szakr\u00e1lis eml\u00e9kek&#8230; = P\u00e1l-Antal\u2013Simon; P\u00e9terffy \u00c1.\u2013P.P.; RMIL; T\u00f3th\u2013G\u00e1bor; \u00daM\u00c9L; Viharban.<\/br><\/p>\n","protected":false},"excerpt":{"rendered":"<p>K\u00e9m\u00e9nd, 1903. aug. 27., \u2020 Mv., 1974. j\u00fal. 7. A marosszentgy\u00f6rgyi r. k. templom s\u00edrkertj\u00e9ben nyugszik: orvos, f\u00fcl-orr-g\u00e9g\u00e9sz, v\u00edruskutat\u00f3, egyetemi tan\u00e1r. \u2013 A k\u00f6z\u00e9piskol\u00e1t Bp.-en v\u00e9gezte (1922), orvosi diplom\u00e1t a p\u00e9csi egyetemen szerzett (1929). M\u00e1r egyetemi hallgat\u00f3k\u00e9nt gyakornok volt a K\u00f6zeg\u00e9szs\u00e9gtani Int\u00e9zetben, tanulm\u00e1nyai v\u00e9gezt\u00e9vel tan\u00e1rseg\u00e9d (1929\u201332), majd a F\u00fcl-Orr-G\u00e9g\u00e9szeti Klinik\u00e1n (1932\u201340).). Az anyagcsere-folyamatok \u00e9s azok [&hellip;]<\/p>\n","protected":false},"featured_media":0,"comment_status":"open","ping_status":"closed","template":"","meta":[],"product_brand":[],"product_cat":[137],"product_tag":[],"class_list":{"0":"post-24400","1":"product","2":"type-product","3":"status-publish","5":"product_cat-maros-megyei-eletrajzi-lexikon","7":"first","8":"instock","9":"shipping-taxable","10":"product-type-simple"},"_links":{"self":[{"href":"https:\/\/uj.adatbank.ro\/lexikon\/wp-json\/wp\/v2\/product\/24400","targetHints":{"allow":["GET"]}}],"collection":[{"href":"https:\/\/uj.adatbank.ro\/lexikon\/wp-json\/wp\/v2\/product"}],"about":[{"href":"https:\/\/uj.adatbank.ro\/lexikon\/wp-json\/wp\/v2\/types\/product"}],"replies":[{"embeddable":true,"href":"https:\/\/uj.adatbank.ro\/lexikon\/wp-json\/wp\/v2\/comments?post=24400"}],"wp:attachment":[{"href":"https:\/\/uj.adatbank.ro\/lexikon\/wp-json\/wp\/v2\/media?parent=24400"}],"wp:term":[{"taxonomy":"product_brand","embeddable":true,"href":"https:\/\/uj.adatbank.ro\/lexikon\/wp-json\/wp\/v2\/product_brand?post=24400"},{"taxonomy":"product_cat","embeddable":true,"href":"https:\/\/uj.adatbank.ro\/lexikon\/wp-json\/wp\/v2\/product_cat?post=24400"},{"taxonomy":"product_tag","embeddable":true,"href":"https:\/\/uj.adatbank.ro\/lexikon\/wp-json\/wp\/v2\/product_tag?post=24400"}],"curies":[{"name":"wp","href":"https:\/\/api.w.org\/{rel}","templated":true}]}}

VENDÉG Vince, §

<p>Kéménd, 1903. aug. 27., † Mv., 1974. júl. 7. A marosszentgyörgyi r. k. templom sírkertjében nyugszik: orvos, fül-orr-gégész, víruskutató, egyetemi tanár. – A középiskolát Bp.-en végezte (1922), orvosi diplomát a pécsi egyetemen szerzett (1929). Már egyetemi hallgatóként gyakornok volt a Közegészségtani Intézetben, tanulmányai végeztével tanársegéd (1929–32), majd a Fül-Orr-Gégészeti Klinikán (1932–40).). Az anyagcsere-folyamatok és azok élettani és kóros viszonyok közötti befolyásolhatósága tárgykörben magántanárrá habilitálták (1938–). Szakorvosi képesítése megszerzése után Nagyváradon dolgozott majd a kv.-i I. FJTE klinikáján adjunktus (1940–46). Az orvosi egyetemmel együtt Mv.-re költözött (1945–), előbb előadótanárként később prof.-ként vezette a Fül-Orr-Gégészeti Klinikát nyugdíjazásáig (1946–1971). Első írásában az inzulin hatásával foglalkozott, ez Németo.-ban jelent meg a Pflügers Archiv für die gesammte Physiologie der Menschen und Tiere c. folyóiratban (1935). Ezt követően nemzetközi hírnévre tett szert a cukor-anyagcserével kapcsolatos dolgozataival (1925–40). Fül-orr-gégészeti vonatkozású cikkei az EME Orvostudományi Értesítője, a Revue des Sciences Oto-rhino-laringologiques, Revista Română de ORL, Ardealul Medical, Clinica et Laboratorium, Chirurgia, Magyar Sebészet, Orvosi Szemle-Revista Medicală, Dermato-venerologie, Bőrgyógyászati és Veneorológiai Szemle, Nature (London), Oto-rino-laringologie c folyóiratokban jelentek meg. Úttörő megfigyeléseit és elméletét a növényi, állati és emberi vírusos megbetegedések közös eredetéről több dolgozatban közölte hazai és külföldi szakfolyóiratokban, valamint német, svájci, svéd, francia és hazai tanulmánykötetekben (1951–). Pályája elején sejt- és szövetlégzési gyakorlatokat végzett. A herpes zooster oticusra vonatkozó megállapításaiért a Román Akad. külön laboratóriumot bocsátott rendelkezésére. –  <strong>F. m..:</strong> Das Wesen der Insulinwirkung (Pécs, 1935); A vestibularis resectio jellemző eltérései sklerosis multiplexben (Cluj, 1948); Alteraţiunile caracteristice ale reacţiunii vestibulare în scleroza în plăci (Cluj, 1948);  <strong>társsz.:</strong> A streptococcus haemoliticus szerepe az Angina Plant-Vincenti előidézésében (Magyari Bertalannal; Kv., 1946); Az orr-, torok-, garatüregi lépfene tünettana és kezelése (Magyari Bertalannal; Kv., 1946); Összefüggések a pörkösödéssel és atrophiával járó orrbetegségek és acut rhinitisek között (Magyari Bertalannal; Kv., 1946); A vestibularis resectio jellemző eltrései sklerosis multiplexben Fül-orr-gége gyógyászati jegyzet (Mv., 1950, 1951, 1959.); Az élet eredetéről és az öregedésről (Buk., 1958); Otorinolaringologie (Buc., 1964, 1971). <br /><strong>– Irod.:</strong> Aranykorszak; Dezső István; Erdélyi L.2009, fotó1974; Genersich; Kiss–P.–P.; Nú., (1998. jún. 12); MOGYE; Nemes Gyula: Szakrális emlékek&#8230; = Pál-Antal–Simon; Péterffy Á.–P.P.; RMIL; Tóth–Gábor; ÚMÉL; Viharban.</br></p>

<p>Kéménd, 1903. aug. 27., † Mv., 1974. júl. 7. A marosszentgyörgyi r. k. templom sírkertjében nyugszik: orvos, fül-orr-gégész, víruskutató, egyetemi tanár. – A középiskolát Bp.-en végezte (1922), orvosi diplomát a pécsi egyetemen szerzett (1929). Már egyetemi hallgatóként gyakornok volt a Közegészségtani Intézetben, tanulmányai végeztével tanársegéd (1929–32), majd a Fül-Orr-Gégészeti Klinikán (1932–40).). Az anyagcsere-folyamatok és azok [&hellip;]</p>
