{"id":24402,"date":"2025-08-01T18:06:06","date_gmt":"2025-08-01T16:06:06","guid":{"rendered":"https:\/\/uj.adatbank.ro\/lexikon\/termek\/venter-matyas-2\/"},"modified":"2025-08-01T18:06:06","modified_gmt":"2025-08-01T16:06:06","slug":"venter-matyas-2","status":"publish","type":"product","link":"https:\/\/uj.adatbank.ro\/lexikon\/termek\/venter-matyas-2\/","title":{"rendered":"VENTER M\u00e1ty\u00e1s"},"content":{"rendered":"<p>? \u2020\u00a0?: ref. lelk\u00e9sz. \u2013 Nagyerny\u00e9ben szolg\u00e1lt (1725\u201347). Ezen id\u0151ben rekatoliz\u00e1ci\u00f3s k\u00fczdelmek, veszeked\u00e9s \u00e9s peresked\u00e9s folyt az egyh\u00e1zi birtokok miatt. Majd Csejden volt lelk\u00e9sz (1747\u201353), Hagym\u00e1sbodonban (1759\u201363). <br \/><strong>\u2013 Irod.:<\/strong> Csejd \u2013 T\u00f3falva; Imreh B.; Nagyernye.<\/br><\/p>\n","protected":false},"excerpt":{"rendered":"<p>? \u2020\u00a0?: ref. lelk\u00e9sz. \u2013 Nagyerny\u00e9ben szolg\u00e1lt (1725\u201347). Ezen id\u0151ben rekatoliz\u00e1ci\u00f3s k\u00fczdelmek, veszeked\u00e9s \u00e9s peresked\u00e9s folyt az egyh\u00e1zi birtokok miatt. Majd Csejden volt lelk\u00e9sz (1747\u201353), Hagym\u00e1sbodonban (1759\u201363). \u2013 Irod.: Csejd \u2013 T\u00f3falva; Imreh B.; Nagyernye.<\/p>\n","protected":false},"featured_media":0,"comment_status":"open","ping_status":"closed","template":"","meta":[],"product_brand":[],"product_cat":[137],"product_tag":[],"class_list":{"0":"post-24402","1":"product","2":"type-product","3":"status-publish","5":"product_cat-maros-megyei-eletrajzi-lexikon","7":"first","8":"instock","9":"shipping-taxable","10":"product-type-simple"},"_links":{"self":[{"href":"https:\/\/uj.adatbank.ro\/lexikon\/wp-json\/wp\/v2\/product\/24402","targetHints":{"allow":["GET"]}}],"collection":[{"href":"https:\/\/uj.adatbank.ro\/lexikon\/wp-json\/wp\/v2\/product"}],"about":[{"href":"https:\/\/uj.adatbank.ro\/lexikon\/wp-json\/wp\/v2\/types\/product"}],"replies":[{"embeddable":true,"href":"https:\/\/uj.adatbank.ro\/lexikon\/wp-json\/wp\/v2\/comments?post=24402"}],"wp:attachment":[{"href":"https:\/\/uj.adatbank.ro\/lexikon\/wp-json\/wp\/v2\/media?parent=24402"}],"wp:term":[{"taxonomy":"product_brand","embeddable":true,"href":"https:\/\/uj.adatbank.ro\/lexikon\/wp-json\/wp\/v2\/product_brand?post=24402"},{"taxonomy":"product_cat","embeddable":true,"href":"https:\/\/uj.adatbank.ro\/lexikon\/wp-json\/wp\/v2\/product_cat?post=24402"},{"taxonomy":"product_tag","embeddable":true,"href":"https:\/\/uj.adatbank.ro\/lexikon\/wp-json\/wp\/v2\/product_tag?post=24402"}],"curies":[{"name":"wp","href":"https:\/\/api.w.org\/{rel}","templated":true}]}}