{"id":24411,"date":"2025-08-01T18:06:25","date_gmt":"2025-08-01T16:06:25","guid":{"rendered":"https:\/\/uj.adatbank.ro\/lexikon\/termek\/veres-david-karakai\/"},"modified":"2025-08-01T18:06:25","modified_gmt":"2025-08-01T16:06:25","slug":"veres-david-karakai","status":"publish","type":"product","link":"https:\/\/uj.adatbank.ro\/lexikon\/termek\/veres-david-karakai\/","title":{"rendered":"VERES D\u00e1vid, karakai"},"content":{"rendered":"<p>? \u2020\u00a0? 1608.: f\u0151isp\u00e1n. \u2013 Veres Krist\u00f3f jobb\u00e1gy \u00e9s Dorottya fia. Testv\u00e9rei: Istv\u00e1n, Margit, Erzs\u00e9bet. Feles\u00e9ge: Cseffey Margit, els\u0151 f\u00e9rje Wessel\u00e9nyi G\u00e1sp\u00e1r. B\u00e1thori Boldizs\u00e1r szolg\u00e1lat\u00e1ban \u00e1llt, t\u0151le nemesi oklevelet kapott (1587). Feh\u00e9r v\u00e1rmegye f\u0151isp\u00e1nja, rendk\u00edv\u00fcli k\u00f6vet a port\u00e1n (1603, 1607). Betegen Cselebi\u00e1ban (T\u00f6r\u00f6ko.) \u00edrta v\u00e9grendelet\u00e9t (1607. aug. 21.), melyben monori udvarh\u00e1z\u00e1t, kiscserg\u0151di, kereszt\u00e9nyfalvi, t\u00f3h\u00e1ti birtokait \u00e9s egy\u00e9b vagyon\u00e1t feles\u00e9g\u00e9re hagyta. <br \/><strong>\u2013 Irod.:<\/strong> Erd\u00e9lyi testamentumok, 3.<\/br><\/p>\n","protected":false},"excerpt":{"rendered":"<p>? \u2020\u00a0? 1608.: f\u0151isp\u00e1n. \u2013 Veres Krist\u00f3f jobb\u00e1gy \u00e9s Dorottya fia. Testv\u00e9rei: Istv\u00e1n, Margit, Erzs\u00e9bet. Feles\u00e9ge: Cseffey Margit, els\u0151 f\u00e9rje Wessel\u00e9nyi G\u00e1sp\u00e1r. B\u00e1thori Boldizs\u00e1r szolg\u00e1lat\u00e1ban \u00e1llt, t\u0151le nemesi oklevelet kapott (1587). Feh\u00e9r v\u00e1rmegye f\u0151isp\u00e1nja, rendk\u00edv\u00fcli k\u00f6vet a port\u00e1n (1603, 1607). Betegen Cselebi\u00e1ban (T\u00f6r\u00f6ko.) \u00edrta v\u00e9grendelet\u00e9t (1607. aug. 21.), melyben monori udvarh\u00e1z\u00e1t, kiscserg\u0151di, kereszt\u00e9nyfalvi, t\u00f3h\u00e1ti birtokait [&hellip;]<\/p>\n","protected":false},"featured_media":0,"comment_status":"open","ping_status":"closed","template":"","meta":[],"product_brand":[],"product_cat":[137],"product_tag":[],"class_list":{"0":"post-24411","1":"product","2":"type-product","3":"status-publish","5":"product_cat-maros-megyei-eletrajzi-lexikon","7":"first","8":"instock","9":"shipping-taxable","10":"product-type-simple"},"_links":{"self":[{"href":"https:\/\/uj.adatbank.ro\/lexikon\/wp-json\/wp\/v2\/product\/24411","targetHints":{"allow":["GET"]}}],"collection":[{"href":"https:\/\/uj.adatbank.ro\/lexikon\/wp-json\/wp\/v2\/product"}],"about":[{"href":"https:\/\/uj.adatbank.ro\/lexikon\/wp-json\/wp\/v2\/types\/product"}],"replies":[{"embeddable":true,"href":"https:\/\/uj.adatbank.ro\/lexikon\/wp-json\/wp\/v2\/comments?post=24411"}],"wp:attachment":[{"href":"https:\/\/uj.adatbank.ro\/lexikon\/wp-json\/wp\/v2\/media?parent=24411"}],"wp:term":[{"taxonomy":"product_brand","embeddable":true,"href":"https:\/\/uj.adatbank.ro\/lexikon\/wp-json\/wp\/v2\/product_brand?post=24411"},{"taxonomy":"product_cat","embeddable":true,"href":"https:\/\/uj.adatbank.ro\/lexikon\/wp-json\/wp\/v2\/product_cat?post=24411"},{"taxonomy":"product_tag","embeddable":true,"href":"https:\/\/uj.adatbank.ro\/lexikon\/wp-json\/wp\/v2\/product_tag?post=24411"}],"curies":[{"name":"wp","href":"https:\/\/api.w.org\/{rel}","templated":true}]}}

VERES Dávid, karakai

<p>? † ? 1608.: főispán. – Veres Kristóf jobbágy és Dorottya fia. Testvérei: István, Margit, Erzsébet. Felesége: Cseffey Margit, első férje Wesselényi Gáspár. Báthori Boldizsár szolgálatában állt, tőle nemesi oklevelet kapott (1587). Fehér vármegye főispánja, rendkívüli követ a portán (1603, 1607). Betegen Cselebiában (Töröko.) írta végrendeletét (1607. aug. 21.), melyben monori udvarházát, kiscsergődi, keresztényfalvi, tóháti birtokait és egyéb vagyonát feleségére hagyta. <br /><strong>– Irod.:</strong> Erdélyi testamentumok, 3.</br></p>

<p>? † ? 1608.: főispán. – Veres Kristóf jobbágy és Dorottya fia. Testvérei: István, Margit, Erzsébet. Felesége: Cseffey Margit, első férje Wesselényi Gáspár. Báthori Boldizsár szolgálatában állt, tőle nemesi oklevelet kapott (1587). Fehér vármegye főispánja, rendkívüli követ a portán (1603, 1607). Betegen Cselebiában (Töröko.) írta végrendeletét (1607. aug. 21.), melyben monori udvarházát, kiscsergődi, keresztényfalvi, tóháti birtokait [&hellip;]</p>
