{"id":24422,"date":"2025-08-01T18:06:49","date_gmt":"2025-08-01T16:06:49","guid":{"rendered":"https:\/\/uj.adatbank.ro\/lexikon\/termek\/veres-miklos-veress-miklos\/"},"modified":"2025-08-01T18:06:49","modified_gmt":"2025-08-01T16:06:49","slug":"veres-miklos-veress-miklos","status":"publish","type":"product","link":"https:\/\/uj.adatbank.ro\/lexikon\/termek\/veres-miklos-veress-miklos\/","title":{"rendered":"VERES Mikl\u00f3s, Veress Mikl\u00f3s"},"content":{"rendered":"<p>? \u2020\u00a0Mv., 1783.: v\u00e1rosi tan\u00e1csos, almaker\u00e9ki udvarb\u00edr\u00f3. \u2013 A mv.-i egykori obszerv\u00e1ns ferences kolostortemplom kript\u00e1j\u00e1ba temett\u00e9k. Esk\u00fcdt (1759, 1761), tan\u00e1csos (1759, 1760, 1762). Az erd\u00e9lyi kincstart\u00f3 Bornemisza Ign\u00e1c v\u00e9dence l\u00e9v\u00e9n sz\u00e1mfeletti tan\u00e1csoss\u00e1 akart\u00e1k tenni, de a v\u00e1ros ezt elutas\u00edtotta (1759). K\u00e9t \u00e9v m\u00falva lett v\u00e1rosi tan\u00e1csos (1762). <br \/><strong>\u2013 Irod.:<\/strong> Id\u0151t\u00e1r 1; Mv.-i \u00f6rm\u00e9nyek; P\u00e1l-Antal 2002; P\u00e1l-Antal 2006; P\u00e1l-Antal 2009.<\/br><\/p>\n","protected":false},"excerpt":{"rendered":"<p>? \u2020\u00a0Mv., 1783.: v\u00e1rosi tan\u00e1csos, almaker\u00e9ki udvarb\u00edr\u00f3. \u2013 A mv.-i egykori obszerv\u00e1ns ferences kolostortemplom kript\u00e1j\u00e1ba temett\u00e9k. Esk\u00fcdt (1759, 1761), tan\u00e1csos (1759, 1760, 1762). Az erd\u00e9lyi kincstart\u00f3 Bornemisza Ign\u00e1c v\u00e9dence l\u00e9v\u00e9n sz\u00e1mfeletti tan\u00e1csoss\u00e1 akart\u00e1k tenni, de a v\u00e1ros ezt elutas\u00edtotta (1759). K\u00e9t \u00e9v m\u00falva lett v\u00e1rosi tan\u00e1csos (1762). \u2013 Irod.: Id\u0151t\u00e1r 1; Mv.-i \u00f6rm\u00e9nyek; P\u00e1l-Antal 2002; [&hellip;]<\/p>\n","protected":false},"featured_media":0,"comment_status":"open","ping_status":"closed","template":"","meta":[],"product_brand":[],"product_cat":[137],"product_tag":[],"class_list":{"0":"post-24422","1":"product","2":"type-product","3":"status-publish","5":"product_cat-maros-megyei-eletrajzi-lexikon","7":"first","8":"instock","9":"shipping-taxable","10":"product-type-simple"},"_links":{"self":[{"href":"https:\/\/uj.adatbank.ro\/lexikon\/wp-json\/wp\/v2\/product\/24422","targetHints":{"allow":["GET"]}}],"collection":[{"href":"https:\/\/uj.adatbank.ro\/lexikon\/wp-json\/wp\/v2\/product"}],"about":[{"href":"https:\/\/uj.adatbank.ro\/lexikon\/wp-json\/wp\/v2\/types\/product"}],"replies":[{"embeddable":true,"href":"https:\/\/uj.adatbank.ro\/lexikon\/wp-json\/wp\/v2\/comments?post=24422"}],"wp:attachment":[{"href":"https:\/\/uj.adatbank.ro\/lexikon\/wp-json\/wp\/v2\/media?parent=24422"}],"wp:term":[{"taxonomy":"product_brand","embeddable":true,"href":"https:\/\/uj.adatbank.ro\/lexikon\/wp-json\/wp\/v2\/product_brand?post=24422"},{"taxonomy":"product_cat","embeddable":true,"href":"https:\/\/uj.adatbank.ro\/lexikon\/wp-json\/wp\/v2\/product_cat?post=24422"},{"taxonomy":"product_tag","embeddable":true,"href":"https:\/\/uj.adatbank.ro\/lexikon\/wp-json\/wp\/v2\/product_tag?post=24422"}],"curies":[{"name":"wp","href":"https:\/\/api.w.org\/{rel}","templated":true}]}}

VERES Miklós, Veress Miklós

<p>? † Mv., 1783.: városi tanácsos, almakeréki udvarbíró. – A mv.-i egykori obszerváns ferences kolostortemplom kriptájába temették. Esküdt (1759, 1761), tanácsos (1759, 1760, 1762). Az erdélyi kincstartó Bornemisza Ignác védence lévén számfeletti tanácsossá akarták tenni, de a város ezt elutasította (1759). Két év múlva lett városi tanácsos (1762). <br /><strong>– Irod.:</strong> Időtár 1; Mv.-i örmények; Pál-Antal 2002; Pál-Antal 2006; Pál-Antal 2009.</br></p>

<p>? † Mv., 1783.: városi tanácsos, almakeréki udvarbíró. – A mv.-i egykori obszerváns ferences kolostortemplom kriptájába temették. Esküdt (1759, 1761), tanácsos (1759, 1760, 1762). Az erdélyi kincstartó Bornemisza Ignác védence lévén számfeletti tanácsossá akarták tenni, de a város ezt elutasította (1759). Két év múlva lett városi tanácsos (1762). – Irod.: Időtár 1; Mv.-i örmények; Pál-Antal 2002; [&hellip;]</p>
