{"id":24423,"date":"2025-08-01T18:06:51","date_gmt":"2025-08-01T16:06:51","guid":{"rendered":"https:\/\/uj.adatbank.ro\/lexikon\/termek\/veres-nicolae-melinte-%c2%a7\/"},"modified":"2025-08-01T18:06:51","modified_gmt":"2025-08-01T16:06:51","slug":"veres-nicolae-melinte-%c2%a7","status":"publish","type":"product","link":"https:\/\/uj.adatbank.ro\/lexikon\/termek\/veres-nicolae-melinte-%c2%a7\/","title":{"rendered":"VERE\u015e, Nicolae Melinte, \u00a7"},"content":{"rendered":"<p>K\u00f3r\u00f3dszentm\u00e1rton, 1924. dec. 18., \u2020\u00a0Mv., 1988. j\u00fal. 16.: v\u00edz-g\u00e1zszerel\u0151, p\u00e1rtpolitikus, RKP KB-tagja, nagyk\u00f6vet. \u2013 M. nemzetis\u00e9g\u0171. Tanulm\u00e1nyai: Elemi iskol\u00e1t a sz\u00fcl\u0151faluj\u00e1ban v\u00e9gezte (1938), majd mesteriskol\u00e1t, elm\u00e9leti l\u00edc.-ot, K\u00f6zponti KISZ iskol\u00e1t (1950), a \u015etefan Gheorghiu P\u00e1rtiskola k\u00f6zgazdas\u00e1gtan levelez\u0151 szak\u00e1n v\u00e9gzett. Seg\u00e9dmunk\u00e1s volt a dics\u0151szentm\u00e1rtoni g\u00e1zmet\u00e1n v\u00e1llalatn\u00e1l (1943\u2013). Bel\u00e9pett a RKP (1946). Katona volt (1947. febr.\u201348. nov.). A Kisk\u00fck\u00fcll\u0151 megyei szakszervezeti bizotts\u00e1g instruktora, a megyei KISZ Bizotts\u00e1g instruktora (1949\u2013). \u00d3radna megyei KISz bizotts\u00e1g els\u0151titk\u00e1ra (1951\u201352), \u00e9s a KISZ KB tagja (1952\u201361); a Brass\u00f3 megyei KISz bizotts\u00e1g els\u0151titk\u00e1ra (1952\u201357), a Dics\u0151szentm\u00e1rton rajoni p\u00e1rtbizotts\u00e1g els\u0151titk\u00e1ra (1957\u20131960. dec. 29.). A Mv.-i v\u00e1rosi P\u00e1rtbizotts\u00e1g m\u00e1sodtitk\u00e1ra, a Maros megyei p\u00e1rtbizotts\u00e1g tagja (1961), a Mv. v\u00e1rosi p\u00e1rtbizotts\u00e1g els\u0151 titk\u00e1ra (1960. dec. 29. \u2013). A MMAT k\u00e9pvisel\u0151je a Nagy Nemzetgy\u0171l\u00e9sben (1965. m\u00e1rc. 7. \u2013 1975. m\u00e1rc. 9., 1980. m\u00e1rc. 9. \u2013 1985. m\u00e1rc. 17.); az alkotm\u00e1nyoz\u00f3 \u00e9s jogi bizotts\u00e1g tagja (1980\u201385). A RKP KB tagja (1965. j\u00fal. 24. \u2013 1984. nov. 22.). A MAT megyei p\u00e1rtbizotts\u00e1g els\u0151 titk\u00e1ra (1965\u201368), a Megyei n\u00e9ptan\u00e1cs VB eln\u00f6ke (1968\u201373; 1978. m\u00e1rc. 23. \u2013 1984. j\u00fan.). Rom\u00e1nia rendk\u00edv\u00fcli tejhatalm\u00fa nagyk\u00f6vete L\u00edbi\u00e1ban (1974. j\u00fal. 8. \u2013 1978. m\u00e1rc.) \u00e9s Mo.-on nagyk\u00f6vet (1984. aug. 18. \u2013 1988. j\u00fal. 26.). Kit\u00fcntet\u00e9sei: Munka\u00e9rdemrend III. o. (1953), II. o. (1962); RNK Csillaga \u00e9rdemrend V. o. (1959), IV. o. (1965); \u201e23. August\u201d \u00e9rdemrend V. o. (1964); \u201eTudor Vladimirescu\u201d \u00e9rdemrend III. o. (1966); RSZK Csillaga \u00e9rdemrend II. o. (1971). \u2013  <strong>F. m..:<\/strong> Respectarea legilor \u2013 datorie cet\u0103\u0163eneasc\u0103 fundamental\u0103 (Buc., 1968); Jude\u0163ul Mure\u015f \u00een cincinalul 1966\u20131970 (Tg. M., 1971; Maros megye az 1966\u201370. \u00e9vi \u00f6t\u00e9ves terv t\u00fckr\u00e9ben; Mv., 1971). <br \/><strong>\u2013 Irod.:<\/strong> Aranykorszak; Auton\u00f3m magyarok; Bartos 2012; Cri\u015fan; Gagyi J\u00f3zsef: \u201eP\u00e1rtos\u00edtott\u201d \u00e9rtelmis\u00e9g (L\u00e1t\u00f3, 2006, 1. sz.); Membrii C.C. al P.C.R.; Pop Tofolean\u2013F\u00fcl\u00f6p; [R\u00e9szv\u00e9tnyilv\u00e1n\u00edt\u00e1sok] (V. Z., 1988. j\u00fal. 27.).<\/br><\/p>\n","protected":false},"excerpt":{"rendered":"<p>K\u00f3r\u00f3dszentm\u00e1rton, 1924. dec. 18., \u2020\u00a0Mv., 1988. j\u00fal. 16.: v\u00edz-g\u00e1zszerel\u0151, p\u00e1rtpolitikus, RKP KB-tagja, nagyk\u00f6vet. \u2013 M. nemzetis\u00e9g\u0171. Tanulm\u00e1nyai: Elemi iskol\u00e1t a sz\u00fcl\u0151faluj\u00e1ban v\u00e9gezte (1938), majd mesteriskol\u00e1t, elm\u00e9leti l\u00edc.-ot, K\u00f6zponti KISZ iskol\u00e1t (1950), a \u015etefan Gheorghiu P\u00e1rtiskola k\u00f6zgazdas\u00e1gtan levelez\u0151 szak\u00e1n v\u00e9gzett. Seg\u00e9dmunk\u00e1s volt a dics\u0151szentm\u00e1rtoni g\u00e1zmet\u00e1n v\u00e1llalatn\u00e1l (1943\u2013). Bel\u00e9pett a RKP (1946). Katona volt (1947. febr.\u201348. nov.). [&hellip;]<\/p>\n","protected":false},"featured_media":0,"comment_status":"open","ping_status":"closed","template":"","meta":[],"product_brand":[],"product_cat":[137],"product_tag":[],"class_list":{"0":"post-24423","1":"product","2":"type-product","3":"status-publish","5":"product_cat-maros-megyei-eletrajzi-lexikon","7":"first","8":"instock","9":"shipping-taxable","10":"product-type-simple"},"_links":{"self":[{"href":"https:\/\/uj.adatbank.ro\/lexikon\/wp-json\/wp\/v2\/product\/24423","targetHints":{"allow":["GET"]}}],"collection":[{"href":"https:\/\/uj.adatbank.ro\/lexikon\/wp-json\/wp\/v2\/product"}],"about":[{"href":"https:\/\/uj.adatbank.ro\/lexikon\/wp-json\/wp\/v2\/types\/product"}],"replies":[{"embeddable":true,"href":"https:\/\/uj.adatbank.ro\/lexikon\/wp-json\/wp\/v2\/comments?post=24423"}],"wp:attachment":[{"href":"https:\/\/uj.adatbank.ro\/lexikon\/wp-json\/wp\/v2\/media?parent=24423"}],"wp:term":[{"taxonomy":"product_brand","embeddable":true,"href":"https:\/\/uj.adatbank.ro\/lexikon\/wp-json\/wp\/v2\/product_brand?post=24423"},{"taxonomy":"product_cat","embeddable":true,"href":"https:\/\/uj.adatbank.ro\/lexikon\/wp-json\/wp\/v2\/product_cat?post=24423"},{"taxonomy":"product_tag","embeddable":true,"href":"https:\/\/uj.adatbank.ro\/lexikon\/wp-json\/wp\/v2\/product_tag?post=24423"}],"curies":[{"name":"wp","href":"https:\/\/api.w.org\/{rel}","templated":true}]}}

VEREŞ, Nicolae Melinte, §

<p>Kóródszentmárton, 1924. dec. 18., † Mv., 1988. júl. 16.: víz-gázszerelő, pártpolitikus, RKP KB-tagja, nagykövet. – M. nemzetiségű. Tanulmányai: Elemi iskolát a szülőfalujában végezte (1938), majd mesteriskolát, elméleti líc.-ot, Központi KISZ iskolát (1950), a Ştefan Gheorghiu Pártiskola közgazdaságtan levelező szakán végzett. Segédmunkás volt a dicsőszentmártoni gázmetán vállalatnál (1943–). Belépett a RKP (1946). Katona volt (1947. febr.–48. nov.). A Kisküküllő megyei szakszervezeti bizottság instruktora, a megyei KISZ Bizottság instruktora (1949–). Óradna megyei KISz bizottság elsőtitkára (1951–52), és a KISZ KB tagja (1952–61); a Brassó megyei KISz bizottság elsőtitkára (1952–57), a Dicsőszentmárton rajoni pártbizottság elsőtitkára (1957–1960. dec. 29.). A Mv.-i városi Pártbizottság másodtitkára, a Maros megyei pártbizottság tagja (1961), a Mv. városi pártbizottság első titkára (1960. dec. 29. –). A MMAT képviselője a Nagy Nemzetgyűlésben (1965. márc. 7. – 1975. márc. 9., 1980. márc. 9. – 1985. márc. 17.); az alkotmányozó és jogi bizottság tagja (1980–85). A RKP KB tagja (1965. júl. 24. – 1984. nov. 22.). A MAT megyei pártbizottság első titkára (1965–68), a Megyei néptanács VB elnöke (1968–73; 1978. márc. 23. – 1984. jún.). Románia rendkívüli tejhatalmú nagykövete Líbiában (1974. júl. 8. – 1978. márc.) és Mo.-on nagykövet (1984. aug. 18. – 1988. júl. 26.). Kitüntetései: Munkaérdemrend III. o. (1953), II. o. (1962); RNK Csillaga érdemrend V. o. (1959), IV. o. (1965); „23. August” érdemrend V. o. (1964); „Tudor Vladimirescu” érdemrend III. o. (1966); RSZK Csillaga érdemrend II. o. (1971). –  <strong>F. m..:</strong> Respectarea legilor – datorie cetăţenească fundamentală (Buc., 1968); Judeţul Mureş în cincinalul 1966–1970 (Tg. M., 1971; Maros megye az 1966–70. évi ötéves terv tükrében; Mv., 1971). <br /><strong>– Irod.:</strong> Aranykorszak; Autonóm magyarok; Bartos 2012; Crişan; Gagyi József: „Pártosított” értelmiség (Látó, 2006, 1. sz.); Membrii C.C. al P.C.R.; Pop Tofolean–Fülöp; [Részvétnyilvánítások] (V. Z., 1988. júl. 27.).</br></p>

<p>Kóródszentmárton, 1924. dec. 18., † Mv., 1988. júl. 16.: víz-gázszerelő, pártpolitikus, RKP KB-tagja, nagykövet. – M. nemzetiségű. Tanulmányai: Elemi iskolát a szülőfalujában végezte (1938), majd mesteriskolát, elméleti líc.-ot, Központi KISZ iskolát (1950), a Ştefan Gheorghiu Pártiskola közgazdaságtan levelező szakán végzett. Segédmunkás volt a dicsőszentmártoni gázmetán vállalatnál (1943–). Belépett a RKP (1946). Katona volt (1947. febr.–48. nov.). [&hellip;]</p>
