{"id":24427,"date":"2025-08-01T18:06:59","date_gmt":"2025-08-01T16:06:59","guid":{"rendered":"https:\/\/uj.adatbank.ro\/lexikon\/termek\/veresmarti-gaspar\/"},"modified":"2025-08-01T18:06:59","modified_gmt":"2025-08-01T16:06:59","slug":"veresmarti-gaspar","status":"publish","type":"product","link":"https:\/\/uj.adatbank.ro\/lexikon\/termek\/veresmarti-gaspar\/","title":{"rendered":"VERESMARTI G\u00e1sp\u00e1r"},"content":{"rendered":"<p>Veresmart (Baranya vm.), 1608 (v. 1610.), \u2020 Kv., 1668. m\u00e1rc. 1., a H\u00e1zsong\u00e1rdi temet\u0151ben nyugszik, de m\u00e1r nincs nyoma: ref. lelk\u00e9sz, esperes, p\u00fcsp\u00f6k, iskolaigazgat\u00f3. \u2013 A debreceni ref. koll.-ban, a franekeri egy.-en tanult (1632). A mv.-i partikul\u00e1ris isk. rektora (1633\u201335), Sz\u00e9kelyudvarhelyen lelk\u00e9sz (1634\u2013), az udvarhelyi ref. egyh\u00e1zm. esperese (1635\u2013), Mv.-en tan\u00edt\u00f3, lelk\u00e9sz (1639\u2013), egy\u00fattal a marosi ref. egyh\u00e1zm. esperese (1642\u2013), a fogarasi (1648\u2013), kv.-i lelk\u00e9sz (1650\u2013), esperesi tiszts\u00e9ge megtart\u00e1sa mellett az erd\u00e9lyi ref. egyh\u00e1zker. p\u00fcsp\u00f6ke volt Beiktat\u00e1s Mv.-en, 1661. \u00e1pr. 3-\u00e1n, Kem\u00e9ny J\u00e1nos fejedelem jelenl\u00e9t\u00e9ben. Egy v\u00e1ls\u00e1gos korban p\u00fcsp\u00f6ki tiszts\u00e9g\u00e9ben hat\u00e1rozott egy\u00e9nis\u00e9ge, b\u00e1tor helyt\u00e1ll\u00e1sa r\u00e9v\u00e9n sok neh\u00e9zs\u00e9gen seg\u00edtette \u00e1t az egyh\u00e1z\u00e1t. M\u00e9rs\u00e9kelt presbiteri\u00e1nusk\u00e9nt d\u00f6nt\u0151 szerepe volt a v\u00e1s\u00e1rhelyi egyh\u00e1z \u00e9s iskola \u00e9let\u00e9ben, itt szentelt \u00fajabb papokat \u00e9s kezdte megszil\u00e1rd\u00edtani az iskolai fegyelmet. T\u00e1mogatta a purit\u00e1nius pr\u00e9dik\u00e1torokat m\u00e1r el\u0151bbi kolozsv\u00e1ri kor\u00e1ban is t\u00e1mogatta a puritanizmusa miatt \u00fcld\u00f6z\u00f6tt Ap\u00e1czait \u2013 m\u00e9g arra is kiterjedt a figyelme, hogy a t\u00f6bbi s\u00e9relmet szenvedett purit\u00e1nus pr\u00e9dik\u00e1tor (Kov\u00e1sznai P\u00e9ter, Igaz K\u00e1lm\u00e1n, Magyari Benedek) sebeit is orvosolja. A Bethlen csal\u00e1ddal szoros kapcsolatban \u00e1llt. Az \u0151 szorgalmaz\u00e1s\u00e1ra helyezte \u00e1t I. Apafi Mih\u00e1ly erd\u00e9lyi fejedelem az elpusztult gyulafeh\u00e9rv\u00e1ri Bethlen-koll\u00e9giumot Nagyenyedre. Egy magyar nyelv\u0171 verse ismert, amellyel Kom\u00e1romi Csipk\u00e9s Gy\u00f6rgy Igaz hit c\u00edm\u0171 k\u00f6nyv\u00e9t k\u00f6sz\u00f6nt\u00f6tte. Els\u0151 v\u00e1s\u00e1rhelyi m\u0171k\u00f6d\u00e9se elej\u00e9n latin b\u00facs\u00fabesz\u00e9ddel \u00e9s k\u00e9t latin verssel szerepelt a Temet\u00e9si pompa c\u00edm\u0171 gy\u0171jtem\u00e9nyben, amely ifjabb Bethlen Istv\u00e1n v\u00e1radi kapit\u00e1ny \u00e9s Sz\u00e9chy M\u00e1ria (a k\u00e9s\u0151bbi Mur\u00e1nyi V\u00e9nusz) Krisztina nev\u0171 l\u00e1nya eml\u00e9k\u00e9re \u00edr\u00f3dott. Latin nyelv\u0171 el\u00e9gi\u00e1j\u00e1ban a halott kisl\u00e1ny megsz\u00f3laltat\u00e1s\u00e1val akarja vigasztalni a gy\u00e1szol\u00f3 sz\u00fcl\u0151ket a ny\u00edrb\u00e1tori temet\u00e9sen. Sem az Ap\u00e1czait, sem az Apafi kisebbik fi\u00e1t b\u00facs\u00faztat\u00f3 besz\u00e9d\u00e9t nem ismerj\u00fck. <br \/><strong>\u2013 Irod.:<\/strong> Bod P\u00e9ter: Smirnai Polikarpus (Nagyenyed, 1766); H\u00e1zsong\u00e1rd; Id\u0151t\u00e1r 1; Koncz; Koncz J\u00f3zsef; Kozma; Marossz\u00e9ki kr\u00f3nik\u00e1k 1.; A mv.-i ref. egyh\u00e1z (1727\u2013) anyak\u00f6nyve [k\u00e9zirat]; Moln\u00e1r Istv\u00e1n: Rozsnyai D\u00e1vid t\u00f6r\u00f6k de\u00e1k (Bp., 1909); P\u00e1l-Antal; P\u00e1l-Antal 2009; T\u00f3th Istv\u00e1n: Mv. irodalmi m\u0171velts\u00e9g\u00e9r\u0151l 6. (N\u00fa., M\u00fazsa., 2000. aug. 5., 453 sz.), \u00daM\u00c9L; V\u00e1rtemplomi lelk\u00e9szek n\u00e9vsora, 1571\u20132000 (\u00daj Kezdet, 2000, 2. sz.).<\/br><\/p>\n","protected":false},"excerpt":{"rendered":"<p>Veresmart (Baranya vm.), 1608 (v. 1610.), \u2020 Kv., 1668. m\u00e1rc. 1., a H\u00e1zsong\u00e1rdi temet\u0151ben nyugszik, de m\u00e1r nincs nyoma: ref. lelk\u00e9sz, esperes, p\u00fcsp\u00f6k, iskolaigazgat\u00f3. \u2013 A debreceni ref. koll.-ban, a franekeri egy.-en tanult (1632). A mv.-i partikul\u00e1ris isk. rektora (1633\u201335), Sz\u00e9kelyudvarhelyen lelk\u00e9sz (1634\u2013), az udvarhelyi ref. egyh\u00e1zm. esperese (1635\u2013), Mv.-en tan\u00edt\u00f3, lelk\u00e9sz (1639\u2013), egy\u00fattal a [&hellip;]<\/p>\n","protected":false},"featured_media":0,"comment_status":"open","ping_status":"closed","template":"","meta":[],"product_brand":[],"product_cat":[137],"product_tag":[],"class_list":{"0":"post-24427","1":"product","2":"type-product","3":"status-publish","5":"product_cat-maros-megyei-eletrajzi-lexikon","7":"first","8":"instock","9":"shipping-taxable","10":"product-type-simple"},"_links":{"self":[{"href":"https:\/\/uj.adatbank.ro\/lexikon\/wp-json\/wp\/v2\/product\/24427","targetHints":{"allow":["GET"]}}],"collection":[{"href":"https:\/\/uj.adatbank.ro\/lexikon\/wp-json\/wp\/v2\/product"}],"about":[{"href":"https:\/\/uj.adatbank.ro\/lexikon\/wp-json\/wp\/v2\/types\/product"}],"replies":[{"embeddable":true,"href":"https:\/\/uj.adatbank.ro\/lexikon\/wp-json\/wp\/v2\/comments?post=24427"}],"wp:attachment":[{"href":"https:\/\/uj.adatbank.ro\/lexikon\/wp-json\/wp\/v2\/media?parent=24427"}],"wp:term":[{"taxonomy":"product_brand","embeddable":true,"href":"https:\/\/uj.adatbank.ro\/lexikon\/wp-json\/wp\/v2\/product_brand?post=24427"},{"taxonomy":"product_cat","embeddable":true,"href":"https:\/\/uj.adatbank.ro\/lexikon\/wp-json\/wp\/v2\/product_cat?post=24427"},{"taxonomy":"product_tag","embeddable":true,"href":"https:\/\/uj.adatbank.ro\/lexikon\/wp-json\/wp\/v2\/product_tag?post=24427"}],"curies":[{"name":"wp","href":"https:\/\/api.w.org\/{rel}","templated":true}]}}

VERESMARTI Gáspár

<p>Veresmart (Baranya vm.), 1608 (v. 1610.), † Kv., 1668. márc. 1., a Házsongárdi temetőben nyugszik, de már nincs nyoma: ref. lelkész, esperes, püspök, iskolaigazgató. – A debreceni ref. koll.-ban, a franekeri egy.-en tanult (1632). A mv.-i partikuláris isk. rektora (1633–35), Székelyudvarhelyen lelkész (1634–), az udvarhelyi ref. egyházm. esperese (1635–), Mv.-en tanító, lelkész (1639–), egyúttal a marosi ref. egyházm. esperese (1642–), a fogarasi (1648–), kv.-i lelkész (1650–), esperesi tisztsége megtartása mellett az erdélyi ref. egyházker. püspöke volt Beiktatás Mv.-en, 1661. ápr. 3-án, Kemény János fejedelem jelenlétében. Egy válságos korban püspöki tisztségében határozott egyénisége, bátor helytállása révén sok nehézségen segítette át az egyházát. Mérsékelt presbiteriánusként döntő szerepe volt a vásárhelyi egyház és iskola életében, itt szentelt újabb papokat és kezdte megszilárdítani az iskolai fegyelmet. Támogatta a puritánius prédikátorokat már előbbi kolozsvári korában is támogatta a puritanizmusa miatt üldözött Apáczait – még arra is kiterjedt a figyelme, hogy a többi sérelmet szenvedett puritánus prédikátor (Kovásznai Péter, Igaz Kálmán, Magyari Benedek) sebeit is orvosolja. A Bethlen családdal szoros kapcsolatban állt. Az ő szorgalmazására helyezte át I. Apafi Mihály erdélyi fejedelem az elpusztult gyulafehérvári Bethlen-kollégiumot Nagyenyedre. Egy magyar nyelvű verse ismert, amellyel Komáromi Csipkés György Igaz hit című könyvét köszöntötte. Első vásárhelyi működése elején latin búcsúbeszéddel és két latin verssel szerepelt a Temetési pompa című gyűjteményben, amely ifjabb Bethlen István váradi kapitány és Széchy Mária (a későbbi Murányi Vénusz) Krisztina nevű lánya emlékére íródott. Latin nyelvű elégiájában a halott kislány megszólaltatásával akarja vigasztalni a gyászoló szülőket a nyírbátori temetésen. Sem az Apáczait, sem az Apafi kisebbik fiát búcsúztató beszédét nem ismerjük. <br /><strong>– Irod.:</strong> Bod Péter: Smirnai Polikarpus (Nagyenyed, 1766); Házsongárd; Időtár 1; Koncz; Koncz József; Kozma; Marosszéki krónikák 1.; A mv.-i ref. egyház (1727–) anyakönyve [kézirat]; Molnár István: Rozsnyai Dávid török deák (Bp., 1909); Pál-Antal; Pál-Antal 2009; Tóth István: Mv. irodalmi műveltségéről 6. (Nú., Múzsa., 2000. aug. 5., 453 sz.), ÚMÉL; Vártemplomi lelkészek névsora, 1571–2000 (Új Kezdet, 2000, 2. sz.).</br></p>

<p>Veresmart (Baranya vm.), 1608 (v. 1610.), † Kv., 1668. márc. 1., a Házsongárdi temetőben nyugszik, de már nincs nyoma: ref. lelkész, esperes, püspök, iskolaigazgató. – A debreceni ref. koll.-ban, a franekeri egy.-en tanult (1632). A mv.-i partikuláris isk. rektora (1633–35), Székelyudvarhelyen lelkész (1634–), az udvarhelyi ref. egyházm. esperese (1635–), Mv.-en tanító, lelkész (1639–), egyúttal a [&hellip;]</p>
