{"id":24430,"date":"2025-08-01T18:07:09","date_gmt":"2025-08-01T16:07:09","guid":{"rendered":"https:\/\/uj.adatbank.ro\/lexikon\/termek\/veress-arpad\/"},"modified":"2025-08-01T18:07:09","modified_gmt":"2025-08-01T16:07:09","slug":"veress-arpad","status":"publish","type":"product","link":"https:\/\/uj.adatbank.ro\/lexikon\/termek\/veress-arpad\/","title":{"rendered":"VERESS \u00c1rp\u00e1d"},"content":{"rendered":"<p>Ploie\u015fti, 1935. j\u00fan. 5.\u2020\u00a0?: orvos.\u2013 Apja Ploie\u015ftiben lakatosmester. \u2013 Feles\u00e9ge: 1. orvos Keresztes \u00c9va, v\u00e1l\u00e1s\u00e1ig (1959\u20131970), 2. Szab\u00f3 Em\u0151ke. \u2013 A csal\u00e1d \u00e1ttelepedett Mo.-ra. Itt Lov\u00e1sziban kezdett iskol\u00e1ba j\u00e1rni, visszat\u00e9rtek Kov\u00e1szn\u00e1ba. A Sz\u00e9kely Mik\u00f3 Koll.-ban \u00e9retts\u00e9gizett (1953) \u00e9s sikeresen felv\u00e9telizett a MOGYI orvoskar\u00e1ra, ahol 1959-ben v\u00e9gzett. Orvos feles\u00e9g\u00e9vel egy\u00fctt kaptak kinevez\u00e9st Parajdra. Itt az asztm\u00e1s betegeket k\u00far\u00e1ra a b\u00e1ny\u00e1ba rendeli, \u00e9s j\u00f3 eredm\u00e9nyt \u00e9rt el a kezel\u00e9s\u00fckben. Eredm\u00e9nyeir\u0151l tudom\u00e1nyos konferenci\u00e1kon sz\u00e1molt be.<\/br><\/p>\n","protected":false},"excerpt":{"rendered":"<p>Ploie\u015fti, 1935. j\u00fan. 5.\u2020\u00a0?: orvos.\u2013 Apja Ploie\u015ftiben lakatosmester. \u2013 Feles\u00e9ge: 1. orvos Keresztes \u00c9va, v\u00e1l\u00e1s\u00e1ig (1959\u20131970), 2. Szab\u00f3 Em\u0151ke. \u2013 A csal\u00e1d \u00e1ttelepedett Mo.-ra. Itt Lov\u00e1sziban kezdett iskol\u00e1ba j\u00e1rni, visszat\u00e9rtek Kov\u00e1szn\u00e1ba. A Sz\u00e9kely Mik\u00f3 Koll.-ban \u00e9retts\u00e9gizett (1953) \u00e9s sikeresen felv\u00e9telizett a MOGYI orvoskar\u00e1ra, ahol 1959-ben v\u00e9gzett. Orvos feles\u00e9g\u00e9vel egy\u00fctt kaptak kinevez\u00e9st Parajdra. Itt az asztm\u00e1s [&hellip;]<\/p>\n","protected":false},"featured_media":0,"comment_status":"open","ping_status":"closed","template":"","meta":[],"product_brand":[],"product_cat":[137],"product_tag":[],"class_list":{"0":"post-24430","1":"product","2":"type-product","3":"status-publish","5":"product_cat-maros-megyei-eletrajzi-lexikon","7":"first","8":"instock","9":"shipping-taxable","10":"product-type-simple"},"_links":{"self":[{"href":"https:\/\/uj.adatbank.ro\/lexikon\/wp-json\/wp\/v2\/product\/24430","targetHints":{"allow":["GET"]}}],"collection":[{"href":"https:\/\/uj.adatbank.ro\/lexikon\/wp-json\/wp\/v2\/product"}],"about":[{"href":"https:\/\/uj.adatbank.ro\/lexikon\/wp-json\/wp\/v2\/types\/product"}],"replies":[{"embeddable":true,"href":"https:\/\/uj.adatbank.ro\/lexikon\/wp-json\/wp\/v2\/comments?post=24430"}],"wp:attachment":[{"href":"https:\/\/uj.adatbank.ro\/lexikon\/wp-json\/wp\/v2\/media?parent=24430"}],"wp:term":[{"taxonomy":"product_brand","embeddable":true,"href":"https:\/\/uj.adatbank.ro\/lexikon\/wp-json\/wp\/v2\/product_brand?post=24430"},{"taxonomy":"product_cat","embeddable":true,"href":"https:\/\/uj.adatbank.ro\/lexikon\/wp-json\/wp\/v2\/product_cat?post=24430"},{"taxonomy":"product_tag","embeddable":true,"href":"https:\/\/uj.adatbank.ro\/lexikon\/wp-json\/wp\/v2\/product_tag?post=24430"}],"curies":[{"name":"wp","href":"https:\/\/api.w.org\/{rel}","templated":true}]}}

VERESS Árpád

<p>Ploieşti, 1935. jún. 5.† ?: orvos.– Apja Ploieştiben lakatosmester. – Felesége: 1. orvos Keresztes Éva, válásáig (1959–1970), 2. Szabó Emőke. – A család áttelepedett Mo.-ra. Itt Lovásziban kezdett iskolába járni, visszatértek Kovásznába. A Székely Mikó Koll.-ban érettségizett (1953) és sikeresen felvételizett a MOGYI orvoskarára, ahol 1959-ben végzett. Orvos feleségével együtt kaptak kinevezést Parajdra. Itt az asztmás betegeket kúrára a bányába rendeli, és jó eredményt ért el a kezelésükben. Eredményeiről tudományos konferenciákon számolt be.</br></p>

<p>Ploieşti, 1935. jún. 5.† ?: orvos.– Apja Ploieştiben lakatosmester. – Felesége: 1. orvos Keresztes Éva, válásáig (1959–1970), 2. Szabó Emőke. – A család áttelepedett Mo.-ra. Itt Lovásziban kezdett iskolába járni, visszatértek Kovásznába. A Székely Mikó Koll.-ban érettségizett (1953) és sikeresen felvételizett a MOGYI orvoskarára, ahol 1959-ben végzett. Orvos feleségével együtt kaptak kinevezést Parajdra. Itt az asztmás [&hellip;]</p>
