{"id":24437,"date":"2025-08-01T18:07:23","date_gmt":"2025-08-01T16:07:23","guid":{"rendered":"https:\/\/uj.adatbank.ro\/lexikon\/termek\/veress-egyed\/"},"modified":"2025-08-01T18:07:23","modified_gmt":"2025-08-01T16:07:23","slug":"veress-egyed","status":"publish","type":"product","link":"https:\/\/uj.adatbank.ro\/lexikon\/termek\/veress-egyed\/","title":{"rendered":"VERESS Egyed"},"content":{"rendered":"<p>? \u2020\u00a0?: szerkeszt\u0151. \u2013 A sz\u00e1szr\u00e9geni R\u00e9geni H\u00edrlap (1940\u2013) szerkeszt\u0151je. <br \/><strong>\u2013 Irod.:<\/strong> B\u00edr\u00f3 Don\u00e1t.<\/br><\/p>\n","protected":false},"excerpt":{"rendered":"<p>? \u2020\u00a0?: szerkeszt\u0151. \u2013 A sz\u00e1szr\u00e9geni R\u00e9geni H\u00edrlap (1940\u2013) szerkeszt\u0151je. \u2013 Irod.: B\u00edr\u00f3 Don\u00e1t.<\/p>\n","protected":false},"featured_media":0,"comment_status":"open","ping_status":"closed","template":"","meta":[],"product_brand":[],"product_cat":[137],"product_tag":[],"class_list":{"0":"post-24437","1":"product","2":"type-product","3":"status-publish","5":"product_cat-maros-megyei-eletrajzi-lexikon","7":"first","8":"instock","9":"shipping-taxable","10":"product-type-simple"},"_links":{"self":[{"href":"https:\/\/uj.adatbank.ro\/lexikon\/wp-json\/wp\/v2\/product\/24437","targetHints":{"allow":["GET"]}}],"collection":[{"href":"https:\/\/uj.adatbank.ro\/lexikon\/wp-json\/wp\/v2\/product"}],"about":[{"href":"https:\/\/uj.adatbank.ro\/lexikon\/wp-json\/wp\/v2\/types\/product"}],"replies":[{"embeddable":true,"href":"https:\/\/uj.adatbank.ro\/lexikon\/wp-json\/wp\/v2\/comments?post=24437"}],"wp:attachment":[{"href":"https:\/\/uj.adatbank.ro\/lexikon\/wp-json\/wp\/v2\/media?parent=24437"}],"wp:term":[{"taxonomy":"product_brand","embeddable":true,"href":"https:\/\/uj.adatbank.ro\/lexikon\/wp-json\/wp\/v2\/product_brand?post=24437"},{"taxonomy":"product_cat","embeddable":true,"href":"https:\/\/uj.adatbank.ro\/lexikon\/wp-json\/wp\/v2\/product_cat?post=24437"},{"taxonomy":"product_tag","embeddable":true,"href":"https:\/\/uj.adatbank.ro\/lexikon\/wp-json\/wp\/v2\/product_tag?post=24437"}],"curies":[{"name":"wp","href":"https:\/\/api.w.org\/{rel}","templated":true}]}}