{"id":24440,"date":"2025-08-01T18:07:34","date_gmt":"2025-08-01T16:07:34","guid":{"rendered":"https:\/\/uj.adatbank.ro\/lexikon\/termek\/veress-ferenc-2\/"},"modified":"2025-08-01T18:07:34","modified_gmt":"2025-08-01T16:07:34","slug":"veress-ferenc-2","status":"publish","type":"product","link":"https:\/\/uj.adatbank.ro\/lexikon\/termek\/veress-ferenc-2\/","title":{"rendered":"VERESS Ferenc"},"content":{"rendered":"<p>Kv., 1907. m\u00e1j. 14., \u2020\u00a0Kv., 1989. jan. 19., a H\u00e1zsong\u00e1rdi temet\u0151ben helyezt\u00e9k \u00f6r\u00f6k nyugalomra: orvos, b\u0151rgy\u00f3gy\u00e1sz. \u2013 A kv.-i Ref. Koll.-ban \u00e9retts\u00e9gizett, az I. Ferdin\u00e1nd Egyetem Orvosi Kar\u00e1n orvosi oklevelet (1933), a B\u0151r- \u00e9s Nemibetegs\u00e9gek Klinik\u00e1j\u00e1n szakk\u00e9pes\u00edt\u00e9st szerzett, gyakornok \u00e9s tan\u00e1rseg\u00e9d volt (1933\u201340). A Kv.-ra visszat\u00e9rt Ferenc J\u00f3zsef Tudom\u00e1nyegyetem Orvosi Kar\u00e1n tan\u00e1rseg\u00e9d (1941\u201343), adjunktus, el\u0151ad\u00f3tan\u00e1r (1943\u201345), a Bolyai TE Mv.-re \u00e1thelyezett Ovosi Kar\u00e1nak, majd az \u00f6n\u00e1ll\u00f3sult OGYI-nak a B\u0151rgy\u00f3gy\u00e1szati Klinik\u00e1j\u00e1n tansz\u00e9kvezet\u0151 prof. (1945\u201352), az \u00c1lt. Orvosi Kar d\u00e9k\u00e1nhelyettese (1946\u201349), a Di\u00e1kpoliklinika igazgat\u00f3ja (1948\u201352) volt. Politikai okokb\u00f3l Brass\u00f3ba helyezt\u00e9k (1952). Onnan siker\u00fclt visszaker\u00fclnie Kv.-ra a B\u0151r- \u00e9s Nemibetegs\u00e9gek Klinik\u00e1j\u00e1ra. Onnan vonult nyugd\u00edjba (1969). F\u0151 kutat\u00e1si ter\u00fcletei: a psoriasis, szifilisz, sclerodermatitis, foglalkoz\u00e1si b\u0151rbetegs\u00e9gek. Dolgozatai jelentek meg a Clujul Medical, Dermatologica, Orvosk\u00e9pz\u00e9s, Orvostudom\u00e1nyi K\u00f6zlem\u00e9nyek, az EME Orv.tud.-i szakoszt\u00e1ly\u00e1nak \u00c9rtes\u00edt\u0151je, Revista de Dermato-Venerologie c. foly\u00f3iratokban. \u2013  <strong>F. m..:<\/strong> A b\u0151rtuberkul\u00f3zis korszer\u0171 gy\u00f3gy\u00edt\u00e1sa (Kv., 1946); B\u0151r- \u00e9s nemi betegs\u00e9gek, I\u2013II. Egyetemi jegyzet (\u00dajv\u00e1ry Imre t\u00e1rsszerz\u0151vel) (Mv., 1951, 52). <br \/><strong>\u2013 Irod.:<\/strong> H\u00e1zsong\u00e1rd; T\u00f3th\u2013G\u00e1bor.<\/br><\/p>\n","protected":false},"excerpt":{"rendered":"<p>Kv., 1907. m\u00e1j. 14., \u2020\u00a0Kv., 1989. jan. 19., a H\u00e1zsong\u00e1rdi temet\u0151ben helyezt\u00e9k \u00f6r\u00f6k nyugalomra: orvos, b\u0151rgy\u00f3gy\u00e1sz. \u2013 A kv.-i Ref. Koll.-ban \u00e9retts\u00e9gizett, az I. Ferdin\u00e1nd Egyetem Orvosi Kar\u00e1n orvosi oklevelet (1933), a B\u0151r- \u00e9s Nemibetegs\u00e9gek Klinik\u00e1j\u00e1n szakk\u00e9pes\u00edt\u00e9st szerzett, gyakornok \u00e9s tan\u00e1rseg\u00e9d volt (1933\u201340). A Kv.-ra visszat\u00e9rt Ferenc J\u00f3zsef Tudom\u00e1nyegyetem Orvosi Kar\u00e1n tan\u00e1rseg\u00e9d (1941\u201343), adjunktus, el\u0151ad\u00f3tan\u00e1r [&hellip;]<\/p>\n","protected":false},"featured_media":0,"comment_status":"open","ping_status":"closed","template":"","meta":[],"product_brand":[],"product_cat":[137],"product_tag":[],"class_list":{"0":"post-24440","1":"product","2":"type-product","3":"status-publish","5":"product_cat-maros-megyei-eletrajzi-lexikon","7":"first","8":"instock","9":"shipping-taxable","10":"product-type-simple"},"_links":{"self":[{"href":"https:\/\/uj.adatbank.ro\/lexikon\/wp-json\/wp\/v2\/product\/24440","targetHints":{"allow":["GET"]}}],"collection":[{"href":"https:\/\/uj.adatbank.ro\/lexikon\/wp-json\/wp\/v2\/product"}],"about":[{"href":"https:\/\/uj.adatbank.ro\/lexikon\/wp-json\/wp\/v2\/types\/product"}],"replies":[{"embeddable":true,"href":"https:\/\/uj.adatbank.ro\/lexikon\/wp-json\/wp\/v2\/comments?post=24440"}],"wp:attachment":[{"href":"https:\/\/uj.adatbank.ro\/lexikon\/wp-json\/wp\/v2\/media?parent=24440"}],"wp:term":[{"taxonomy":"product_brand","embeddable":true,"href":"https:\/\/uj.adatbank.ro\/lexikon\/wp-json\/wp\/v2\/product_brand?post=24440"},{"taxonomy":"product_cat","embeddable":true,"href":"https:\/\/uj.adatbank.ro\/lexikon\/wp-json\/wp\/v2\/product_cat?post=24440"},{"taxonomy":"product_tag","embeddable":true,"href":"https:\/\/uj.adatbank.ro\/lexikon\/wp-json\/wp\/v2\/product_tag?post=24440"}],"curies":[{"name":"wp","href":"https:\/\/api.w.org\/{rel}","templated":true}]}}

<p>Kv., 1907. máj. 14., † Kv., 1989. jan. 19., a Házsongárdi temetőben helyezték örök nyugalomra: orvos, bőrgyógyász. – A kv.-i Ref. Koll.-ban érettségizett, az I. Ferdinánd Egyetem Orvosi Karán orvosi oklevelet (1933), a Bőr- és Nemibetegségek Klinikáján szakképesítést szerzett, gyakornok és tanársegéd volt (1933–40). A Kv.-ra visszatért Ferenc József Tudományegyetem Orvosi Karán tanársegéd (1941–43), adjunktus, előadótanár (1943–45), a Bolyai TE Mv.-re áthelyezett Ovosi Karának, majd az önállósult OGYI-nak a Bőrgyógyászati Klinikáján tanszékvezető prof. (1945–52), az Ált. Orvosi Kar dékánhelyettese (1946–49), a Diákpoliklinika igazgatója (1948–52) volt. Politikai okokból Brassóba helyezték (1952). Onnan sikerült visszakerülnie Kv.-ra a Bőr- és Nemibetegségek Klinikájára. Onnan vonult nyugdíjba (1969). Fő kutatási területei: a psoriasis, szifilisz, sclerodermatitis, foglalkozási bőrbetegségek. Dolgozatai jelentek meg a Clujul Medical, Dermatologica, Orvosképzés, Orvostudományi Közlemények, az EME Orv.tud.-i szakosztályának Értesítője, Revista de Dermato-Venerologie c. folyóiratokban. –  <strong>F. m..:</strong> A bőrtuberkulózis korszerű gyógyítása (Kv., 1946); Bőr- és nemi betegségek, I–II. Egyetemi jegyzet (Újváry Imre társszerzővel) (Mv., 1951, 52). <br /><strong>– Irod.:</strong> Házsongárd; Tóth–Gábor.</br></p>

<p>Kv., 1907. máj. 14., † Kv., 1989. jan. 19., a Házsongárdi temetőben helyezték örök nyugalomra: orvos, bőrgyógyász. – A kv.-i Ref. Koll.-ban érettségizett, az I. Ferdinánd Egyetem Orvosi Karán orvosi oklevelet (1933), a Bőr- és Nemibetegségek Klinikáján szakképesítést szerzett, gyakornok és tanársegéd volt (1933–40). A Kv.-ra visszatért Ferenc József Tudományegyetem Orvosi Karán tanársegéd (1941–43), adjunktus, előadótanár [&hellip;]</p>
