{"id":24441,"date":"2025-08-01T18:07:35","date_gmt":"2025-08-01T16:07:35","guid":{"rendered":"https:\/\/uj.adatbank.ro\/lexikon\/termek\/veress-ferenc-%c2%a7-jelei-jelei-veress-ferenc\/"},"modified":"2025-08-01T18:07:35","modified_gmt":"2025-08-01T16:07:35","slug":"veress-ferenc-%c2%a7-jelei-jelei-veress-ferenc","status":"publish","type":"product","link":"https:\/\/uj.adatbank.ro\/lexikon\/termek\/veress-ferenc-%c2%a7-jelei-jelei-veress-ferenc\/","title":{"rendered":"VERESS Ferenc, \u00a7 jelei, Jelei Veress Ferenc"},"content":{"rendered":"<p>Mv., 1892, \u2020\u00a01949:, orvos, tan\u00e1r. \u2013 A mv.-i Ref. Koll. iskolaorvosa \u00e9s helyettes tan\u00e1ra volt (1919\u201320); majd szanat\u00f3riumi f\u0151orvos. R\u00e9szt vett az I. vh.-ban (1914\u201318), az orosz fronton k\u00fczd\u00f6tt, kit\u00fcntet\u00e9sekkel szerelt le. Feles\u00e9ge sz. Jarcsi (90 \u00e9vesen hunyt el Mv.-en, 1987. m\u00e1j. 23. \u2013 1988). Egyetemi hallgat\u00f3 kor\u00e1ban a KEAC tagja volt, ahol atl\u00e9tik\u00e1val foglalkozott. Az MSE v\u00e1lasztm\u00e1nyi \u00e9s \u00f6r\u00f6k\u00f6s tiszteletbeli tagja (1914\u2013), a tenisz szakoszt\u00e1ly eln\u00f6ke (1936\u201341), a Sz\u00e9kelyf\u00f6ldi Teniszker\u00fclet eln\u00f6ke. Az Orsz\u00e1gos Tenisz Sz\u00f6vets\u00e9g ez\u00fcst jelv\u00e9nnyel t\u00fcntette ki (1941). A magyar ifj\u00fas\u00e1got er\u00e9lyes munk\u00e1val \u00f6sszetart\u00e1sra \u00e9s fegyelemre tan\u00edtotta. Az \u00e1ltala rendezett sportrendezv\u00e9nyek kiemelked\u0151 t\u00e1rsadalmi esem\u00e9nysz\u00e1mba mentek, amelyeken megjelentek a v\u00e1ros el\u0151kel\u0151s\u00e9gei is. Az \u0151 kezdem\u00e9nyez\u00e9s\u00e9re alap\u00edtott\u00e1k a gr. Bethlen \u00c1d\u00e1m Sz\u00e9kely kup\u00e1t, amelyet megnyert a szakoszt\u00e1lya, tov\u00e1bb\u00e1 megnyerte a Kukfer kup\u00e1t, valamint sz\u00e1mos orsz\u00e1gos ker\u00fcleti \u00e9s klubk\u00f6zi versenyt nyert a szakoszt\u00e1ly, a Dr\u00e9her Kup\u00e1ban II. lett (1939). <br \/><strong>\u2013 Irod.:<\/strong> Erd\u00e9lyi ezredek; Kiss\u2013P\u00e9terffy\u2013P\u00e9terffy; Kiss Cs. M 4.; Mv. t\u00f6rt. 2.; Pluh\u00e1r.<\/br><\/p>\n","protected":false},"excerpt":{"rendered":"<p>Mv., 1892, \u2020\u00a01949:, orvos, tan\u00e1r. \u2013 A mv.-i Ref. Koll. iskolaorvosa \u00e9s helyettes tan\u00e1ra volt (1919\u201320); majd szanat\u00f3riumi f\u0151orvos. R\u00e9szt vett az I. vh.-ban (1914\u201318), az orosz fronton k\u00fczd\u00f6tt, kit\u00fcntet\u00e9sekkel szerelt le. Feles\u00e9ge sz. Jarcsi (90 \u00e9vesen hunyt el Mv.-en, 1987. m\u00e1j. 23. \u2013 1988). Egyetemi hallgat\u00f3 kor\u00e1ban a KEAC tagja volt, ahol atl\u00e9tik\u00e1val foglalkozott. [&hellip;]<\/p>\n","protected":false},"featured_media":0,"comment_status":"open","ping_status":"closed","template":"","meta":[],"product_brand":[],"product_cat":[137],"product_tag":[],"class_list":{"0":"post-24441","1":"product","2":"type-product","3":"status-publish","5":"product_cat-maros-megyei-eletrajzi-lexikon","7":"first","8":"instock","9":"shipping-taxable","10":"product-type-simple"},"_links":{"self":[{"href":"https:\/\/uj.adatbank.ro\/lexikon\/wp-json\/wp\/v2\/product\/24441","targetHints":{"allow":["GET"]}}],"collection":[{"href":"https:\/\/uj.adatbank.ro\/lexikon\/wp-json\/wp\/v2\/product"}],"about":[{"href":"https:\/\/uj.adatbank.ro\/lexikon\/wp-json\/wp\/v2\/types\/product"}],"replies":[{"embeddable":true,"href":"https:\/\/uj.adatbank.ro\/lexikon\/wp-json\/wp\/v2\/comments?post=24441"}],"wp:attachment":[{"href":"https:\/\/uj.adatbank.ro\/lexikon\/wp-json\/wp\/v2\/media?parent=24441"}],"wp:term":[{"taxonomy":"product_brand","embeddable":true,"href":"https:\/\/uj.adatbank.ro\/lexikon\/wp-json\/wp\/v2\/product_brand?post=24441"},{"taxonomy":"product_cat","embeddable":true,"href":"https:\/\/uj.adatbank.ro\/lexikon\/wp-json\/wp\/v2\/product_cat?post=24441"},{"taxonomy":"product_tag","embeddable":true,"href":"https:\/\/uj.adatbank.ro\/lexikon\/wp-json\/wp\/v2\/product_tag?post=24441"}],"curies":[{"name":"wp","href":"https:\/\/api.w.org\/{rel}","templated":true}]}}

<p>Mv., 1892, † 1949:, orvos, tanár. – A mv.-i Ref. Koll. iskolaorvosa és helyettes tanára volt (1919–20); majd szanatóriumi főorvos. Részt vett az I. vh.-ban (1914–18), az orosz fronton küzdött, kitüntetésekkel szerelt le. Felesége sz. Jarcsi (90 évesen hunyt el Mv.-en, 1987. máj. 23. – 1988). Egyetemi hallgató korában a KEAC tagja volt, ahol atlétikával foglalkozott. Az MSE választmányi és örökös tiszteletbeli tagja (1914–), a tenisz szakosztály elnöke (1936–41), a Székelyföldi Teniszkerület elnöke. Az Országos Tenisz Szövetség ezüst jelvénnyel tüntette ki (1941). A magyar ifjúságot erélyes munkával összetartásra és fegyelemre tanította. Az általa rendezett sportrendezvények kiemelkedő társadalmi eseményszámba mentek, amelyeken megjelentek a város előkelőségei is. Az ő kezdeményezésére alapították a gr. Bethlen Ádám Székely kupát, amelyet megnyert a szakosztálya, továbbá megnyerte a Kukfer kupát, valamint számos országos kerületi és klubközi versenyt nyert a szakosztály, a Dréher Kupában II. lett (1939). <br /><strong>– Irod.:</strong> Erdélyi ezredek; Kiss–Péterffy–Péterffy; Kiss Cs. M 4.; Mv. tört. 2.; Pluhár.</br></p>

<p>Mv., 1892, † 1949:, orvos, tanár. – A mv.-i Ref. Koll. iskolaorvosa és helyettes tanára volt (1919–20); majd szanatóriumi főorvos. Részt vett az I. vh.-ban (1914–18), az orosz fronton küzdött, kitüntetésekkel szerelt le. Felesége sz. Jarcsi (90 évesen hunyt el Mv.-en, 1987. máj. 23. – 1988). Egyetemi hallgató korában a KEAC tagja volt, ahol atlétikával foglalkozott. [&hellip;]</p>
