{"id":24442,"date":"2025-08-01T18:07:37","date_gmt":"2025-08-01T16:07:37","guid":{"rendered":"https:\/\/uj.adatbank.ro\/lexikon\/termek\/veress-ferenc-%c2%a7-francisc\/"},"modified":"2025-08-01T18:07:37","modified_gmt":"2025-08-01T16:07:37","slug":"veress-ferenc-%c2%a7-francisc","status":"publish","type":"product","link":"https:\/\/uj.adatbank.ro\/lexikon\/termek\/veress-ferenc-%c2%a7-francisc\/","title":{"rendered":"VERESS Ferenc, \u00a7 Francisc"},"content":{"rendered":"<p>? 1916, \u2020\u00a0Mv., 1983. dec. 23.: tisztvisel\u0151. \u2013 Val\u00f3sz\u00edn\u0171leg k\u00f6zgazdas\u00e1gi doktor\u00e1tusa volt. A m. hadsereg tisztje, visszavonul\u00e1skor (1944) amerikai fogs\u00e1gba ker\u00fclt. A RMP tagja (1946\u2013). A felszabadul\u00e1s ut\u00e1n a mv.-i munic\u00edpiumi n\u00e9ptan\u00e1csn\u00e1l dolgozott felel\u0151s beoszt\u00e1sokban: n\u00e9ptan\u00e1csi titk\u00e1r. A securitate nacionalist\u00e1nak, soviniszt\u00e1nak b\u00e9lyegezte, aki sok hib\u00e1t k\u00f6vetett el, So\u00f3s J\u00f3zsef polg\u00e1rmestert is befoly\u00e1solta n\u00e9mely d\u00f6nt\u00e9s\u00e9ben, \u00e9s ezen hib\u00e1k\u00e9rt javasolt\u00e1k lev\u00e1lt\u00e1s\u00e1t (1951). A Maros megyei Kereskedelmi Igazgat\u00f3s\u00e1g volt aligazgat\u00f3ja nyugd\u00edjba vonul\u00e1s\u00e1ig (1955\u2013). \u00c9rdemei\u00e9rt az RSZK \u00e9rmeivel \u00e9s \u00e9rdemrendjeivel t\u00fcntett\u00e9k ki. <br \/><strong>\u2013 Irod.:<\/strong> Bartos 2012; [Nekrol\u00f3g] (V. Z., 1983. dec. 27.); Zsigmond M\u00e1rta: Ell\u00e1t\u00e1s, kereskedelem \u2013 magasabb szinten (\u00daj \u00c9let, 1975, 23. sz.).<\/br><\/p>\n","protected":false},"excerpt":{"rendered":"<p>? 1916, \u2020\u00a0Mv., 1983. dec. 23.: tisztvisel\u0151. \u2013 Val\u00f3sz\u00edn\u0171leg k\u00f6zgazdas\u00e1gi doktor\u00e1tusa volt. A m. hadsereg tisztje, visszavonul\u00e1skor (1944) amerikai fogs\u00e1gba ker\u00fclt. A RMP tagja (1946\u2013). A felszabadul\u00e1s ut\u00e1n a mv.-i munic\u00edpiumi n\u00e9ptan\u00e1csn\u00e1l dolgozott felel\u0151s beoszt\u00e1sokban: n\u00e9ptan\u00e1csi titk\u00e1r. A securitate nacionalist\u00e1nak, soviniszt\u00e1nak b\u00e9lyegezte, aki sok hib\u00e1t k\u00f6vetett el, So\u00f3s J\u00f3zsef polg\u00e1rmestert is befoly\u00e1solta n\u00e9mely d\u00f6nt\u00e9s\u00e9ben, \u00e9s [&hellip;]<\/p>\n","protected":false},"featured_media":0,"comment_status":"open","ping_status":"closed","template":"","meta":[],"product_brand":[],"product_cat":[137],"product_tag":[],"class_list":{"0":"post-24442","1":"product","2":"type-product","3":"status-publish","5":"product_cat-maros-megyei-eletrajzi-lexikon","7":"first","8":"instock","9":"shipping-taxable","10":"product-type-simple"},"_links":{"self":[{"href":"https:\/\/uj.adatbank.ro\/lexikon\/wp-json\/wp\/v2\/product\/24442","targetHints":{"allow":["GET"]}}],"collection":[{"href":"https:\/\/uj.adatbank.ro\/lexikon\/wp-json\/wp\/v2\/product"}],"about":[{"href":"https:\/\/uj.adatbank.ro\/lexikon\/wp-json\/wp\/v2\/types\/product"}],"replies":[{"embeddable":true,"href":"https:\/\/uj.adatbank.ro\/lexikon\/wp-json\/wp\/v2\/comments?post=24442"}],"wp:attachment":[{"href":"https:\/\/uj.adatbank.ro\/lexikon\/wp-json\/wp\/v2\/media?parent=24442"}],"wp:term":[{"taxonomy":"product_brand","embeddable":true,"href":"https:\/\/uj.adatbank.ro\/lexikon\/wp-json\/wp\/v2\/product_brand?post=24442"},{"taxonomy":"product_cat","embeddable":true,"href":"https:\/\/uj.adatbank.ro\/lexikon\/wp-json\/wp\/v2\/product_cat?post=24442"},{"taxonomy":"product_tag","embeddable":true,"href":"https:\/\/uj.adatbank.ro\/lexikon\/wp-json\/wp\/v2\/product_tag?post=24442"}],"curies":[{"name":"wp","href":"https:\/\/api.w.org\/{rel}","templated":true}]}}

<p>? 1916, † Mv., 1983. dec. 23.: tisztviselő. – Valószínűleg közgazdasági doktorátusa volt. A m. hadsereg tisztje, visszavonuláskor (1944) amerikai fogságba került. A RMP tagja (1946–). A felszabadulás után a mv.-i municípiumi néptanácsnál dolgozott felelős beosztásokban: néptanácsi titkár. A securitate nacionalistának, sovinisztának bélyegezte, aki sok hibát követett el, Soós József polgármestert is befolyásolta némely döntésében, és ezen hibákért javasolták leváltását (1951). A Maros megyei Kereskedelmi Igazgatóság volt aligazgatója nyugdíjba vonulásáig (1955–). Érdemeiért az RSZK érmeivel és érdemrendjeivel tüntették ki. <br /><strong>– Irod.:</strong> Bartos 2012; [Nekrológ] (V. Z., 1983. dec. 27.); Zsigmond Márta: Ellátás, kereskedelem – magasabb szinten (Új Élet, 1975, 23. sz.).</br></p>

<p>? 1916, † Mv., 1983. dec. 23.: tisztviselő. – Valószínűleg közgazdasági doktorátusa volt. A m. hadsereg tisztje, visszavonuláskor (1944) amerikai fogságba került. A RMP tagja (1946–). A felszabadulás után a mv.-i municípiumi néptanácsnál dolgozott felelős beosztásokban: néptanácsi titkár. A securitate nacionalistának, sovinisztának bélyegezte, aki sok hibát követett el, Soós József polgármestert is befolyásolta némely döntésében, és [&hellip;]</p>
