{"id":24445,"date":"2025-08-01T18:07:43","date_gmt":"2025-08-01T16:07:43","guid":{"rendered":"https:\/\/uj.adatbank.ro\/lexikon\/termek\/veress-gaspar\/"},"modified":"2025-08-01T18:07:43","modified_gmt":"2025-08-01T16:07:43","slug":"veress-gaspar","status":"publish","type":"product","link":"https:\/\/uj.adatbank.ro\/lexikon\/termek\/veress-gaspar\/","title":{"rendered":"VERESS G\u00e1sp\u00e1r"},"content":{"rendered":"<p>? \u2020\u00a0?: k\u00e1ntortan\u00edt\u00f3. \u2013 a nagyenyedi koll. v\u00e9gzett k\u00e1ntortan\u00edt\u00f3k\u00e9nt. Ny\u00e1r\u00e1dszentanna ref. k\u00f6z\u00f6ss\u00e9g\u00e9t szolg\u00e1lta \u00e9s tan\u00edtott (1928\u201368). Eml\u00e9k\u00e9re kopjaf\u00e1t \u00e1ll\u00edtottak Ny\u00e1r\u00e1dszentann\u00e1n (2005. j\u00fal.). <br \/><strong>\u2013 Irod.:<\/strong> (Kr\u00f3nika, 2005. j\u00fal. 25.).<\/br><\/p>\n","protected":false},"excerpt":{"rendered":"<p>? \u2020\u00a0?: k\u00e1ntortan\u00edt\u00f3. \u2013 a nagyenyedi koll. v\u00e9gzett k\u00e1ntortan\u00edt\u00f3k\u00e9nt. Ny\u00e1r\u00e1dszentanna ref. k\u00f6z\u00f6ss\u00e9g\u00e9t szolg\u00e1lta \u00e9s tan\u00edtott (1928\u201368). Eml\u00e9k\u00e9re kopjaf\u00e1t \u00e1ll\u00edtottak Ny\u00e1r\u00e1dszentann\u00e1n (2005. j\u00fal.). \u2013 Irod.: (Kr\u00f3nika, 2005. j\u00fal. 25.).<\/p>\n","protected":false},"featured_media":0,"comment_status":"open","ping_status":"closed","template":"","meta":[],"product_brand":[],"product_cat":[137],"product_tag":[],"class_list":{"0":"post-24445","1":"product","2":"type-product","3":"status-publish","5":"product_cat-maros-megyei-eletrajzi-lexikon","7":"first","8":"instock","9":"shipping-taxable","10":"product-type-simple"},"_links":{"self":[{"href":"https:\/\/uj.adatbank.ro\/lexikon\/wp-json\/wp\/v2\/product\/24445","targetHints":{"allow":["GET"]}}],"collection":[{"href":"https:\/\/uj.adatbank.ro\/lexikon\/wp-json\/wp\/v2\/product"}],"about":[{"href":"https:\/\/uj.adatbank.ro\/lexikon\/wp-json\/wp\/v2\/types\/product"}],"replies":[{"embeddable":true,"href":"https:\/\/uj.adatbank.ro\/lexikon\/wp-json\/wp\/v2\/comments?post=24445"}],"wp:attachment":[{"href":"https:\/\/uj.adatbank.ro\/lexikon\/wp-json\/wp\/v2\/media?parent=24445"}],"wp:term":[{"taxonomy":"product_brand","embeddable":true,"href":"https:\/\/uj.adatbank.ro\/lexikon\/wp-json\/wp\/v2\/product_brand?post=24445"},{"taxonomy":"product_cat","embeddable":true,"href":"https:\/\/uj.adatbank.ro\/lexikon\/wp-json\/wp\/v2\/product_cat?post=24445"},{"taxonomy":"product_tag","embeddable":true,"href":"https:\/\/uj.adatbank.ro\/lexikon\/wp-json\/wp\/v2\/product_tag?post=24445"}],"curies":[{"name":"wp","href":"https:\/\/api.w.org\/{rel}","templated":true}]}}