{"id":24451,"date":"2025-08-01T18:07:58","date_gmt":"2025-08-01T16:07:58","guid":{"rendered":"https:\/\/uj.adatbank.ro\/lexikon\/termek\/veress-istvan-2\/"},"modified":"2025-08-01T18:07:58","modified_gmt":"2025-08-01T16:07:58","slug":"veress-istvan-2","status":"publish","type":"product","link":"https:\/\/uj.adatbank.ro\/lexikon\/termek\/veress-istvan-2\/","title":{"rendered":"VERESS Istv\u00e1n"},"content":{"rendered":"<p>Gernyeszeg, 1907., \u2020\u00a0?: gazd\u00e1lkod\u00f3. \u2013 Apja V. Gy\u00f6rgy huzamosabb ideig volt Amerik\u00e1ban, vagyon\u00e1t f\u0151leg ott szerezte, majd hazat\u00e9rve gazd\u00e1lkodni kezdett, az els\u0151 vh.-ban az orosz fronton halt meg. (1916) Gyermekkor\u00e1t Amerik\u00e1ban t\u00f6lt\u00f6tte, fiatalon ker\u00fclt \u00e1rvas\u00e1gra, k\u00e9t keze munk\u00e1j\u00e1val \u00e9s szorgalm\u00e1val vezette a gazdas\u00e1got. A k\u00f6zs\u00e9g tekint\u00e9lyes gazd\u00e1ja, a ref. egyh\u00e1z presbitere, k\u00f6zs\u00e9gi tan\u00e1csos, a Gazdak\u00f6r \u00fcgyvezet\u0151 eln\u00f6ke volt. <br \/><strong>\u2013 Irod.:<\/strong> Sz\u00e9kelyf\u00f6ld \u00ed. k.<\/br><\/p>\n","protected":false},"excerpt":{"rendered":"<p>Gernyeszeg, 1907., \u2020\u00a0?: gazd\u00e1lkod\u00f3. \u2013 Apja V. Gy\u00f6rgy huzamosabb ideig volt Amerik\u00e1ban, vagyon\u00e1t f\u0151leg ott szerezte, majd hazat\u00e9rve gazd\u00e1lkodni kezdett, az els\u0151 vh.-ban az orosz fronton halt meg. (1916) Gyermekkor\u00e1t Amerik\u00e1ban t\u00f6lt\u00f6tte, fiatalon ker\u00fclt \u00e1rvas\u00e1gra, k\u00e9t keze munk\u00e1j\u00e1val \u00e9s szorgalm\u00e1val vezette a gazdas\u00e1got. A k\u00f6zs\u00e9g tekint\u00e9lyes gazd\u00e1ja, a ref. egyh\u00e1z presbitere, k\u00f6zs\u00e9gi tan\u00e1csos, a Gazdak\u00f6r [&hellip;]<\/p>\n","protected":false},"featured_media":0,"comment_status":"open","ping_status":"closed","template":"","meta":[],"product_brand":[],"product_cat":[137],"product_tag":[],"class_list":{"0":"post-24451","1":"product","2":"type-product","3":"status-publish","5":"product_cat-maros-megyei-eletrajzi-lexikon","7":"first","8":"instock","9":"shipping-taxable","10":"product-type-simple"},"_links":{"self":[{"href":"https:\/\/uj.adatbank.ro\/lexikon\/wp-json\/wp\/v2\/product\/24451","targetHints":{"allow":["GET"]}}],"collection":[{"href":"https:\/\/uj.adatbank.ro\/lexikon\/wp-json\/wp\/v2\/product"}],"about":[{"href":"https:\/\/uj.adatbank.ro\/lexikon\/wp-json\/wp\/v2\/types\/product"}],"replies":[{"embeddable":true,"href":"https:\/\/uj.adatbank.ro\/lexikon\/wp-json\/wp\/v2\/comments?post=24451"}],"wp:attachment":[{"href":"https:\/\/uj.adatbank.ro\/lexikon\/wp-json\/wp\/v2\/media?parent=24451"}],"wp:term":[{"taxonomy":"product_brand","embeddable":true,"href":"https:\/\/uj.adatbank.ro\/lexikon\/wp-json\/wp\/v2\/product_brand?post=24451"},{"taxonomy":"product_cat","embeddable":true,"href":"https:\/\/uj.adatbank.ro\/lexikon\/wp-json\/wp\/v2\/product_cat?post=24451"},{"taxonomy":"product_tag","embeddable":true,"href":"https:\/\/uj.adatbank.ro\/lexikon\/wp-json\/wp\/v2\/product_tag?post=24451"}],"curies":[{"name":"wp","href":"https:\/\/api.w.org\/{rel}","templated":true}]}}

VERESS István

<p>Gernyeszeg, 1907., † ?: gazdálkodó. – Apja V. György huzamosabb ideig volt Amerikában, vagyonát főleg ott szerezte, majd hazatérve gazdálkodni kezdett, az első vh.-ban az orosz fronton halt meg. (1916) Gyermekkorát Amerikában töltötte, fiatalon került árvaságra, két keze munkájával és szorgalmával vezette a gazdaságot. A község tekintélyes gazdája, a ref. egyház presbitere, községi tanácsos, a Gazdakör ügyvezető elnöke volt. <br /><strong>– Irod.:</strong> Székelyföld í. k.</br></p>

<p>Gernyeszeg, 1907., † ?: gazdálkodó. – Apja V. György huzamosabb ideig volt Amerikában, vagyonát főleg ott szerezte, majd hazatérve gazdálkodni kezdett, az első vh.-ban az orosz fronton halt meg. (1916) Gyermekkorát Amerikában töltötte, fiatalon került árvaságra, két keze munkájával és szorgalmával vezette a gazdaságot. A község tekintélyes gazdája, a ref. egyház presbitere, községi tanácsos, a Gazdakör [&hellip;]</p>
