{"id":24455,"date":"2025-08-01T18:08:07","date_gmt":"2025-08-01T16:08:07","guid":{"rendered":"https:\/\/uj.adatbank.ro\/lexikon\/termek\/veress-jozsef-2\/"},"modified":"2025-08-01T18:08:07","modified_gmt":"2025-08-01T16:08:07","slug":"veress-jozsef-2","status":"publish","type":"product","link":"https:\/\/uj.adatbank.ro\/lexikon\/termek\/veress-jozsef-2\/","title":{"rendered":"VERESS J\u00f3zsef"},"content":{"rendered":"<p>B\u00f6g\u00f6z, 1817, \u2020 Szov\u00e1ta, 1889. m\u00e1rc. 8.: szov\u00e1tai birtokos \u00e9s f\u00fcrd\u0151tulajdonos. \u2013 Szov\u00e1t\u00e1n az als\u00f3 f\u00fcrd\u0151t, a G\u00e9r\u00e1t alap\u00edtotta. Az els\u0151 ki\u00e9p\u00edtett f\u00fcrd\u0151medenc\u00e9je (1862) elk\u00e9sz\u00fclt \u00e9s fel\u00e9p\u00edtette kis f\u00fcrd\u0151telep\u00e9t (1872). A h\u00e1zak mell\u00e9 vend\u00e9gl\u0151t \u00e9s t\u00e1nctermet is \u00e9p\u00edttetett. A Feh\u00e9r-t\u00f3 pusztul\u00e1sa ut\u00e1n (1876) bevonta f\u00fcrd\u0151v\u00e1llalkoz\u00e1si k\u00f6r\u00e9be a Fekete-tavat, p\u00e1r \u00e9v alatt Szov\u00e1taf\u00fcrd\u0151 Marossz\u00e9k legn\u00e9pszer\u0171bb f\u00fcrd\u0151je lett. Tisztelet\u00e9re a G\u00e9ra f\u00fcrd\u0151 vend\u00e9gl\u0151j\u00e9nek oldal\u00e1ra \u00e9rc eml\u00e9kt\u00e1bl\u00e1t helyeztek (1878). Vagyon\u00e1t a ref. egyh\u00e1zra hagyta, csal\u00e1dja peresked\u00e9s ut\u00e1n jutott a vagyonhoz (1896. j\u00fal.7. \u2013 1897. \u00e1pr. 23.), \u00edgy is jelent\u0151s vagyonhoz jutatta a szov\u00e1tai reform\u00e1tusokat. Az als\u00f3 f\u00fcrd\u0151t Illy\u00e9s Lajos vette meg (1902). Eml\u00e9k\u00e9t a szov\u00e1tai ref. templom (1937\u201339) torony fel\u00f6li bej\u00e1rat\u00e1n\u00e1l m\u00e1rv\u00e1ny eml\u00e9kt\u00e1bla (avatt\u00e1k 1939. okt. 31.), a cinterm\u00e9ben faragott kopjafa \u0151rzi. <br \/><strong>\u2013 Irod.:<\/strong> J\u00f3zsa Andr\u00e1s: S\u00f3falvi Illy\u00e9s Lajos, a modern Szov\u00e1taf\u00fcrd\u0151 megalap\u00edt\u00f3ja = P\u00e1l-Antal \u2013 Simon 2011; J\u00f3zsa Andr\u00e1s: Szov\u00e1taf\u00fcrd\u0151 (Korunk, 2009, 8. sz.); Sepsisz\u00e9ki; Szov\u00e1ta; V. J. (N\u00fa., 1996. febr. 21.); Zepeczaner Jen\u0151. Maros-Torda megye f\u00fcrd\u0151\u00e9lete a dualizmus kor\u00e1ban. = P\u00e1l-Antal\u2013Simon.<\/br><\/p>\n","protected":false},"excerpt":{"rendered":"<p>B\u00f6g\u00f6z, 1817, \u2020 Szov\u00e1ta, 1889. m\u00e1rc. 8.: szov\u00e1tai birtokos \u00e9s f\u00fcrd\u0151tulajdonos. \u2013 Szov\u00e1t\u00e1n az als\u00f3 f\u00fcrd\u0151t, a G\u00e9r\u00e1t alap\u00edtotta. Az els\u0151 ki\u00e9p\u00edtett f\u00fcrd\u0151medenc\u00e9je (1862) elk\u00e9sz\u00fclt \u00e9s fel\u00e9p\u00edtette kis f\u00fcrd\u0151telep\u00e9t (1872). A h\u00e1zak mell\u00e9 vend\u00e9gl\u0151t \u00e9s t\u00e1nctermet is \u00e9p\u00edttetett. A Feh\u00e9r-t\u00f3 pusztul\u00e1sa ut\u00e1n (1876) bevonta f\u00fcrd\u0151v\u00e1llalkoz\u00e1si k\u00f6r\u00e9be a Fekete-tavat, p\u00e1r \u00e9v alatt Szov\u00e1taf\u00fcrd\u0151 Marossz\u00e9k legn\u00e9pszer\u0171bb f\u00fcrd\u0151je [&hellip;]<\/p>\n","protected":false},"featured_media":0,"comment_status":"open","ping_status":"closed","template":"","meta":[],"product_brand":[],"product_cat":[137],"product_tag":[],"class_list":{"0":"post-24455","1":"product","2":"type-product","3":"status-publish","5":"product_cat-maros-megyei-eletrajzi-lexikon","7":"first","8":"instock","9":"shipping-taxable","10":"product-type-simple"},"_links":{"self":[{"href":"https:\/\/uj.adatbank.ro\/lexikon\/wp-json\/wp\/v2\/product\/24455","targetHints":{"allow":["GET"]}}],"collection":[{"href":"https:\/\/uj.adatbank.ro\/lexikon\/wp-json\/wp\/v2\/product"}],"about":[{"href":"https:\/\/uj.adatbank.ro\/lexikon\/wp-json\/wp\/v2\/types\/product"}],"replies":[{"embeddable":true,"href":"https:\/\/uj.adatbank.ro\/lexikon\/wp-json\/wp\/v2\/comments?post=24455"}],"wp:attachment":[{"href":"https:\/\/uj.adatbank.ro\/lexikon\/wp-json\/wp\/v2\/media?parent=24455"}],"wp:term":[{"taxonomy":"product_brand","embeddable":true,"href":"https:\/\/uj.adatbank.ro\/lexikon\/wp-json\/wp\/v2\/product_brand?post=24455"},{"taxonomy":"product_cat","embeddable":true,"href":"https:\/\/uj.adatbank.ro\/lexikon\/wp-json\/wp\/v2\/product_cat?post=24455"},{"taxonomy":"product_tag","embeddable":true,"href":"https:\/\/uj.adatbank.ro\/lexikon\/wp-json\/wp\/v2\/product_tag?post=24455"}],"curies":[{"name":"wp","href":"https:\/\/api.w.org\/{rel}","templated":true}]}}

VERESS József

<p>Bögöz, 1817, † Szováta, 1889. márc. 8.: szovátai birtokos és fürdőtulajdonos. – Szovátán az alsó fürdőt, a Gérát alapította. Az első kiépített fürdőmedencéje (1862) elkészült és felépítette kis fürdőtelepét (1872). A házak mellé vendéglőt és tánctermet is építtetett. A Fehér-tó pusztulása után (1876) bevonta fürdővállalkozási körébe a Fekete-tavat, pár év alatt Szovátafürdő Marosszék legnépszerűbb fürdője lett. Tiszteletére a Géra fürdő vendéglőjének oldalára érc emléktáblát helyeztek (1878). Vagyonát a ref. egyházra hagyta, családja pereskedés után jutott a vagyonhoz (1896. júl.7. – 1897. ápr. 23.), így is jelentős vagyonhoz jutatta a szovátai reformátusokat. Az alsó fürdőt Illyés Lajos vette meg (1902). Emlékét a szovátai ref. templom (1937–39) torony felöli bejáratánál márvány emléktábla (avatták 1939. okt. 31.), a cintermében faragott kopjafa őrzi. <br /><strong>– Irod.:</strong> Józsa András: Sófalvi Illyés Lajos, a modern Szovátafürdő megalapítója = Pál-Antal – Simon 2011; Józsa András: Szovátafürdő (Korunk, 2009, 8. sz.); Sepsiszéki; Szováta; V. J. (Nú., 1996. febr. 21.); Zepeczaner Jenő. Maros-Torda megye fürdőélete a dualizmus korában. = Pál-Antal–Simon.</br></p>

<p>Bögöz, 1817, † Szováta, 1889. márc. 8.: szovátai birtokos és fürdőtulajdonos. – Szovátán az alsó fürdőt, a Gérát alapította. Az első kiépített fürdőmedencéje (1862) elkészült és felépítette kis fürdőtelepét (1872). A házak mellé vendéglőt és tánctermet is építtetett. A Fehér-tó pusztulása után (1876) bevonta fürdővállalkozási körébe a Fekete-tavat, pár év alatt Szovátafürdő Marosszék legnépszerűbb fürdője [&hellip;]</p>
