{"id":24461,"date":"2025-08-01T18:08:20","date_gmt":"2025-08-01T16:08:20","guid":{"rendered":"https:\/\/uj.adatbank.ro\/lexikon\/termek\/veress-karoly-%c2%a7\/"},"modified":"2025-08-01T18:08:20","modified_gmt":"2025-08-01T16:08:20","slug":"veress-karoly-%c2%a7","status":"publish","type":"product","link":"https:\/\/uj.adatbank.ro\/lexikon\/termek\/veress-karoly-%c2%a7\/","title":{"rendered":"VERESS K\u00e1roly, \u00a7"},"content":{"rendered":"<p>Mv., 1903. okt. 11., \u2020 Mv., 1980. febr. 20.: m\u0171szer\u00e9sz, munk\u00e1sigazgat\u00f3. \u2013 Feles\u00e9ge: T\u0151k\u00e9s Judit. Fi\u00fak: P\u00e1l. \u2013 Kor\u00e1n \u00e1rvas\u00e1gra jutott \u00e9s rokonok gy\u00e1ms\u00e1ga al\u00e1 ker\u00fclt. A mv.-i majd a nagyenyedi koll. elv\u00e9gz\u00e9se ut\u00e1n mesters\u00e9get tanult \u00e9s a vas\u00fati f\u0171t\u0151h\u00e1zhoz m\u0171szer\u00e9szk\u00e9nt alkalmazt\u00e1k (1922). Amikor kider\u00fclt, h. szakszervezeti tag, r\u00f6gt\u00f6n elbocs\u00e1tott\u00e1k. Buk.-ben egy v\u00edzvezet\u00e9k-szerel\u0151 v\u00e1llalathoz ker\u00fclt, majd Mv.-re szerz\u0151d\u00f6tt a Cukorgy\u00e1rhoz (1924- ). Az elmaradt f\u0151iskol\u00e1t sz\u00edv\u00f3s \u00f6nszorgalommal p\u00f3tolta: k\u00f6nyveket v\u00e1s\u00e1rolt, olvasott \u00e9s gyakorlat r\u00e9v\u00e9n tekint\u00e9lyes tapasztalatra tett szert. G\u00e9p\u00e9ssz\u00e9 l\u00e9ptett\u00e9k el\u0151 (1924 v\u00e9g\u00e9n), \u00e9s a br\u00fcnni g\u00e9pgy\u00e1rb\u00f3l hozott \u00faj szivatty\u00fa \u00e9s az \u00faj turbina kezel\u00e9s\u00e9t is r\u00e1b\u00edzt\u00e1k (1934). Dolgozott a KISZ v\u00e1rosi titk\u00e1rs\u00e1g\u00e1n, az egys\u00e9ges szakszervezetben, mint a vasmunk\u00e1s szakszervezet vezet\u0151s\u00e9gi tagja, majd titk\u00e1ra. Tagja lett az illeg\u00e1lis KP-nak (1927\u2013), letart\u00f3ztatt\u00e1k \u00e9s \u00c1kosfalv\u00e1ra a gy\u0171jt\u0151t\u00e1borba vitt\u00e9k (1941). Tev\u00e9kenykedett a V\u00f6r\u00f6s Seg\u00e9ly akci\u00f3ban \u00e9s a V\u00e1rosi \u00e9s Falusi Dolgoz\u00f3k Blokkj\u00e1ban is. T\u00f6bbsz\u00f6r letart\u00f3ztatt\u00e1k, a doft\u00e1nai b\u00f6rt\u00f6nben cellat\u00e1rsa volt Gheorghe Gheorghiu-Dejnek. B\u00fcntet\u0151 munk\u00e1ssz\u00e1zadba osztott\u00e1k be (1944), ahonnan megsz\u00f6k\u00f6tt, bujk\u00e1lt a felszabadul\u00e1sig. A h\u00e1bor\u00fa alatt felrobbantott\u00e1k a cukorgy\u00e1rat. R\u00e9szt vett az \u00fajj\u00e1\u00e9p\u00edt\u00e9s\u00e9ben, beszerelt\u00e9k a m\u00e1sodik turbin\u00e1t. Az \u00fczemi bizotts\u00e1g eln\u00f6ke, majd nemsok\u00e1ra a p\u00e1rtbizotts\u00e1g titk\u00e1ra \u00e9s gy\u00e1rigazgat\u00f3 lett (1948. j\u00fan. 11.\u2013). A v\u00e1rosi, a megyei, a tartom\u00e1nyi p\u00e1rtbizotts\u00e1g tagja, k\u00e9pvisel\u0151 (1950) \u00e9s a v\u00e1rosi n\u00e9ptan\u00e1cs v\u00e9grehajt\u00f3 bizotts\u00e1g\u00e1nak tagja. K\u00e9s\u0151bb hamis v\u00e1dak alapj\u00e1n lev\u00e1ltott\u00e1k (1954), h\u00e1rom \u00e9vig m\u0171helyf\u0151n\u00f6kk\u00e9nt dolgozott, de \u00fcgye tiszt\u00e1z\u00f3d\u00e1sa ut\u00e1n \u00fajb\u00f3l r\u00e1b\u00edzt\u00e1k a 3000 munk\u00e1st foglalkoztat\u00f3 gy\u00e1r vezet\u00e9s\u00e9t (1957\u2013). Az \u0151 idej\u00e9ben bontott\u00e1k le a r\u00e9gi gy\u00e1rat \u00e9s \u00fajat \u00e9p\u00edtettek (1961\u201364). Az \u00faj gy\u00e1r vezet\u00e9s\u00e9t azonban m\u00e1r nem r\u00e1 b\u00edzt\u00e1k, aligazgat\u00f3 volt, nyugd\u00edjba vonult (1966). Munka\u00e9remmel t\u00fcntett\u00e9k ki (1949). <br \/><strong>\u2013 Irod.:<\/strong> Bartos Zolt\u00e1n; Bartos 2012; Bodolai Gy\u00f6ngyi: \u00c9des \u00e9let? Volt egyszer egy cukorgy\u00e1r (N\u00fa, 2013. jan. 31.; 2013. febr. 7.); V. K. elvt\u00e1rs (N\u00e9p\u00fajs\u00e1g, 1950. nov. 13.); N\u00fa. (2006. m\u00e1j. 6); Marosi Barna: Megbolygatott vil\u00e1g (Buk., 1974); Az \u00daj \u00c9let V. K. Nyugd\u00edjas igazgat\u00f3n\u00e1l (\u00daj \u00c9let, 1973, 10. sz.); T\u0151k\u00e9s.<\/br><\/p>\n","protected":false},"excerpt":{"rendered":"<p>Mv., 1903. okt. 11., \u2020 Mv., 1980. febr. 20.: m\u0171szer\u00e9sz, munk\u00e1sigazgat\u00f3. \u2013 Feles\u00e9ge: T\u0151k\u00e9s Judit. Fi\u00fak: P\u00e1l. \u2013 Kor\u00e1n \u00e1rvas\u00e1gra jutott \u00e9s rokonok gy\u00e1ms\u00e1ga al\u00e1 ker\u00fclt. A mv.-i majd a nagyenyedi koll. elv\u00e9gz\u00e9se ut\u00e1n mesters\u00e9get tanult \u00e9s a vas\u00fati f\u0171t\u0151h\u00e1zhoz m\u0171szer\u00e9szk\u00e9nt alkalmazt\u00e1k (1922). Amikor kider\u00fclt, h. szakszervezeti tag, r\u00f6gt\u00f6n elbocs\u00e1tott\u00e1k. Buk.-ben egy v\u00edzvezet\u00e9k-szerel\u0151 v\u00e1llalathoz ker\u00fclt, [&hellip;]<\/p>\n","protected":false},"featured_media":0,"comment_status":"open","ping_status":"closed","template":"","meta":[],"product_brand":[],"product_cat":[137],"product_tag":[],"class_list":{"0":"post-24461","1":"product","2":"type-product","3":"status-publish","5":"product_cat-maros-megyei-eletrajzi-lexikon","7":"first","8":"instock","9":"shipping-taxable","10":"product-type-simple"},"_links":{"self":[{"href":"https:\/\/uj.adatbank.ro\/lexikon\/wp-json\/wp\/v2\/product\/24461","targetHints":{"allow":["GET"]}}],"collection":[{"href":"https:\/\/uj.adatbank.ro\/lexikon\/wp-json\/wp\/v2\/product"}],"about":[{"href":"https:\/\/uj.adatbank.ro\/lexikon\/wp-json\/wp\/v2\/types\/product"}],"replies":[{"embeddable":true,"href":"https:\/\/uj.adatbank.ro\/lexikon\/wp-json\/wp\/v2\/comments?post=24461"}],"wp:attachment":[{"href":"https:\/\/uj.adatbank.ro\/lexikon\/wp-json\/wp\/v2\/media?parent=24461"}],"wp:term":[{"taxonomy":"product_brand","embeddable":true,"href":"https:\/\/uj.adatbank.ro\/lexikon\/wp-json\/wp\/v2\/product_brand?post=24461"},{"taxonomy":"product_cat","embeddable":true,"href":"https:\/\/uj.adatbank.ro\/lexikon\/wp-json\/wp\/v2\/product_cat?post=24461"},{"taxonomy":"product_tag","embeddable":true,"href":"https:\/\/uj.adatbank.ro\/lexikon\/wp-json\/wp\/v2\/product_tag?post=24461"}],"curies":[{"name":"wp","href":"https:\/\/api.w.org\/{rel}","templated":true}]}}

VERESS Károly, §

<p>Mv., 1903. okt. 11., † Mv., 1980. febr. 20.: műszerész, munkásigazgató. – Felesége: Tőkés Judit. Fiúk: Pál. – Korán árvaságra jutott és rokonok gyámsága alá került. A mv.-i majd a nagyenyedi koll. elvégzése után mesterséget tanult és a vasúti fűtőházhoz műszerészként alkalmazták (1922). Amikor kiderült, h. szakszervezeti tag, rögtön elbocsátották. Buk.-ben egy vízvezeték-szerelő vállalathoz került, majd Mv.-re szerződött a Cukorgyárhoz (1924- ). Az elmaradt főiskolát szívós önszorgalommal pótolta: könyveket vásárolt, olvasott és gyakorlat révén tekintélyes tapasztalatra tett szert. Gépésszé léptették elő (1924 végén), és a brünni gépgyárból hozott új szivattyú és az új turbina kezelését is rábízták (1934). Dolgozott a KISZ városi titkárságán, az egységes szakszervezetben, mint a vasmunkás szakszervezet vezetőségi tagja, majd titkára. Tagja lett az illegális KP-nak (1927–), letartóztatták és Ákosfalvára a gyűjtőtáborba vitték (1941). Tevékenykedett a Vörös Segély akcióban és a Városi és Falusi Dolgozók Blokkjában is. Többször letartóztatták, a doftánai börtönben cellatársa volt Gheorghe Gheorghiu-Dejnek. Büntető munkásszázadba osztották be (1944), ahonnan megszökött, bujkált a felszabadulásig. A háború alatt felrobbantották a cukorgyárat. Részt vett az újjáépítésében, beszerelték a második turbinát. Az üzemi bizottság elnöke, majd nemsokára a pártbizottság titkára és gyárigazgató lett (1948. jún. 11.–). A városi, a megyei, a tartományi pártbizottság tagja, képviselő (1950) és a városi néptanács végrehajtó bizottságának tagja. Később hamis vádak alapján leváltották (1954), három évig műhelyfőnökként dolgozott, de ügye tisztázódása után újból rábízták a 3000 munkást foglalkoztató gyár vezetését (1957–). Az ő idejében bontották le a régi gyárat és újat építettek (1961–64). Az új gyár vezetését azonban már nem rá bízták, aligazgató volt, nyugdíjba vonult (1966). Munkaéremmel tüntették ki (1949). <br /><strong>– Irod.:</strong> Bartos Zoltán; Bartos 2012; Bodolai Gyöngyi: Édes élet? Volt egyszer egy cukorgyár (Nú, 2013. jan. 31.; 2013. febr. 7.); V. K. elvtárs (Népújság, 1950. nov. 13.); Nú. (2006. máj. 6); Marosi Barna: Megbolygatott világ (Buk., 1974); Az Új Élet V. K. Nyugdíjas igazgatónál (Új Élet, 1973, 10. sz.); Tőkés.</br></p>

<p>Mv., 1903. okt. 11., † Mv., 1980. febr. 20.: műszerész, munkásigazgató. – Felesége: Tőkés Judit. Fiúk: Pál. – Korán árvaságra jutott és rokonok gyámsága alá került. A mv.-i majd a nagyenyedi koll. elvégzése után mesterséget tanult és a vasúti fűtőházhoz műszerészként alkalmazták (1922). Amikor kiderült, h. szakszervezeti tag, rögtön elbocsátották. Buk.-ben egy vízvezeték-szerelő vállalathoz került, [&hellip;]</p>
