{"id":24465,"date":"2025-08-01T18:08:28","date_gmt":"2025-08-01T16:08:28","guid":{"rendered":"https:\/\/uj.adatbank.ro\/lexikon\/termek\/veress-laszlo\/"},"modified":"2025-08-01T18:08:28","modified_gmt":"2025-08-01T16:08:28","slug":"veress-laszlo","status":"publish","type":"product","link":"https:\/\/uj.adatbank.ro\/lexikon\/termek\/veress-laszlo\/","title":{"rendered":"VERESS L\u00e1szl\u00f3"},"content":{"rendered":"<p>Rigm\u00e1ny (Maros), 1903, \u2020\u00a0?: gazd\u00e1lkod\u00f3, k\u00f6zs\u00e9gi alb\u00edr\u00f3. \u2013 A csal\u00e1d R\u00e1k\u00f3czi fejedelem idej\u00e9n kapta nemess\u00e9g\u00e9t, a Szil\u00e1gys\u00e1gb\u00f3l ered. Iskol\u00e1it Rigm\u00e1nyban v\u00e9gezte, \u00f6n\u00e1ll\u00f3 gazda lett (1939). A Hangya igazgat\u00f3ja \u00e9s p\u00e9nzt\u00e1rosa, a Tejsz\u00f6v. \u00fcgyv. igazgat\u00f3ja, k\u00f6zs\u00e9gi alb\u00edr\u00f3, a MP tagja volt. <br \/><strong>\u2013 Irod.:<\/strong> Sz\u00e9kelyf\u00f6ld \u00ed. k.<\/br><\/p>\n","protected":false},"excerpt":{"rendered":"<p>Rigm\u00e1ny (Maros), 1903, \u2020\u00a0?: gazd\u00e1lkod\u00f3, k\u00f6zs\u00e9gi alb\u00edr\u00f3. \u2013 A csal\u00e1d R\u00e1k\u00f3czi fejedelem idej\u00e9n kapta nemess\u00e9g\u00e9t, a Szil\u00e1gys\u00e1gb\u00f3l ered. Iskol\u00e1it Rigm\u00e1nyban v\u00e9gezte, \u00f6n\u00e1ll\u00f3 gazda lett (1939). A Hangya igazgat\u00f3ja \u00e9s p\u00e9nzt\u00e1rosa, a Tejsz\u00f6v. \u00fcgyv. igazgat\u00f3ja, k\u00f6zs\u00e9gi alb\u00edr\u00f3, a MP tagja volt. \u2013 Irod.: Sz\u00e9kelyf\u00f6ld \u00ed. k.<\/p>\n","protected":false},"featured_media":0,"comment_status":"open","ping_status":"closed","template":"","meta":[],"product_brand":[],"product_cat":[137],"product_tag":[],"class_list":{"0":"post-24465","1":"product","2":"type-product","3":"status-publish","5":"product_cat-maros-megyei-eletrajzi-lexikon","7":"first","8":"instock","9":"shipping-taxable","10":"product-type-simple"},"_links":{"self":[{"href":"https:\/\/uj.adatbank.ro\/lexikon\/wp-json\/wp\/v2\/product\/24465","targetHints":{"allow":["GET"]}}],"collection":[{"href":"https:\/\/uj.adatbank.ro\/lexikon\/wp-json\/wp\/v2\/product"}],"about":[{"href":"https:\/\/uj.adatbank.ro\/lexikon\/wp-json\/wp\/v2\/types\/product"}],"replies":[{"embeddable":true,"href":"https:\/\/uj.adatbank.ro\/lexikon\/wp-json\/wp\/v2\/comments?post=24465"}],"wp:attachment":[{"href":"https:\/\/uj.adatbank.ro\/lexikon\/wp-json\/wp\/v2\/media?parent=24465"}],"wp:term":[{"taxonomy":"product_brand","embeddable":true,"href":"https:\/\/uj.adatbank.ro\/lexikon\/wp-json\/wp\/v2\/product_brand?post=24465"},{"taxonomy":"product_cat","embeddable":true,"href":"https:\/\/uj.adatbank.ro\/lexikon\/wp-json\/wp\/v2\/product_cat?post=24465"},{"taxonomy":"product_tag","embeddable":true,"href":"https:\/\/uj.adatbank.ro\/lexikon\/wp-json\/wp\/v2\/product_tag?post=24465"}],"curies":[{"name":"wp","href":"https:\/\/api.w.org\/{rel}","templated":true}]}}

VERESS László

<p>Rigmány (Maros), 1903, † ?: gazdálkodó, községi albíró. – A család Rákóczi fejedelem idején kapta nemességét, a Szilágyságból ered. Iskoláit Rigmányban végezte, önálló gazda lett (1939). A Hangya igazgatója és pénztárosa, a Tejszöv. ügyv. igazgatója, községi albíró, a MP tagja volt. <br /><strong>– Irod.:</strong> Székelyföld í. k.</br></p>

<p>Rigmány (Maros), 1903, † ?: gazdálkodó, községi albíró. – A család Rákóczi fejedelem idején kapta nemességét, a Szilágyságból ered. Iskoláit Rigmányban végezte, önálló gazda lett (1939). A Hangya igazgatója és pénztárosa, a Tejszöv. ügyv. igazgatója, községi albíró, a MP tagja volt. – Irod.: Székelyföld í. k.</p>
