{"id":24470,"date":"2025-08-01T18:08:38","date_gmt":"2025-08-01T16:08:38","guid":{"rendered":"https:\/\/uj.adatbank.ro\/lexikon\/termek\/veress-marton-2\/"},"modified":"2025-08-01T18:08:38","modified_gmt":"2025-08-01T16:08:38","slug":"veress-marton-2","status":"publish","type":"product","link":"https:\/\/uj.adatbank.ro\/lexikon\/termek\/veress-marton-2\/","title":{"rendered":"VERESS M\u00e1rton"},"content":{"rendered":"<p>Harasztker\u00e9k, 1905. m\u00e1j. 25., \u2020 Maroskereszt\u00far, 1991. m\u00e1j. 16.: gazd\u00e1lkod\u00f3. \u2013 Fia: V.M\u00e1rton (sz. Harasztker\u00e9k, 1938. dec.13.), egy dobrudzsai b\u00fcntet\u0151alakulatban teljes\u00edtette katonai szolg\u00e1lat\u00e1t. \u2013 Letart\u00f3ztatt\u00e1k (1958. dec.13.) \u00e9s a kollektiviz\u00e1l\u00e1ssal val\u00f3 szembeszeg\u00fcl\u00e9s\u00e9rt a kv.-i Katonai T\u00f6rv\u00e9nysz\u00e9k 10 \u00e9vre \u00edt\u00e9lte. Szamos\u00fajv\u00e1ron \u00e9s a Duna-delt\u00e1ban, Periprav\u00e1n raboskodott, v\u00e9g\u00fcl Mv.-re szabadult (1960. m\u00e1rc. 17). Csak akkor \u00edrta al\u00e1 a bel\u00e9p\u00e9si nyilatkozatot, amikor a fi\u00e1t is elengedt\u00e9k a b\u00fcntet\u0151alakulatt\u00f3l. <br \/><strong>\u2013 Irod.:<\/strong> 1956 Erd\u00e9lyben.<\/br><\/p>\n","protected":false},"excerpt":{"rendered":"<p>Harasztker\u00e9k, 1905. m\u00e1j. 25., \u2020 Maroskereszt\u00far, 1991. m\u00e1j. 16.: gazd\u00e1lkod\u00f3. \u2013 Fia: V.M\u00e1rton (sz. Harasztker\u00e9k, 1938. dec.13.), egy dobrudzsai b\u00fcntet\u0151alakulatban teljes\u00edtette katonai szolg\u00e1lat\u00e1t. \u2013 Letart\u00f3ztatt\u00e1k (1958. dec.13.) \u00e9s a kollektiviz\u00e1l\u00e1ssal val\u00f3 szembeszeg\u00fcl\u00e9s\u00e9rt a kv.-i Katonai T\u00f6rv\u00e9nysz\u00e9k 10 \u00e9vre \u00edt\u00e9lte. Szamos\u00fajv\u00e1ron \u00e9s a Duna-delt\u00e1ban, Periprav\u00e1n raboskodott, v\u00e9g\u00fcl Mv.-re szabadult (1960. m\u00e1rc. 17). Csak akkor \u00edrta al\u00e1 [&hellip;]<\/p>\n","protected":false},"featured_media":0,"comment_status":"open","ping_status":"closed","template":"","meta":[],"product_brand":[],"product_cat":[137],"product_tag":[],"class_list":{"0":"post-24470","1":"product","2":"type-product","3":"status-publish","5":"product_cat-maros-megyei-eletrajzi-lexikon","7":"first","8":"instock","9":"shipping-taxable","10":"product-type-simple"},"_links":{"self":[{"href":"https:\/\/uj.adatbank.ro\/lexikon\/wp-json\/wp\/v2\/product\/24470","targetHints":{"allow":["GET"]}}],"collection":[{"href":"https:\/\/uj.adatbank.ro\/lexikon\/wp-json\/wp\/v2\/product"}],"about":[{"href":"https:\/\/uj.adatbank.ro\/lexikon\/wp-json\/wp\/v2\/types\/product"}],"replies":[{"embeddable":true,"href":"https:\/\/uj.adatbank.ro\/lexikon\/wp-json\/wp\/v2\/comments?post=24470"}],"wp:attachment":[{"href":"https:\/\/uj.adatbank.ro\/lexikon\/wp-json\/wp\/v2\/media?parent=24470"}],"wp:term":[{"taxonomy":"product_brand","embeddable":true,"href":"https:\/\/uj.adatbank.ro\/lexikon\/wp-json\/wp\/v2\/product_brand?post=24470"},{"taxonomy":"product_cat","embeddable":true,"href":"https:\/\/uj.adatbank.ro\/lexikon\/wp-json\/wp\/v2\/product_cat?post=24470"},{"taxonomy":"product_tag","embeddable":true,"href":"https:\/\/uj.adatbank.ro\/lexikon\/wp-json\/wp\/v2\/product_tag?post=24470"}],"curies":[{"name":"wp","href":"https:\/\/api.w.org\/{rel}","templated":true}]}}

VERESS Márton

<p>Harasztkerék, 1905. máj. 25., † Maroskeresztúr, 1991. máj. 16.: gazdálkodó. – Fia: V.Márton (sz. Harasztkerék, 1938. dec.13.), egy dobrudzsai büntetőalakulatban teljesítette katonai szolgálatát. – Letartóztatták (1958. dec.13.) és a kollektivizálással való szembeszegülésért a kv.-i Katonai Törvényszék 10 évre ítélte. Szamosújváron és a Duna-deltában, Peripraván raboskodott, végül Mv.-re szabadult (1960. márc. 17). Csak akkor írta alá a belépési nyilatkozatot, amikor a fiát is elengedték a büntetőalakulattól. <br /><strong>– Irod.:</strong> 1956 Erdélyben.</br></p>

<p>Harasztkerék, 1905. máj. 25., † Maroskeresztúr, 1991. máj. 16.: gazdálkodó. – Fia: V.Márton (sz. Harasztkerék, 1938. dec.13.), egy dobrudzsai büntetőalakulatban teljesítette katonai szolgálatát. – Letartóztatták (1958. dec.13.) és a kollektivizálással való szembeszegülésért a kv.-i Katonai Törvényszék 10 évre ítélte. Szamosújváron és a Duna-deltában, Peripraván raboskodott, végül Mv.-re szabadult (1960. márc. 17). Csak akkor írta alá [&hellip;]</p>
