{"id":24471,"date":"2025-08-01T18:08:40","date_gmt":"2025-08-01T16:08:40","guid":{"rendered":"https:\/\/uj.adatbank.ro\/lexikon\/termek\/veress-matyas\/"},"modified":"2025-08-01T18:08:40","modified_gmt":"2025-08-01T16:08:40","slug":"veress-matyas","status":"publish","type":"product","link":"https:\/\/uj.adatbank.ro\/lexikon\/termek\/veress-matyas\/","title":{"rendered":"VERESS M\u00e1ty\u00e1s"},"content":{"rendered":"<p>Rigm\u00e1n, 1881., \u2020\u00a0?: tan\u00edt\u00f3. \u2013 Tanulm\u00e1nyait Nagyenyeden v\u00e9gezte (1901). Ny\u00e1r\u00e1dszenttam\u00e1son majd Sz\u00e9kelyber\u00e9ben volt ig. tan\u00edt\u00f3, nyugalomba vonult (1938). Elismert tan\u00edt\u00f3 volt, t\u00f6bbsz\u00f6r r\u00e9szes\u00fclt elismer\u00e9sben \u00e9s kit\u00fcntet\u00e9sben. Nyugd\u00edjask\u00e9nt B\u00f6z\u00f6d\u00fajfaluban \u00e9lt. Az els\u0151 vh.-ban mint hadnagy a 62. k. gy. ezredben az orosz, olasz fronton harcolt, megsebes\u00fclt, a bronz v. \u00e9rem, a bajor kereszt, \u00e9s a K\u00e1roly-csapatkereszttel t\u00fcntett\u00e9k ki. Volt k\u00f6zs\u00e9gi p\u00e9nzt\u00e1ros, a Hangya \u00fcgyvezet\u0151 igazgat\u00f3ja, Sz\u00f6vetkezeti eln\u00f6k, k\u00f6zs\u00e9gi k\u00e9pvisel\u0151. <br \/><strong>\u2013 Irod.:<\/strong> Sz\u00e9kelyf\u00f6ld \u00ed. k.<\/br><\/p>\n","protected":false},"excerpt":{"rendered":"<p>Rigm\u00e1n, 1881., \u2020\u00a0?: tan\u00edt\u00f3. \u2013 Tanulm\u00e1nyait Nagyenyeden v\u00e9gezte (1901). Ny\u00e1r\u00e1dszenttam\u00e1son majd Sz\u00e9kelyber\u00e9ben volt ig. tan\u00edt\u00f3, nyugalomba vonult (1938). Elismert tan\u00edt\u00f3 volt, t\u00f6bbsz\u00f6r r\u00e9szes\u00fclt elismer\u00e9sben \u00e9s kit\u00fcntet\u00e9sben. Nyugd\u00edjask\u00e9nt B\u00f6z\u00f6d\u00fajfaluban \u00e9lt. Az els\u0151 vh.-ban mint hadnagy a 62. k. gy. ezredben az orosz, olasz fronton harcolt, megsebes\u00fclt, a bronz v. \u00e9rem, a bajor kereszt, \u00e9s a K\u00e1roly-csapatkereszttel [&hellip;]<\/p>\n","protected":false},"featured_media":0,"comment_status":"open","ping_status":"closed","template":"","meta":[],"product_brand":[],"product_cat":[137],"product_tag":[],"class_list":{"0":"post-24471","1":"product","2":"type-product","3":"status-publish","5":"product_cat-maros-megyei-eletrajzi-lexikon","7":"first","8":"instock","9":"shipping-taxable","10":"product-type-simple"},"_links":{"self":[{"href":"https:\/\/uj.adatbank.ro\/lexikon\/wp-json\/wp\/v2\/product\/24471","targetHints":{"allow":["GET"]}}],"collection":[{"href":"https:\/\/uj.adatbank.ro\/lexikon\/wp-json\/wp\/v2\/product"}],"about":[{"href":"https:\/\/uj.adatbank.ro\/lexikon\/wp-json\/wp\/v2\/types\/product"}],"replies":[{"embeddable":true,"href":"https:\/\/uj.adatbank.ro\/lexikon\/wp-json\/wp\/v2\/comments?post=24471"}],"wp:attachment":[{"href":"https:\/\/uj.adatbank.ro\/lexikon\/wp-json\/wp\/v2\/media?parent=24471"}],"wp:term":[{"taxonomy":"product_brand","embeddable":true,"href":"https:\/\/uj.adatbank.ro\/lexikon\/wp-json\/wp\/v2\/product_brand?post=24471"},{"taxonomy":"product_cat","embeddable":true,"href":"https:\/\/uj.adatbank.ro\/lexikon\/wp-json\/wp\/v2\/product_cat?post=24471"},{"taxonomy":"product_tag","embeddable":true,"href":"https:\/\/uj.adatbank.ro\/lexikon\/wp-json\/wp\/v2\/product_tag?post=24471"}],"curies":[{"name":"wp","href":"https:\/\/api.w.org\/{rel}","templated":true}]}}

VERESS Mátyás

<p>Rigmán, 1881., † ?: tanító. – Tanulmányait Nagyenyeden végezte (1901). Nyárádszenttamáson majd Székelyberében volt ig. tanító, nyugalomba vonult (1938). Elismert tanító volt, többször részesült elismerésben és kitüntetésben. Nyugdíjasként Bözödújfaluban élt. Az első vh.-ban mint hadnagy a 62. k. gy. ezredben az orosz, olasz fronton harcolt, megsebesült, a bronz v. érem, a bajor kereszt, és a Károly-csapatkereszttel tüntették ki. Volt községi pénztáros, a Hangya ügyvezető igazgatója, Szövetkezeti elnök, községi képviselő. <br /><strong>– Irod.:</strong> Székelyföld í. k.</br></p>

<p>Rigmán, 1881., † ?: tanító. – Tanulmányait Nagyenyeden végezte (1901). Nyárádszenttamáson majd Székelyberében volt ig. tanító, nyugalomba vonult (1938). Elismert tanító volt, többször részesült elismerésben és kitüntetésben. Nyugdíjasként Bözödújfaluban élt. Az első vh.-ban mint hadnagy a 62. k. gy. ezredben az orosz, olasz fronton harcolt, megsebesült, a bronz v. érem, a bajor kereszt, és a Károly-csapatkereszttel [&hellip;]</p>
