{"id":24477,"date":"2025-08-01T18:08:53","date_gmt":"2025-08-01T16:08:53","guid":{"rendered":"https:\/\/uj.adatbank.ro\/lexikon\/termek\/veress-sandor\/"},"modified":"2025-08-01T18:08:53","modified_gmt":"2025-08-01T16:08:53","slug":"veress-sandor","status":"publish","type":"product","link":"https:\/\/uj.adatbank.ro\/lexikon\/termek\/veress-sandor\/","title":{"rendered":"VERESS S\u00e1ndor"},"content":{"rendered":"<p>K\u00e9tegyh\u00e1za, B\u00e9k\u00e9s megye, 1860. okt. 8., \u2020 Cs\u00edkszereda, 1928.: &#8211; Feles\u00e9ge: Tiltscher Izabella (\u2020 1950). Le\u00e1nyaik: Izabella, Paula \u00e9s Ilona. A fi\u00fak \u00fcgyv\u00e9d Bp.-en. Izabella le\u00e1ny\u00e1nak le\u00e1nya Ciugudeanu Cornel orvosprofesszor feles\u00e9ge. \u2013 Kv.-on a Ref. Koll.-ban v\u00e9gzett (1880), \u00e9s a Ferenc J\u00f3zsef TE orvosi fakult\u00e1s\u00e1n \u00f6t \u00e9vet \u00e9s a hatod\u00e9vet Bp.-en, ahol orvosi diplom\u00e1t kapott (1886). Kv.-on avatt\u00e1k doktorr\u00e1. A mikroorganizmusokr\u00f3l \u00edrt \u00e9rtekez\u00e9s\u00e9vel p\u00e1ly\u00e1zatot nyert az egyetemen (1885). Gyakornok a korbonctanon Mv.-en. Nagyajt\u00e1n kezdte orvosi p\u00e1ly\u00e1j\u00e1t, majd katonaorvos, Cs\u00edk megye f\u0151orvosa \u00e9s a cs\u00edkszeredai k\u00f3rh\u00e1z igazgat\u00f3ja (1898\u2013). Az Orsz\u00e1gos Orvossz\u00f6vets\u00e9g eln\u00f6ke, besz\u00e9deit k\u00f6z\u00f6lte az Orsz\u00e1gos Orvossz\u00f6vets\u00e9g c. lap. <br \/><strong>\u2013 Irod.:<\/strong> Kiss\u2013P\u00e9terffy\u2013P\u00e9terffy; Kiss Cs. M 4.<\/br><\/p>\n","protected":false},"excerpt":{"rendered":"<p>K\u00e9tegyh\u00e1za, B\u00e9k\u00e9s megye, 1860. okt. 8., \u2020 Cs\u00edkszereda, 1928.: &#8211; Feles\u00e9ge: Tiltscher Izabella (\u2020 1950). Le\u00e1nyaik: Izabella, Paula \u00e9s Ilona. A fi\u00fak \u00fcgyv\u00e9d Bp.-en. Izabella le\u00e1ny\u00e1nak le\u00e1nya Ciugudeanu Cornel orvosprofesszor feles\u00e9ge. \u2013 Kv.-on a Ref. Koll.-ban v\u00e9gzett (1880), \u00e9s a Ferenc J\u00f3zsef TE orvosi fakult\u00e1s\u00e1n \u00f6t \u00e9vet \u00e9s a hatod\u00e9vet Bp.-en, ahol orvosi diplom\u00e1t kapott [&hellip;]<\/p>\n","protected":false},"featured_media":0,"comment_status":"open","ping_status":"closed","template":"","meta":[],"product_brand":[],"product_cat":[137],"product_tag":[],"class_list":{"0":"post-24477","1":"product","2":"type-product","3":"status-publish","5":"product_cat-maros-megyei-eletrajzi-lexikon","7":"first","8":"instock","9":"shipping-taxable","10":"product-type-simple"},"_links":{"self":[{"href":"https:\/\/uj.adatbank.ro\/lexikon\/wp-json\/wp\/v2\/product\/24477","targetHints":{"allow":["GET"]}}],"collection":[{"href":"https:\/\/uj.adatbank.ro\/lexikon\/wp-json\/wp\/v2\/product"}],"about":[{"href":"https:\/\/uj.adatbank.ro\/lexikon\/wp-json\/wp\/v2\/types\/product"}],"replies":[{"embeddable":true,"href":"https:\/\/uj.adatbank.ro\/lexikon\/wp-json\/wp\/v2\/comments?post=24477"}],"wp:attachment":[{"href":"https:\/\/uj.adatbank.ro\/lexikon\/wp-json\/wp\/v2\/media?parent=24477"}],"wp:term":[{"taxonomy":"product_brand","embeddable":true,"href":"https:\/\/uj.adatbank.ro\/lexikon\/wp-json\/wp\/v2\/product_brand?post=24477"},{"taxonomy":"product_cat","embeddable":true,"href":"https:\/\/uj.adatbank.ro\/lexikon\/wp-json\/wp\/v2\/product_cat?post=24477"},{"taxonomy":"product_tag","embeddable":true,"href":"https:\/\/uj.adatbank.ro\/lexikon\/wp-json\/wp\/v2\/product_tag?post=24477"}],"curies":[{"name":"wp","href":"https:\/\/api.w.org\/{rel}","templated":true}]}}

VERESS Sándor

<p>Kétegyháza, Békés megye, 1860. okt. 8., † Csíkszereda, 1928.: &#8211; Felesége: Tiltscher Izabella († 1950). Leányaik: Izabella, Paula és Ilona. A fiúk ügyvéd Bp.-en. Izabella leányának leánya Ciugudeanu Cornel orvosprofesszor felesége. – Kv.-on a Ref. Koll.-ban végzett (1880), és a Ferenc József TE orvosi fakultásán öt évet és a hatodévet Bp.-en, ahol orvosi diplomát kapott (1886). Kv.-on avatták doktorrá. A mikroorganizmusokról írt értekezésével pályázatot nyert az egyetemen (1885). Gyakornok a korbonctanon Mv.-en. Nagyajtán kezdte orvosi pályáját, majd katonaorvos, Csík megye főorvosa és a csíkszeredai kórház igazgatója (1898–). Az Országos Orvosszövetség elnöke, beszédeit közölte az Országos Orvosszövetség c. lap. <br /><strong>– Irod.:</strong> Kiss–Péterffy–Péterffy; Kiss Cs. M 4.</br></p>

<p>Kétegyháza, Békés megye, 1860. okt. 8., † Csíkszereda, 1928.: &#8211; Felesége: Tiltscher Izabella († 1950). Leányaik: Izabella, Paula és Ilona. A fiúk ügyvéd Bp.-en. Izabella leányának leánya Ciugudeanu Cornel orvosprofesszor felesége. – Kv.-on a Ref. Koll.-ban végzett (1880), és a Ferenc József TE orvosi fakultásán öt évet és a hatodévet Bp.-en, ahol orvosi diplomát kapott [&hellip;]</p>
