{"id":24479,"date":"2025-08-01T18:08:58","date_gmt":"2025-08-01T16:08:58","guid":{"rendered":"https:\/\/uj.adatbank.ro\/lexikon\/termek\/veress-sandor-3\/"},"modified":"2025-08-01T18:08:58","modified_gmt":"2025-08-01T16:08:58","slug":"veress-sandor-3","status":"publish","type":"product","link":"https:\/\/uj.adatbank.ro\/lexikon\/termek\/veress-sandor-3\/","title":{"rendered":"VERESS S\u00e1ndor"},"content":{"rendered":"<p>Marosszentgy\u00f6rgy, 1897, \u2020\u00a0?: g\u00e9pmunk\u00e1s. \u2013 R\u00e9szt vett az I. vh.-ban (1915\u201319, az alb\u00e1n olasz, francia harctereken k\u00fczd\u00f6tt. Tizedes. Kit\u00fcntett\u00e9k. <br \/><strong>\u2013 Irod.:<\/strong> Erd\u00e9lyi ezredek.<\/br><\/p>\n","protected":false},"excerpt":{"rendered":"<p>Marosszentgy\u00f6rgy, 1897, \u2020\u00a0?: g\u00e9pmunk\u00e1s. \u2013 R\u00e9szt vett az I. vh.-ban (1915\u201319, az alb\u00e1n olasz, francia harctereken k\u00fczd\u00f6tt. Tizedes. Kit\u00fcntett\u00e9k. \u2013 Irod.: Erd\u00e9lyi ezredek.<\/p>\n","protected":false},"featured_media":0,"comment_status":"open","ping_status":"closed","template":"","meta":[],"product_brand":[],"product_cat":[137],"product_tag":[],"class_list":{"0":"post-24479","1":"product","2":"type-product","3":"status-publish","5":"product_cat-maros-megyei-eletrajzi-lexikon","7":"first","8":"instock","9":"shipping-taxable","10":"product-type-simple"},"_links":{"self":[{"href":"https:\/\/uj.adatbank.ro\/lexikon\/wp-json\/wp\/v2\/product\/24479","targetHints":{"allow":["GET"]}}],"collection":[{"href":"https:\/\/uj.adatbank.ro\/lexikon\/wp-json\/wp\/v2\/product"}],"about":[{"href":"https:\/\/uj.adatbank.ro\/lexikon\/wp-json\/wp\/v2\/types\/product"}],"replies":[{"embeddable":true,"href":"https:\/\/uj.adatbank.ro\/lexikon\/wp-json\/wp\/v2\/comments?post=24479"}],"wp:attachment":[{"href":"https:\/\/uj.adatbank.ro\/lexikon\/wp-json\/wp\/v2\/media?parent=24479"}],"wp:term":[{"taxonomy":"product_brand","embeddable":true,"href":"https:\/\/uj.adatbank.ro\/lexikon\/wp-json\/wp\/v2\/product_brand?post=24479"},{"taxonomy":"product_cat","embeddable":true,"href":"https:\/\/uj.adatbank.ro\/lexikon\/wp-json\/wp\/v2\/product_cat?post=24479"},{"taxonomy":"product_tag","embeddable":true,"href":"https:\/\/uj.adatbank.ro\/lexikon\/wp-json\/wp\/v2\/product_tag?post=24479"}],"curies":[{"name":"wp","href":"https:\/\/api.w.org\/{rel}","templated":true}]}}