{"id":24481,"date":"2025-08-01T18:09:03","date_gmt":"2025-08-01T16:09:03","guid":{"rendered":"https:\/\/uj.adatbank.ro\/lexikon\/termek\/veress-sandor-5\/"},"modified":"2025-08-01T18:09:03","modified_gmt":"2025-08-01T16:09:03","slug":"veress-sandor-5","status":"publish","type":"product","link":"https:\/\/uj.adatbank.ro\/lexikon\/termek\/veress-sandor-5\/","title":{"rendered":"VERESS S\u00e1ndor"},"content":{"rendered":"<p>Brass\u00f3, 1930. aug. 2, \u2020\u00a0?: k\u00f6nyvel\u0151, k\u00f6zgazd\u00e1sz. \u2013 Az Erd\u0151szentgy\u00f6rgy-gyalakutai h\u0151er\u0151m\u0171 k\u00f6zgazd\u00e1sza. Az erd\u0151szentgy\u00f6rgyi 1956-os ellenz\u00e9ki \u00fan. Kisk\u00fck\u00fcll\u0151-menti csoport vezet\u0151je. A csoport tagjai a MAT ter\u00fclet\u00e9n r\u00f6pc\u00e9dul\u00e1kat terjesztettek (1956. nov.\u20131957. jan.), amelyben a rendszert \u00e9s a kommunista ideol\u00f3gi\u00e1t t\u00e1madt\u00e1k, megalak\u00edtott\u00e1k a Titkos Forradalmi Szervezet nevezet\u0171 illeg\u00e1lis csoportot. Letart\u00f3ztatt\u00e1k (1957. j\u00fan. 20.). A kv.-i katonai t\u00f6rv\u00e9nysz\u00e9k \u00e1llamellenes \u00f6sszeesk\u00fcv\u00e9s v\u00e1dj\u00e1val \u0151t \u00e9s N\u00e9meth Zolt\u00e1nt 20\u201320 \u00e9vi k\u00e9nyszermunk\u00e1ra, Ravasz Gy\u0151z\u0151t 15, \u00f6ccs\u00e9t V. Zolt\u00e1nt 7 \u00e9v b\u00f6rt\u00f6nre, Elekes Bal\u00e1zst \u00e9s Szilveszter S\u00e1ndort 6\u20136 \u00e9v b\u00f6rt\u00f6nb\u00fcntet\u00e9sre \u00edt\u00e9lt\u00e9k (1957. szept. 9.). <br \/><strong>\u2013 Irod.:<\/strong> <br \/><strong>\u2013 Irod.:<\/strong> Akik im\u00e1dkoztak 2.; \u00c1ldozatok; Bottoni 2006; Bottoni 2008 Magyar 56 I. 222\u2013225. p.<\/br><\/p>\n","protected":false},"excerpt":{"rendered":"<p>Brass\u00f3, 1930. aug. 2, \u2020\u00a0?: k\u00f6nyvel\u0151, k\u00f6zgazd\u00e1sz. \u2013 Az Erd\u0151szentgy\u00f6rgy-gyalakutai h\u0151er\u0151m\u0171 k\u00f6zgazd\u00e1sza. Az erd\u0151szentgy\u00f6rgyi 1956-os ellenz\u00e9ki \u00fan. Kisk\u00fck\u00fcll\u0151-menti csoport vezet\u0151je. A csoport tagjai a MAT ter\u00fclet\u00e9n r\u00f6pc\u00e9dul\u00e1kat terjesztettek (1956. nov.\u20131957. jan.), amelyben a rendszert \u00e9s a kommunista ideol\u00f3gi\u00e1t t\u00e1madt\u00e1k, megalak\u00edtott\u00e1k a Titkos Forradalmi Szervezet nevezet\u0171 illeg\u00e1lis csoportot. Letart\u00f3ztatt\u00e1k (1957. j\u00fan. 20.). A kv.-i katonai t\u00f6rv\u00e9nysz\u00e9k [&hellip;]<\/p>\n","protected":false},"featured_media":0,"comment_status":"open","ping_status":"closed","template":"","meta":[],"product_brand":[],"product_cat":[137],"product_tag":[],"class_list":{"0":"post-24481","1":"product","2":"type-product","3":"status-publish","5":"product_cat-maros-megyei-eletrajzi-lexikon","7":"first","8":"instock","9":"shipping-taxable","10":"product-type-simple"},"_links":{"self":[{"href":"https:\/\/uj.adatbank.ro\/lexikon\/wp-json\/wp\/v2\/product\/24481","targetHints":{"allow":["GET"]}}],"collection":[{"href":"https:\/\/uj.adatbank.ro\/lexikon\/wp-json\/wp\/v2\/product"}],"about":[{"href":"https:\/\/uj.adatbank.ro\/lexikon\/wp-json\/wp\/v2\/types\/product"}],"replies":[{"embeddable":true,"href":"https:\/\/uj.adatbank.ro\/lexikon\/wp-json\/wp\/v2\/comments?post=24481"}],"wp:attachment":[{"href":"https:\/\/uj.adatbank.ro\/lexikon\/wp-json\/wp\/v2\/media?parent=24481"}],"wp:term":[{"taxonomy":"product_brand","embeddable":true,"href":"https:\/\/uj.adatbank.ro\/lexikon\/wp-json\/wp\/v2\/product_brand?post=24481"},{"taxonomy":"product_cat","embeddable":true,"href":"https:\/\/uj.adatbank.ro\/lexikon\/wp-json\/wp\/v2\/product_cat?post=24481"},{"taxonomy":"product_tag","embeddable":true,"href":"https:\/\/uj.adatbank.ro\/lexikon\/wp-json\/wp\/v2\/product_tag?post=24481"}],"curies":[{"name":"wp","href":"https:\/\/api.w.org\/{rel}","templated":true}]}}

VERESS Sándor

<p>Brassó, 1930. aug. 2, † ?: könyvelő, közgazdász. – Az Erdőszentgyörgy-gyalakutai hőerőmű közgazdásza. Az erdőszentgyörgyi 1956-os ellenzéki ún. Kisküküllő-menti csoport vezetője. A csoport tagjai a MAT területén röpcédulákat terjesztettek (1956. nov.–1957. jan.), amelyben a rendszert és a kommunista ideológiát támadták, megalakították a Titkos Forradalmi Szervezet nevezetű illegális csoportot. Letartóztatták (1957. jún. 20.). A kv.-i katonai törvényszék államellenes összeesküvés vádjával őt és Németh Zoltánt 20–20 évi kényszermunkára, Ravasz Győzőt 15, öccsét V. Zoltánt 7 év börtönre, Elekes Balázst és Szilveszter Sándort 6–6 év börtönbüntetésre ítélték (1957. szept. 9.). <br /><strong>– Irod.:</strong> <br /><strong>– Irod.:</strong> Akik imádkoztak 2.; Áldozatok; Bottoni 2006; Bottoni 2008 Magyar 56 I. 222–225. p.</br></p>

<p>Brassó, 1930. aug. 2, † ?: könyvelő, közgazdász. – Az Erdőszentgyörgy-gyalakutai hőerőmű közgazdásza. Az erdőszentgyörgyi 1956-os ellenzéki ún. Kisküküllő-menti csoport vezetője. A csoport tagjai a MAT területén röpcédulákat terjesztettek (1956. nov.–1957. jan.), amelyben a rendszert és a kommunista ideológiát támadták, megalakították a Titkos Forradalmi Szervezet nevezetű illegális csoportot. Letartóztatták (1957. jún. 20.). A kv.-i katonai törvényszék [&hellip;]</p>
