{"id":24484,"date":"2025-08-01T18:09:09","date_gmt":"2025-08-01T16:09:09","guid":{"rendered":"https:\/\/uj.adatbank.ro\/lexikon\/termek\/veress-zoltan-2\/"},"modified":"2025-08-01T18:09:09","modified_gmt":"2025-08-01T16:09:09","slug":"veress-zoltan-2","status":"publish","type":"product","link":"https:\/\/uj.adatbank.ro\/lexikon\/termek\/veress-zoltan-2\/","title":{"rendered":"VERESS Zolt\u00e1n"},"content":{"rendered":"<p>B\u00e1nffyhunyad, 1896. febr. 2., \u2020\u00a0Bp., 1985.: ezredes. \u2013 A HM kik\u00e9pz\u0151 oszt\u00e1ly\u00e1nak t\u00fcz\u00e9r el\u0151ad\u00f3ja \u0151rnagyi rendfokozatban (1942. \u00e1pr. 1.-ig). a keleti hadszint\u00e9ren parancsnok, ezredes (1942. okt. 29.\u2013). Fagy\u00e1ssal a mv.-i k\u00f3rh\u00e1zba ker\u00fclt (1943. febr. 26.-aug. 1.). Fel\u00e9p\u00fcl\u00e9se ut\u00e1n \u00e1tvette a 27. sz\u00e9kely t\u00e1bori t\u00fcz\u00e9roszt\u00e1ly parancsnoks\u00e1g\u00e1t (1943. aug. \u20131944. \u00e1pr. 1.). A 27. sz\u00e9kely t\u00e1bori t\u00fcz\u00e9rezred parancsnoka a gal\u00edciai, erd\u00e9lyi \u00e9s magyaro.-i hadsz\u00edntereken (1944. \u00e1pr. \u2013 szept. 15.), a IX. hadtest t\u00fcz\u00e9rparancsnok-helyettese (1944. szept. \u20131944. dec. 20.), a 27. sz\u00e9kely t\u00e1bori t\u00fcz\u00e9rezred parancsnoka (1944. dec.\u20131945. febr. 23.), majd a VIII. hadtest t\u00fcz\u00e9rparancsnoka (1945. \u00e1pr. 25-ig). Amerikai fogs\u00e1gba esett (1945. m\u00e1j. 4.\u2013). <br \/><strong>\u2013 Irod.:<\/strong> Berekm\u00e9ri: mv.-i 27. hadoszt\u00e1ly.<\/br><\/p>\n","protected":false},"excerpt":{"rendered":"<p>B\u00e1nffyhunyad, 1896. febr. 2., \u2020\u00a0Bp., 1985.: ezredes. \u2013 A HM kik\u00e9pz\u0151 oszt\u00e1ly\u00e1nak t\u00fcz\u00e9r el\u0151ad\u00f3ja \u0151rnagyi rendfokozatban (1942. \u00e1pr. 1.-ig). a keleti hadszint\u00e9ren parancsnok, ezredes (1942. okt. 29.\u2013). Fagy\u00e1ssal a mv.-i k\u00f3rh\u00e1zba ker\u00fclt (1943. febr. 26.-aug. 1.). Fel\u00e9p\u00fcl\u00e9se ut\u00e1n \u00e1tvette a 27. sz\u00e9kely t\u00e1bori t\u00fcz\u00e9roszt\u00e1ly parancsnoks\u00e1g\u00e1t (1943. aug. \u20131944. \u00e1pr. 1.). A 27. sz\u00e9kely t\u00e1bori t\u00fcz\u00e9rezred [&hellip;]<\/p>\n","protected":false},"featured_media":0,"comment_status":"open","ping_status":"closed","template":"","meta":[],"product_brand":[],"product_cat":[137],"product_tag":[],"class_list":{"0":"post-24484","1":"product","2":"type-product","3":"status-publish","5":"product_cat-maros-megyei-eletrajzi-lexikon","7":"first","8":"instock","9":"shipping-taxable","10":"product-type-simple"},"_links":{"self":[{"href":"https:\/\/uj.adatbank.ro\/lexikon\/wp-json\/wp\/v2\/product\/24484","targetHints":{"allow":["GET"]}}],"collection":[{"href":"https:\/\/uj.adatbank.ro\/lexikon\/wp-json\/wp\/v2\/product"}],"about":[{"href":"https:\/\/uj.adatbank.ro\/lexikon\/wp-json\/wp\/v2\/types\/product"}],"replies":[{"embeddable":true,"href":"https:\/\/uj.adatbank.ro\/lexikon\/wp-json\/wp\/v2\/comments?post=24484"}],"wp:attachment":[{"href":"https:\/\/uj.adatbank.ro\/lexikon\/wp-json\/wp\/v2\/media?parent=24484"}],"wp:term":[{"taxonomy":"product_brand","embeddable":true,"href":"https:\/\/uj.adatbank.ro\/lexikon\/wp-json\/wp\/v2\/product_brand?post=24484"},{"taxonomy":"product_cat","embeddable":true,"href":"https:\/\/uj.adatbank.ro\/lexikon\/wp-json\/wp\/v2\/product_cat?post=24484"},{"taxonomy":"product_tag","embeddable":true,"href":"https:\/\/uj.adatbank.ro\/lexikon\/wp-json\/wp\/v2\/product_tag?post=24484"}],"curies":[{"name":"wp","href":"https:\/\/api.w.org\/{rel}","templated":true}]}}

VERESS Zoltán

<p>Bánffyhunyad, 1896. febr. 2., † Bp., 1985.: ezredes. – A HM kiképző osztályának tüzér előadója őrnagyi rendfokozatban (1942. ápr. 1.-ig). a keleti hadszintéren parancsnok, ezredes (1942. okt. 29.–). Fagyással a mv.-i kórházba került (1943. febr. 26.-aug. 1.). Felépülése után átvette a 27. székely tábori tüzérosztály parancsnokságát (1943. aug. –1944. ápr. 1.). A 27. székely tábori tüzérezred parancsnoka a galíciai, erdélyi és magyaro.-i hadszíntereken (1944. ápr. – szept. 15.), a IX. hadtest tüzérparancsnok-helyettese (1944. szept. –1944. dec. 20.), a 27. székely tábori tüzérezred parancsnoka (1944. dec.–1945. febr. 23.), majd a VIII. hadtest tüzérparancsnoka (1945. ápr. 25-ig). Amerikai fogságba esett (1945. máj. 4.–). <br /><strong>– Irod.:</strong> Berekméri: mv.-i 27. hadosztály.</br></p>

<p>Bánffyhunyad, 1896. febr. 2., † Bp., 1985.: ezredes. – A HM kiképző osztályának tüzér előadója őrnagyi rendfokozatban (1942. ápr. 1.-ig). a keleti hadszintéren parancsnok, ezredes (1942. okt. 29.–). Fagyással a mv.-i kórházba került (1943. febr. 26.-aug. 1.). Felépülése után átvette a 27. székely tábori tüzérosztály parancsnokságát (1943. aug. –1944. ápr. 1.). A 27. székely tábori tüzérezred [&hellip;]</p>
