{"id":24486,"date":"2025-08-01T18:09:14","date_gmt":"2025-08-01T16:09:14","guid":{"rendered":"https:\/\/uj.adatbank.ro\/lexikon\/termek\/veress-zoltan-4\/"},"modified":"2025-08-01T18:09:14","modified_gmt":"2025-08-01T16:09:14","slug":"veress-zoltan-4","status":"publish","type":"product","link":"https:\/\/uj.adatbank.ro\/lexikon\/termek\/veress-zoltan-4\/","title":{"rendered":"VERESS Zolt\u00e1n"},"content":{"rendered":"<p>Brass\u00f3, 1934. j\u00fan 9.\u2020\u00a0?: tan\u00e1r, elektrotechnikus. \u2013 Kv.-on a BTE mat.-fizika szak\u00e1n v\u00e9gzett (1955). Ny\u00e1r\u00e1dmagyaroson tan\u00e1r (1955\u201356). Az Erd\u0151szentgy\u00f6rgy-gyulakutai h\u0151er\u0151m\u0171 technikusa (1956) Az erd\u0151szentgy\u00f6rgyi 1956-os ellenz\u00e9ki \u00fan. Kisk\u00fck\u00fcll\u0151-menti csoport, a Titkos Forradalmi Szervezet nev\u0171 rendszerellenes szervezet tagja. Letart\u00f3ztatva (1957. j\u00fan 22). A kv.-i katonai t\u00f6rv\u00e9nysz\u00e9k \u00e1llamellenes \u00f6sszeesk\u00fcv\u00e9s v\u00e1dj\u00e1val 7 \u00e9v b\u00f6rt\u00f6nb\u00fcntet\u00e9sre \u00edt\u00e9lte (1957. szept. 9.). A mv.-i T\u00f6rv\u00e9nysz\u00e9ki Fogh\u00e1zban, Zsil\u00e1v\u00e1n, Szamos\u00fajv\u00e1ron, majd a Duna-delta grindi k\u00e9nyszermunkat\u00e1borban volt, Periprav\u00e1r\u00f3l szabadult (1959. szept. 1.\u2013). Technikusk\u00e9nt dolgozott Erd\u0151szentgy\u00f6rgy\u00f6n, a segesv\u00e1ri IREM-n\u00e9l (1960\u20131990). Akt\u00edv tagja a segesv\u00e1ri amat\u0151r sz\u00ednj\u00e1tsz\u00f3egy\u00fcttesnek. Megkapta A haz\u00e1\u00e9rt \u00e9s a Szabads\u00e1g\u00e9rt 1956-os Eml\u00e9k\u00e9rmet. <br \/><strong>\u2013 Irod.:<\/strong> 1956 Erd\u00e9lyben; \u00c1ldozatok, Bottoni 2006; Erd\u00e9lyi m.kk.<\/br><\/p>\n","protected":false},"excerpt":{"rendered":"<p>Brass\u00f3, 1934. j\u00fan 9.\u2020\u00a0?: tan\u00e1r, elektrotechnikus. \u2013 Kv.-on a BTE mat.-fizika szak\u00e1n v\u00e9gzett (1955). Ny\u00e1r\u00e1dmagyaroson tan\u00e1r (1955\u201356). Az Erd\u0151szentgy\u00f6rgy-gyulakutai h\u0151er\u0151m\u0171 technikusa (1956) Az erd\u0151szentgy\u00f6rgyi 1956-os ellenz\u00e9ki \u00fan. Kisk\u00fck\u00fcll\u0151-menti csoport, a Titkos Forradalmi Szervezet nev\u0171 rendszerellenes szervezet tagja. Letart\u00f3ztatva (1957. j\u00fan 22). A kv.-i katonai t\u00f6rv\u00e9nysz\u00e9k \u00e1llamellenes \u00f6sszeesk\u00fcv\u00e9s v\u00e1dj\u00e1val 7 \u00e9v b\u00f6rt\u00f6nb\u00fcntet\u00e9sre \u00edt\u00e9lte (1957. szept. 9.). [&hellip;]<\/p>\n","protected":false},"featured_media":0,"comment_status":"open","ping_status":"closed","template":"","meta":[],"product_brand":[],"product_cat":[137],"product_tag":[],"class_list":{"0":"post-24486","1":"product","2":"type-product","3":"status-publish","5":"product_cat-maros-megyei-eletrajzi-lexikon","7":"first","8":"instock","9":"shipping-taxable","10":"product-type-simple"},"_links":{"self":[{"href":"https:\/\/uj.adatbank.ro\/lexikon\/wp-json\/wp\/v2\/product\/24486","targetHints":{"allow":["GET"]}}],"collection":[{"href":"https:\/\/uj.adatbank.ro\/lexikon\/wp-json\/wp\/v2\/product"}],"about":[{"href":"https:\/\/uj.adatbank.ro\/lexikon\/wp-json\/wp\/v2\/types\/product"}],"replies":[{"embeddable":true,"href":"https:\/\/uj.adatbank.ro\/lexikon\/wp-json\/wp\/v2\/comments?post=24486"}],"wp:attachment":[{"href":"https:\/\/uj.adatbank.ro\/lexikon\/wp-json\/wp\/v2\/media?parent=24486"}],"wp:term":[{"taxonomy":"product_brand","embeddable":true,"href":"https:\/\/uj.adatbank.ro\/lexikon\/wp-json\/wp\/v2\/product_brand?post=24486"},{"taxonomy":"product_cat","embeddable":true,"href":"https:\/\/uj.adatbank.ro\/lexikon\/wp-json\/wp\/v2\/product_cat?post=24486"},{"taxonomy":"product_tag","embeddable":true,"href":"https:\/\/uj.adatbank.ro\/lexikon\/wp-json\/wp\/v2\/product_tag?post=24486"}],"curies":[{"name":"wp","href":"https:\/\/api.w.org\/{rel}","templated":true}]}}

VERESS Zoltán

<p>Brassó, 1934. jún 9.† ?: tanár, elektrotechnikus. – Kv.-on a BTE mat.-fizika szakán végzett (1955). Nyárádmagyaroson tanár (1955–56). Az Erdőszentgyörgy-gyulakutai hőerőmű technikusa (1956) Az erdőszentgyörgyi 1956-os ellenzéki ún. Kisküküllő-menti csoport, a Titkos Forradalmi Szervezet nevű rendszerellenes szervezet tagja. Letartóztatva (1957. jún 22). A kv.-i katonai törvényszék államellenes összeesküvés vádjával 7 év börtönbüntetésre ítélte (1957. szept. 9.). A mv.-i Törvényszéki Fogházban, Zsiláván, Szamosújváron, majd a Duna-delta grindi kényszermunkatáborban volt, Peripraváról szabadult (1959. szept. 1.–). Technikusként dolgozott Erdőszentgyörgyön, a segesvári IREM-nél (1960–1990). Aktív tagja a segesvári amatőr színjátszóegyüttesnek. Megkapta A hazáért és a Szabadságért 1956-os Emlékérmet. <br /><strong>– Irod.:</strong> 1956 Erdélyben; Áldozatok, Bottoni 2006; Erdélyi m.kk.</br></p>

<p>Brassó, 1934. jún 9.† ?: tanár, elektrotechnikus. – Kv.-on a BTE mat.-fizika szakán végzett (1955). Nyárádmagyaroson tanár (1955–56). Az Erdőszentgyörgy-gyulakutai hőerőmű technikusa (1956) Az erdőszentgyörgyi 1956-os ellenzéki ún. Kisküküllő-menti csoport, a Titkos Forradalmi Szervezet nevű rendszerellenes szervezet tagja. Letartóztatva (1957. jún 22). A kv.-i katonai törvényszék államellenes összeesküvés vádjával 7 év börtönbüntetésre ítélte (1957. szept. 9.). [&hellip;]</p>
