{"id":24487,"date":"2025-08-01T18:09:15","date_gmt":"2025-08-01T16:09:15","guid":{"rendered":"https:\/\/uj.adatbank.ro\/lexikon\/termek\/verestoi-gyorgy-cseri-id-verestoi-georgius\/"},"modified":"2025-08-01T18:09:15","modified_gmt":"2025-08-01T16:09:15","slug":"verestoi-gyorgy-cseri-id-verestoi-georgius","status":"publish","type":"product","link":"https:\/\/uj.adatbank.ro\/lexikon\/termek\/verestoi-gyorgy-cseri-id-verestoi-georgius\/","title":{"rendered":"VEREST\u00d3I Gy\u00f6rgy; Cs\u00e9ri, id., Verest\u00f3i, Georgius"},"content":{"rendered":"<p>Bonyha, 1698. j\u00fan. 25., \u2020 Kv., 1765. m\u00e1rc. 6.: ref. teol\u00f3gus, p\u00fcsp\u00f6k. \u2013 Bonyh\u00e1n kezdte tanul\u00e1s\u00e1t majd a mv.-i (1710\u2013) \u00e9s a kv.-i (1713\u2013) ref. koll.-ban, folytatta itt togatus (1716), majd k\u00f6ztan\u00edt\u00f3 (1718). K\u00fclf\u00f6ld\u00f6n a franekeri egy.-en tanult (1721\u201326). Hazat\u00e9r\u00e9se ut\u00e1n, Bonchid\u00e1n br. B\u00e1nffy Farkas udvari papja (1727 elej\u00e9t\u0151l). Nagyenyeden a b\u00f6lcselet tan\u00e1ra volt, de matematik\u00e1t \u00e9s csillag\u00e1szatot is tan\u00edtott (1728\u2013). A kv.-i ref. koll.-ban a b\u00f6lcselet (1728\u2013), a teol\u00f3gia r. tan\u00e1ra (1758\u2013). Hal\u00e1l\u00e1ig az erd\u00e9lyi ref. egyh\u00e1zker. p\u00fcsp\u00f6ke (1760. j\u00fan.- 1762). Eg\u00e9szs\u00e9gi \u00e1llapota miatt tan\u00e1ri \u00e1ll\u00e1s\u00e1r\u00f3l lemondott (1764). Nyomtat\u00e1sban \u00fcdv\u00f6zl\u0151- \u00e9s gy\u00e1szversei, de f\u0151k\u00e9nt temet\u00e9si besz\u00e9dei jelentek meg. \u00d6n\u00e9letrajzf\u00e9le csal\u00e1di eml\u00e9kiratot hagyott h\u00e1tra, melyet T\u00f6r\u00f6k Istv\u00e1n adott ki a kolozsv\u00e1ri Protest\u00e1ns K\u00f6zl\u00f6nyben (1886. 13., 14. sz.). \u00dcdv\u00f6zl\u0151 verset \u00edrt Rimaszombati S\u00e1muelhez (1724.), gy\u00e1szverset br. Kem\u00e9ny Zsigmondn\u00e9 gr. B\u00e1nffy Krisztina hal\u00e1l\u00e1ra (1718.). Egy level\u00e9t k\u00f6zre bocs\u00e1totta 1735-ben Venema franekeri professzor. A temet\u00e9s\u00e9n elmondott besz\u00e9dek szint\u00e9n megjelentek. \u2013  <strong>F. m..:<\/strong> De palma ardende&#8230;, 1\u20132. (Franeker, 1724); Dissertatio philologico\u2014theologica de palma ardente ad Exod. Cap. III. vs. 1\u20135.. Pars prior de litera palmae ardento, quam\u2026 sub praesidio D. Alberti Schultens \u2026disquisitioni subjicit (Franequerae, 1725.); Halotti oratio V\u00e1radi Sigmond felett. (Kv., 1730.); Halotti oratio Valkai Mikl\u00f3s felett. (Kv., 1730.); Halotti oratio gr. Teleki P\u00e1l felett. (Kv., 1731.); Halotti oratio Havasali S\u00e1ra felett. (Kv., 1731); Halotti oratio \u00f6zv. Pongr\u00e1cz Nagymih\u00e1lyi J\u00e1nosn\u00e9 gr. Teleki Judit felett. (Kv., 1733); Sz\u00f6ntelen az Istennel j\u00e1r\u00f3 gr. Losonci B\u00e1nffy Gy\u00f6rgy keserves siralma (Kv., 1736); Hal\u00e1la ut\u00e1n is \u00e9l\u0151 J\u00f3zsef: De\u00e1ki Filep J\u00f3zsef felett (Kv., 1752); Halotti oratio br. B\u00e1nffi S\u00e1muel urfi felett. (Kv., 1756.); Halotti oratio br. Wessel\u00e9nyi Ist\u00e1n felett. (Kv., 1759.); Halotti oratio Kabos Ferencz felett. (Kv., 1759); Halotti oratio gr. Rh\u00e9dei Zsigmond felett. (Kv., 1760.), Halotti oratio gr. Teleki Mih\u00e1ly felett. (Kv., 1763.); Magyar versek, melyleket temet\u00e9si \u00e9s lakodalmi k\u00fcl\u00f6mb\u00f6z\u0151 alkalmatoss\u00e1gokra \u00edrt volt&#8230; Mostan pedig a versekben gy\u00f6ny\u00f6rk\u00f6d\u0151knek kedvek\u00e9rt, \u00f6szve szedettek, \u00e9s egy\u00fctt kiadattak. (Kv, 1772., 1781); Holtakkal val\u00f3 bar\u00e1ts\u00e1g. Az az, n\u00e9mely erd\u00e9lyi nagy m\u00e9lt\u00f3s\u00e1goknak \u00e9s f\u0151renden l\u00e9v\u0151 nemeseknek hal\u00e1lok ut\u00e1n-is vir\u00e1gz\u00f3 kedves eml\u00e9kezetek. (Kv., 1783); . K\u00e9t k\u00f6tet. (26 gy\u00e1szbesz\u00e9d 1730\u20131755.). <br \/><strong>\u2013 Irod.:<\/strong> Aranka Gy\u00f6rgy: Halotti besz\u00e9d Verest\u00f3i Gy\u00f6rgy felett (Kv., 1767); Bod P\u00e9ter: Smirnai Szent Polik\u00e1rpus (Nagyenyed, 1766); Kov\u00e1sznai; R\u00f3th: Sz\u00fcletett nyelv\u00fcnk\u00f6n; Rugonfalvi Kiss; Szinnyei; T\u00f6r\u00f6k Istv\u00e1n: A kolozsv\u00e1ri ev. ref. koll\u00e9gium t\u00f6rt\u00e9nete (1905); \u00daM\u00c9L, V. Gy. \u00f6n\u00e9letrajza \u00e9s eml\u00e9kiratai. Kiad. T\u00f6r\u00f6k Istv\u00e1n (Prot. K\u00f6zl. [Kolozsv\u00e1r], 1886. 13\u201314. sz.); Zov\u00e1nyi.<\/br><\/p>\n","protected":false},"excerpt":{"rendered":"<p>Bonyha, 1698. j\u00fan. 25., \u2020 Kv., 1765. m\u00e1rc. 6.: ref. teol\u00f3gus, p\u00fcsp\u00f6k. \u2013 Bonyh\u00e1n kezdte tanul\u00e1s\u00e1t majd a mv.-i (1710\u2013) \u00e9s a kv.-i (1713\u2013) ref. koll.-ban, folytatta itt togatus (1716), majd k\u00f6ztan\u00edt\u00f3 (1718). K\u00fclf\u00f6ld\u00f6n a franekeri egy.-en tanult (1721\u201326). Hazat\u00e9r\u00e9se ut\u00e1n, Bonchid\u00e1n br. B\u00e1nffy Farkas udvari papja (1727 elej\u00e9t\u0151l). Nagyenyeden a b\u00f6lcselet tan\u00e1ra volt, de [&hellip;]<\/p>\n","protected":false},"featured_media":0,"comment_status":"open","ping_status":"closed","template":"","meta":[],"product_brand":[],"product_cat":[137],"product_tag":[],"class_list":{"0":"post-24487","1":"product","2":"type-product","3":"status-publish","5":"product_cat-maros-megyei-eletrajzi-lexikon","7":"first","8":"instock","9":"shipping-taxable","10":"product-type-simple"},"_links":{"self":[{"href":"https:\/\/uj.adatbank.ro\/lexikon\/wp-json\/wp\/v2\/product\/24487","targetHints":{"allow":["GET"]}}],"collection":[{"href":"https:\/\/uj.adatbank.ro\/lexikon\/wp-json\/wp\/v2\/product"}],"about":[{"href":"https:\/\/uj.adatbank.ro\/lexikon\/wp-json\/wp\/v2\/types\/product"}],"replies":[{"embeddable":true,"href":"https:\/\/uj.adatbank.ro\/lexikon\/wp-json\/wp\/v2\/comments?post=24487"}],"wp:attachment":[{"href":"https:\/\/uj.adatbank.ro\/lexikon\/wp-json\/wp\/v2\/media?parent=24487"}],"wp:term":[{"taxonomy":"product_brand","embeddable":true,"href":"https:\/\/uj.adatbank.ro\/lexikon\/wp-json\/wp\/v2\/product_brand?post=24487"},{"taxonomy":"product_cat","embeddable":true,"href":"https:\/\/uj.adatbank.ro\/lexikon\/wp-json\/wp\/v2\/product_cat?post=24487"},{"taxonomy":"product_tag","embeddable":true,"href":"https:\/\/uj.adatbank.ro\/lexikon\/wp-json\/wp\/v2\/product_tag?post=24487"}],"curies":[{"name":"wp","href":"https:\/\/api.w.org\/{rel}","templated":true}]}}

VERESTÓI György; Cséri, id., Verestói, Georgius

<p>Bonyha, 1698. jún. 25., † Kv., 1765. márc. 6.: ref. teológus, püspök. – Bonyhán kezdte tanulását majd a mv.-i (1710–) és a kv.-i (1713–) ref. koll.-ban, folytatta itt togatus (1716), majd köztanító (1718). Külföldön a franekeri egy.-en tanult (1721–26). Hazatérése után, Bonchidán br. Bánffy Farkas udvari papja (1727 elejétől). Nagyenyeden a bölcselet tanára volt, de matematikát és csillagászatot is tanított (1728–). A kv.-i ref. koll.-ban a bölcselet (1728–), a teológia r. tanára (1758–). Haláláig az erdélyi ref. egyházker. püspöke (1760. jún.- 1762). Egészségi állapota miatt tanári állásáról lemondott (1764). Nyomtatásban üdvözlő- és gyászversei, de főként temetési beszédei jelentek meg. Önéletrajzféle családi emlékiratot hagyott hátra, melyet Török István adott ki a kolozsvári Protestáns Közlönyben (1886. 13., 14. sz.). Üdvözlő verset írt Rimaszombati Sámuelhez (1724.), gyászverset br. Kemény Zsigmondné gr. Bánffy Krisztina halálára (1718.). Egy levelét közre bocsátotta 1735-ben Venema franekeri professzor. A temetésén elmondott beszédek szintén megjelentek. –  <strong>F. m..:</strong> De palma ardende&#8230;, 1–2. (Franeker, 1724); Dissertatio philologico—theologica de palma ardente ad Exod. Cap. III. vs. 1–5.. Pars prior de litera palmae ardento, quam… sub praesidio D. Alberti Schultens …disquisitioni subjicit (Franequerae, 1725.); Halotti oratio Váradi Sigmond felett. (Kv., 1730.); Halotti oratio Valkai Miklós felett. (Kv., 1730.); Halotti oratio gr. Teleki Pál felett. (Kv., 1731.); Halotti oratio Havasali Sára felett. (Kv., 1731); Halotti oratio özv. Pongrácz Nagymihályi Jánosné gr. Teleki Judit felett. (Kv., 1733); Szöntelen az Istennel járó gr. Losonci Bánffy György keserves siralma (Kv., 1736); Halála után is élő József: Deáki Filep József felett (Kv., 1752); Halotti oratio br. Bánffi Sámuel urfi felett. (Kv., 1756.); Halotti oratio br. Wesselényi Istán felett. (Kv., 1759.); Halotti oratio Kabos Ferencz felett. (Kv., 1759); Halotti oratio gr. Rhédei Zsigmond felett. (Kv., 1760.), Halotti oratio gr. Teleki Mihály felett. (Kv., 1763.); Magyar versek, melyleket temetési és lakodalmi külömböző alkalmatosságokra írt volt&#8230; Mostan pedig a versekben gyönyörködőknek kedvekért, öszve szedettek, és együtt kiadattak. (Kv, 1772., 1781); Holtakkal való barátság. Az az, némely erdélyi nagy méltóságoknak és főrenden lévő nemeseknek halálok után-is virágzó kedves emlékezetek. (Kv., 1783); . Két kötet. (26 gyászbeszéd 1730–1755.). <br /><strong>– Irod.:</strong> Aranka György: Halotti beszéd Verestói György felett (Kv., 1767); Bod Péter: Smirnai Szent Polikárpus (Nagyenyed, 1766); Kovásznai; Róth: Született nyelvünkön; Rugonfalvi Kiss; Szinnyei; Török István: A kolozsvári ev. ref. kollégium története (1905); ÚMÉL, V. Gy. önéletrajza és emlékiratai. Kiad. Török István (Prot. Közl. [Kolozsvár], 1886. 13–14. sz.); Zoványi.</br></p>

<p>Bonyha, 1698. jún. 25., † Kv., 1765. márc. 6.: ref. teológus, püspök. – Bonyhán kezdte tanulását majd a mv.-i (1710–) és a kv.-i (1713–) ref. koll.-ban, folytatta itt togatus (1716), majd köztanító (1718). Külföldön a franekeri egy.-en tanult (1721–26). Hazatérése után, Bonchidán br. Bánffy Farkas udvari papja (1727 elejétől). Nagyenyeden a bölcselet tanára volt, de [&hellip;]</p>
