{"id":24490,"date":"2025-08-01T18:09:23","date_gmt":"2025-08-01T16:09:23","guid":{"rendered":"https:\/\/uj.adatbank.ro\/lexikon\/termek\/verestoi-samuel\/"},"modified":"2025-08-01T18:09:23","modified_gmt":"2025-08-01T16:09:23","slug":"verestoi-samuel","status":"publish","type":"product","link":"https:\/\/uj.adatbank.ro\/lexikon\/termek\/verestoi-samuel\/","title":{"rendered":"VEREST\u00d3I S\u00e1muel"},"content":{"rendered":"<p>Verest\u00f3, 1651., \u2020\u00a0Bonyha, 1722: ref. lelk\u00e9sz. \u2013 Sz\u00fcl\u0151faluj\u00e1ban, R\u00e9vkom\u00e1romban \u00e9s S\u00e1rospatakon tanult. Subscrib\u00e1lt S\u00e1rospatak-Gyulafeh\u00e9rv\u00e1ron (1672). Feles\u00e9ge V\u00e1ci S\u00e1ra \u00e9s\/ vagy M\u00f3zes Erzs\u00e9bet. Fia: V. Gy\u00f6rgy p\u00fcsp\u00f6k. Lelk\u00e9sz volt Marosnagylakon, H\u00e9derf\u00e1j\u00e1n (1685 ut\u00e1n, 1694 el\u0151tt), B\u00fanon (\u20131694), Szenterzs\u00e9beten szolg\u00e1lt. Bonyh\u00e1ra j\u00f3 h\u00edrneve miatt h\u00edvt\u00e1k meg (1697\u20131722). Szolg\u00e1lata ideje alatt a sz\u00e1zadfordul\u00f3n \u00e9p\u00edtett\u00e9k a templomot, a par\u00f3ki\u00e1t \u00e9s az iskol\u00e1t, amelyeknek felszerel\u00e9s\u00e9hez sok adom\u00e1nyt kapott. Megv\u00e1lasztott\u00e1k esperes helyettesnek \u00e9s a Szent T\u00e1rsas\u00e1g \u00fcln\u00f6k\u00e9nek (1712). R\u00e1b\u00edzt\u00e1k \u00c1rva Bethlen Kata nevel\u00e9s\u00e9t, aki \u0151t, fi\u00e1val, Gy\u00f6rggyel (sz.1698), a k\u00e9s\u0151bbi p\u00fcsp\u00f6kkel, egy\u00fctt tan\u00edtotta. Nemcsak a teol\u00f3giai ismeretekben volt felk\u00e9sz\u00fclt, hanem a vil\u00e1gi, k\u00f6zjogi \u00fcgyek int\u00e9z\u00e9s\u00e9ben is. T\u00f6bb birtok\u00fcgyi okirat megszerkeszt\u00e9s\u00e9re is felk\u00e9rt\u00e9k, amir\u0151l az okiratok al\u00e1\u00edr\u00e1sa tan\u00faskodik. <br \/><strong>\u2013 Irod.:<\/strong> Bonyha \u00e9s egyh\u00e1za; Fogarasi; K\u00fck\u00fcll\u0151i Ref. Egyh\u00e1zm. 1., 2.<\/br><\/p>\n","protected":false},"excerpt":{"rendered":"<p>Verest\u00f3, 1651., \u2020\u00a0Bonyha, 1722: ref. lelk\u00e9sz. \u2013 Sz\u00fcl\u0151faluj\u00e1ban, R\u00e9vkom\u00e1romban \u00e9s S\u00e1rospatakon tanult. Subscrib\u00e1lt S\u00e1rospatak-Gyulafeh\u00e9rv\u00e1ron (1672). Feles\u00e9ge V\u00e1ci S\u00e1ra \u00e9s\/ vagy M\u00f3zes Erzs\u00e9bet. Fia: V. Gy\u00f6rgy p\u00fcsp\u00f6k. Lelk\u00e9sz volt Marosnagylakon, H\u00e9derf\u00e1j\u00e1n (1685 ut\u00e1n, 1694 el\u0151tt), B\u00fanon (\u20131694), Szenterzs\u00e9beten szolg\u00e1lt. Bonyh\u00e1ra j\u00f3 h\u00edrneve miatt h\u00edvt\u00e1k meg (1697\u20131722). Szolg\u00e1lata ideje alatt a sz\u00e1zadfordul\u00f3n \u00e9p\u00edtett\u00e9k a templomot, a par\u00f3ki\u00e1t [&hellip;]<\/p>\n","protected":false},"featured_media":0,"comment_status":"open","ping_status":"closed","template":"","meta":[],"product_brand":[],"product_cat":[137],"product_tag":[],"class_list":{"0":"post-24490","1":"product","2":"type-product","3":"status-publish","5":"product_cat-maros-megyei-eletrajzi-lexikon","7":"first","8":"instock","9":"shipping-taxable","10":"product-type-simple"},"_links":{"self":[{"href":"https:\/\/uj.adatbank.ro\/lexikon\/wp-json\/wp\/v2\/product\/24490","targetHints":{"allow":["GET"]}}],"collection":[{"href":"https:\/\/uj.adatbank.ro\/lexikon\/wp-json\/wp\/v2\/product"}],"about":[{"href":"https:\/\/uj.adatbank.ro\/lexikon\/wp-json\/wp\/v2\/types\/product"}],"replies":[{"embeddable":true,"href":"https:\/\/uj.adatbank.ro\/lexikon\/wp-json\/wp\/v2\/comments?post=24490"}],"wp:attachment":[{"href":"https:\/\/uj.adatbank.ro\/lexikon\/wp-json\/wp\/v2\/media?parent=24490"}],"wp:term":[{"taxonomy":"product_brand","embeddable":true,"href":"https:\/\/uj.adatbank.ro\/lexikon\/wp-json\/wp\/v2\/product_brand?post=24490"},{"taxonomy":"product_cat","embeddable":true,"href":"https:\/\/uj.adatbank.ro\/lexikon\/wp-json\/wp\/v2\/product_cat?post=24490"},{"taxonomy":"product_tag","embeddable":true,"href":"https:\/\/uj.adatbank.ro\/lexikon\/wp-json\/wp\/v2\/product_tag?post=24490"}],"curies":[{"name":"wp","href":"https:\/\/api.w.org\/{rel}","templated":true}]}}

VERESTÓI Sámuel

<p>Verestó, 1651., † Bonyha, 1722: ref. lelkész. – Szülőfalujában, Révkomáromban és Sárospatakon tanult. Subscribált Sárospatak-Gyulafehérváron (1672). Felesége Váci Sára és/ vagy Mózes Erzsébet. Fia: V. György püspök. Lelkész volt Marosnagylakon, Héderfáján (1685 után, 1694 előtt), Búnon (–1694), Szenterzsébeten szolgált. Bonyhára jó hírneve miatt hívták meg (1697–1722). Szolgálata ideje alatt a századfordulón építették a templomot, a parókiát és az iskolát, amelyeknek felszereléséhez sok adományt kapott. Megválasztották esperes helyettesnek és a Szent Társaság ülnökének (1712). Rábízták Árva Bethlen Kata nevelését, aki őt, fiával, Györggyel (sz.1698), a későbbi püspökkel, együtt tanította. Nemcsak a teológiai ismeretekben volt felkészült, hanem a világi, közjogi ügyek intézésében is. Több birtokügyi okirat megszerkesztésére is felkérték, amiről az okiratok aláírása tanúskodik. <br /><strong>– Irod.:</strong> Bonyha és egyháza; Fogarasi; Küküllői Ref. Egyházm. 1., 2.</br></p>

<p>Verestó, 1651., † Bonyha, 1722: ref. lelkész. – Szülőfalujában, Révkomáromban és Sárospatakon tanult. Subscribált Sárospatak-Gyulafehérváron (1672). Felesége Váci Sára és/ vagy Mózes Erzsébet. Fia: V. György püspök. Lelkész volt Marosnagylakon, Héderfáján (1685 után, 1694 előtt), Búnon (–1694), Szenterzsébeten szolgált. Bonyhára jó hírneve miatt hívták meg (1697–1722). Szolgálata ideje alatt a századfordulón építették a templomot, a parókiát [&hellip;]</p>
