{"id":24491,"date":"2025-08-01T18:09:25","date_gmt":"2025-08-01T16:09:25","guid":{"rendered":"https:\/\/uj.adatbank.ro\/lexikon\/termek\/verestoy-ilona-hubbes-valterne\/"},"modified":"2025-08-01T18:09:25","modified_gmt":"2025-08-01T16:09:25","slug":"verestoy-ilona-hubbes-valterne","status":"publish","type":"product","link":"https:\/\/uj.adatbank.ro\/lexikon\/termek\/verestoy-ilona-hubbes-valterne\/","title":{"rendered":"VEREST\u00d3Y Ilona, Hubbes Valtern\u00e9"},"content":{"rendered":"<p>Brass\u00f3, 1928. dec. 30., \u2020\u00a0Gy\u0151r, 2008. dec.: zenetan\u00e1r. \u2013 K\u00f6z\u00e9piskol\u00e1it Sepsiszentgy\u00f6rgy\u00f6n (1948), a f\u0151iskol\u00e1t Kv.-on a Gh. Dima Zenekonzervat\u00f3riumban (1949\u201352), majd Buk.-ban (1960\u201362) v\u00e9gezte. Zenetan\u00e1r Mv.-en az Unirea K\u00f6z\u00e9piskol\u00e1ban (1957\u201365), majd a M\u0171v\u00e9szeti L\u00edc.-ban (1965\u201384). Szerkesztette a mv.-i R\u00e1di\u00f3ban a R\u00e1di\u00f3 \u00e9nek\u00f3r\u00e1ja c m\u0171sort (1975\u201377), majd besz\u00e1mol\u00f3kat, interj\u00fakat k\u00e9sz\u00edtett a mv.-i Filharm\u00f3nia hangversenyeivel kapcsolatosan (1974\u201384). Mv. zenei \u00e9let\u00e9nek kr\u00f3nik\u00e1sa volt. A Zenetan\u00e1rok Marosmegyei M\u00f3dszertani k\u00f6r\u00e9nek felel\u0151se (1973\u201375), megh\u00edv\u00e1s\u00e1ra sz\u00e1mos zeneszerz\u0151, pedag\u00f3gus: Nagy Istv\u00e1n, M\u00e1rkos Albert, Jagamas J\u00e1nos, Zolt\u00e1n Alad\u00e1r, Sz\u00e1sz K\u00e1roly, Szab\u00f3 Csaba, Bretter Gy\u00f6rgy tartott el\u0151ad\u00e1st. K\u00f6zrem\u0171k\u00f6d\u00f6tt a mv.-i N\u00e9pi Alkot\u00e1sok H\u00e1za n\u00e9pdalf\u00fczeteinek kiad\u00e1s\u00e1ban. Zenei \u00edr\u00e1sai, hangversenykr\u00f3nik\u00e1i, zenekritik\u00e1i megjelentek a V\u00f6r\u00f6s Z\u00e1szl\u00f3, Tan\u00fcgyi \u00dajs\u00e1g, A H\u00e9t, Ifj\u00famunk\u00e1s, M\u0171vel\u0151d\u00e9s has\u00e1bjain. T\u00f6bb tank\u00f6nyvet szerkesztett. Branner N\u00f3r\u00e1val \u00e9s Nagy Katalinnal \u00f6ssze\u00e1ll\u00edtotta az \u00e9nek-zene tan\u00edt\u00e1s tanterv\u00e9t az \u00e1ltal\u00e1nos iskol\u00e1k I\u2013IV. o. sz\u00e1m\u00e1ra. \u2013  <strong>F. m..:<\/strong> t\u00e1rssz: \u00c9nek-zene tank\u00f6nyv a III\u2013IV. oszt\u00e1ly sz\u00e1m\u00e1ra (Nagy Katalinnal, Buc., 1970, 1972, 1973, 1975, 1976, 1977, 1978, 1979, 1982, 1984); \u00c9nek-zene a VIII. oszt\u00e1ly sz\u00e1m\u00e1ra (Buk., 1972\u201374, 1978, 1981); Az \u00e9nek-zenetan\u00edt\u00e1s tanterve az \u00e1ltal\u00e1nos iskola I\u2013IV. oszt\u00e1lya sz\u00e1m\u00e1ra (Buk., 1972); M\u00f3dszertani alapfogalmak az \u00e9nek, rajz, testnevel\u00e9s, k\u00e9zimunka tan\u00edt\u00e1s\u00e1ra az I\u2013IV oszt\u00e1lyokban (Gedeon Zolt\u00e1nnal \u00e9s Szab\u00f3 M\u00e1rt\u00e1val, Buk., 1980). <br \/><strong>\u2013 Irod.:<\/strong> MMK, R\u00e9thy\u2013\u00dajv\u00e1ri\u2013V\u00e1czi, RMIL.<\/br><\/p>\n","protected":false},"excerpt":{"rendered":"<p>Brass\u00f3, 1928. dec. 30., \u2020\u00a0Gy\u0151r, 2008. dec.: zenetan\u00e1r. \u2013 K\u00f6z\u00e9piskol\u00e1it Sepsiszentgy\u00f6rgy\u00f6n (1948), a f\u0151iskol\u00e1t Kv.-on a Gh. Dima Zenekonzervat\u00f3riumban (1949\u201352), majd Buk.-ban (1960\u201362) v\u00e9gezte. Zenetan\u00e1r Mv.-en az Unirea K\u00f6z\u00e9piskol\u00e1ban (1957\u201365), majd a M\u0171v\u00e9szeti L\u00edc.-ban (1965\u201384). Szerkesztette a mv.-i R\u00e1di\u00f3ban a R\u00e1di\u00f3 \u00e9nek\u00f3r\u00e1ja c m\u0171sort (1975\u201377), majd besz\u00e1mol\u00f3kat, interj\u00fakat k\u00e9sz\u00edtett a mv.-i Filharm\u00f3nia hangversenyeivel kapcsolatosan (1974\u201384). [&hellip;]<\/p>\n","protected":false},"featured_media":0,"comment_status":"open","ping_status":"closed","template":"","meta":[],"product_brand":[],"product_cat":[137],"product_tag":[],"class_list":{"0":"post-24491","1":"product","2":"type-product","3":"status-publish","5":"product_cat-maros-megyei-eletrajzi-lexikon","7":"first","8":"instock","9":"shipping-taxable","10":"product-type-simple"},"_links":{"self":[{"href":"https:\/\/uj.adatbank.ro\/lexikon\/wp-json\/wp\/v2\/product\/24491","targetHints":{"allow":["GET"]}}],"collection":[{"href":"https:\/\/uj.adatbank.ro\/lexikon\/wp-json\/wp\/v2\/product"}],"about":[{"href":"https:\/\/uj.adatbank.ro\/lexikon\/wp-json\/wp\/v2\/types\/product"}],"replies":[{"embeddable":true,"href":"https:\/\/uj.adatbank.ro\/lexikon\/wp-json\/wp\/v2\/comments?post=24491"}],"wp:attachment":[{"href":"https:\/\/uj.adatbank.ro\/lexikon\/wp-json\/wp\/v2\/media?parent=24491"}],"wp:term":[{"taxonomy":"product_brand","embeddable":true,"href":"https:\/\/uj.adatbank.ro\/lexikon\/wp-json\/wp\/v2\/product_brand?post=24491"},{"taxonomy":"product_cat","embeddable":true,"href":"https:\/\/uj.adatbank.ro\/lexikon\/wp-json\/wp\/v2\/product_cat?post=24491"},{"taxonomy":"product_tag","embeddable":true,"href":"https:\/\/uj.adatbank.ro\/lexikon\/wp-json\/wp\/v2\/product_tag?post=24491"}],"curies":[{"name":"wp","href":"https:\/\/api.w.org\/{rel}","templated":true}]}}

VERESTÓY Ilona, Hubbes Valterné

<p>Brassó, 1928. dec. 30., † Győr, 2008. dec.: zenetanár. – Középiskoláit Sepsiszentgyörgyön (1948), a főiskolát Kv.-on a Gh. Dima Zenekonzervatóriumban (1949–52), majd Buk.-ban (1960–62) végezte. Zenetanár Mv.-en az Unirea Középiskolában (1957–65), majd a Művészeti Líc.-ban (1965–84). Szerkesztette a mv.-i Rádióban a Rádió énekórája c műsort (1975–77), majd beszámolókat, interjúkat készített a mv.-i Filharmónia hangversenyeivel kapcsolatosan (1974–84). Mv. zenei életének krónikása volt. A Zenetanárok Marosmegyei Módszertani körének felelőse (1973–75), meghívására számos zeneszerző, pedagógus: Nagy István, Márkos Albert, Jagamas János, Zoltán Aladár, Szász Károly, Szabó Csaba, Bretter György tartott előadást. Közreműködött a mv.-i Népi Alkotások Háza népdalfüzeteinek kiadásában. Zenei írásai, hangversenykrónikái, zenekritikái megjelentek a Vörös Zászló, Tanügyi Újság, A Hét, Ifjúmunkás, Művelődés hasábjain. Több tankönyvet szerkesztett. Branner Nórával és Nagy Katalinnal összeállította az ének-zene tanítás tantervét az általános iskolák I–IV. o. számára. –  <strong>F. m..:</strong> társsz: Ének-zene tankönyv a III–IV. osztály számára (Nagy Katalinnal, Buc., 1970, 1972, 1973, 1975, 1976, 1977, 1978, 1979, 1982, 1984); Ének-zene a VIII. osztály számára (Buk., 1972–74, 1978, 1981); Az ének-zenetanítás tanterve az általános iskola I–IV. osztálya számára (Buk., 1972); Módszertani alapfogalmak az ének, rajz, testnevelés, kézimunka tanítására az I–IV osztályokban (Gedeon Zoltánnal és Szabó Mártával, Buk., 1980). <br /><strong>– Irod.:</strong> MMK, Réthy–Újvári–Váczi, RMIL.</br></p>

<p>Brassó, 1928. dec. 30., † Győr, 2008. dec.: zenetanár. – Középiskoláit Sepsiszentgyörgyön (1948), a főiskolát Kv.-on a Gh. Dima Zenekonzervatóriumban (1949–52), majd Buk.-ban (1960–62) végezte. Zenetanár Mv.-en az Unirea Középiskolában (1957–65), majd a Művészeti Líc.-ban (1965–84). Szerkesztette a mv.-i Rádióban a Rádió énekórája c műsort (1975–77), majd beszámolókat, interjúkat készített a mv.-i Filharmónia hangversenyeivel kapcsolatosan (1974–84). [&hellip;]</p>
