{"id":24496,"date":"2025-08-01T18:09:36","date_gmt":"2025-08-01T16:09:36","guid":{"rendered":"https:\/\/uj.adatbank.ro\/lexikon\/termek\/vertes-oszkar\/"},"modified":"2025-08-01T18:09:36","modified_gmt":"2025-08-01T16:09:36","slug":"vertes-oszkar","status":"publish","type":"product","link":"https:\/\/uj.adatbank.ro\/lexikon\/termek\/vertes-oszkar\/","title":{"rendered":"V\u00c9RTES Oszk\u00e1r"},"content":{"rendered":"<p>Bp., 1876., \u2020\u00a01933.: orvos, egyetemi mag\u00e1ntan\u00e1r, dr. \u2013 Feles\u00e9ge Hegyi Lili \u00e9nekesn\u0151, a kv.-i sz\u00ednh\u00e1z primadonn\u00e1ja a sz\u00e1zad elej\u00e9n, m\u0171vel\u0151d\u00e9sszervez\u0151 volt. Balogh Endre hal\u00e1la ut\u00e1n a Liszt Ferenc utcai h\u00e1zban laktak. \u2013 Keresked\u0151 csal\u00e1db\u00f3l sz\u00e1rmazott, Bp.-en v\u00e9gezte iskol\u00e1it, doktor\u00e1lt (1899), majd a bp.-i 1. sz. n\u0151igy\u00f3gy\u00e1szaton praktiz\u00e1lt, ut\u00e1na T\u00fcbingenben tan\u00e1rseg\u00e9d, k\u00e9s\u0151bb a bp.-i J\u00e1nos K\u00f3rh\u00e1z seg\u00e9dorvosa, Kv.-on klinikai tan\u00e1rseg\u00e9d, azut\u00e1n egyetemi mag\u00e1ntan\u00e1r (1914). Az els\u0151 vh.-ban mint ezredorvos teljes\u00edtett szolg\u00e1latot. A klinik\u00e1k megsz\u0171n\u00e9s\u00e9vel Kv.-on orvos, majd Mv.-en gyakorolta hivat\u00e1s\u00e1t (1928\u2013), ahol a Szanat\u00f3rium n\u0151gy\u00f3gy\u00e1sz-sz\u00fcl\u00e9sz f\u0151orvosa, az \u00c1llami B\u00e1bak\u00e9pz\u0151 Int\u00e9zet tan\u00e1ra volt. El\u0151adott az Erd\u00e9lyi M\u00fazeum-Egyes\u00fclet v\u00e1ndorgy\u0171l\u00e9s\u00e9n Mv.-en (1930. aug.). Szakcikkeket \u00edrt a sz\u00fcl\u00e9szet \u00e9s n\u0151gy\u00f3gy\u00e1szat ter\u00fclet\u00e9r\u0151l magyar \u00e9s n\u00e9met tudom\u00e1nyos foly\u00f3iratokba. <br \/><strong>\u2013 Irod.:<\/strong> Dam\u00f3 Jen\u0151: Ki kicsoda? (Timi\u015foara, 1931); EBKL; Ki kicsoda?; Kiss Cs. M 3.; Sipos; \u00dcnnepi k\u00f6nyv.<\/br><\/p>\n","protected":false},"excerpt":{"rendered":"<p>Bp., 1876., \u2020\u00a01933.: orvos, egyetemi mag\u00e1ntan\u00e1r, dr. \u2013 Feles\u00e9ge Hegyi Lili \u00e9nekesn\u0151, a kv.-i sz\u00ednh\u00e1z primadonn\u00e1ja a sz\u00e1zad elej\u00e9n, m\u0171vel\u0151d\u00e9sszervez\u0151 volt. Balogh Endre hal\u00e1la ut\u00e1n a Liszt Ferenc utcai h\u00e1zban laktak. \u2013 Keresked\u0151 csal\u00e1db\u00f3l sz\u00e1rmazott, Bp.-en v\u00e9gezte iskol\u00e1it, doktor\u00e1lt (1899), majd a bp.-i 1. sz. n\u0151igy\u00f3gy\u00e1szaton praktiz\u00e1lt, ut\u00e1na T\u00fcbingenben tan\u00e1rseg\u00e9d, k\u00e9s\u0151bb a bp.-i J\u00e1nos K\u00f3rh\u00e1z [&hellip;]<\/p>\n","protected":false},"featured_media":0,"comment_status":"open","ping_status":"closed","template":"","meta":[],"product_brand":[],"product_cat":[137],"product_tag":[],"class_list":{"0":"post-24496","1":"product","2":"type-product","3":"status-publish","5":"product_cat-maros-megyei-eletrajzi-lexikon","7":"first","8":"instock","9":"shipping-taxable","10":"product-type-simple"},"_links":{"self":[{"href":"https:\/\/uj.adatbank.ro\/lexikon\/wp-json\/wp\/v2\/product\/24496","targetHints":{"allow":["GET"]}}],"collection":[{"href":"https:\/\/uj.adatbank.ro\/lexikon\/wp-json\/wp\/v2\/product"}],"about":[{"href":"https:\/\/uj.adatbank.ro\/lexikon\/wp-json\/wp\/v2\/types\/product"}],"replies":[{"embeddable":true,"href":"https:\/\/uj.adatbank.ro\/lexikon\/wp-json\/wp\/v2\/comments?post=24496"}],"wp:attachment":[{"href":"https:\/\/uj.adatbank.ro\/lexikon\/wp-json\/wp\/v2\/media?parent=24496"}],"wp:term":[{"taxonomy":"product_brand","embeddable":true,"href":"https:\/\/uj.adatbank.ro\/lexikon\/wp-json\/wp\/v2\/product_brand?post=24496"},{"taxonomy":"product_cat","embeddable":true,"href":"https:\/\/uj.adatbank.ro\/lexikon\/wp-json\/wp\/v2\/product_cat?post=24496"},{"taxonomy":"product_tag","embeddable":true,"href":"https:\/\/uj.adatbank.ro\/lexikon\/wp-json\/wp\/v2\/product_tag?post=24496"}],"curies":[{"name":"wp","href":"https:\/\/api.w.org\/{rel}","templated":true}]}}

VÉRTES Oszkár

<p>Bp., 1876., † 1933.: orvos, egyetemi magántanár, dr. – Felesége Hegyi Lili énekesnő, a kv.-i színház primadonnája a század elején, művelődésszervező volt. Balogh Endre halála után a Liszt Ferenc utcai házban laktak. – Kereskedő családból származott, Bp.-en végezte iskoláit, doktorált (1899), majd a bp.-i 1. sz. nőigyógyászaton praktizált, utána Tübingenben tanársegéd, később a bp.-i János Kórház segédorvosa, Kv.-on klinikai tanársegéd, azután egyetemi magántanár (1914). Az első vh.-ban mint ezredorvos teljesített szolgálatot. A klinikák megszűnésével Kv.-on orvos, majd Mv.-en gyakorolta hivatását (1928–), ahol a Szanatórium nőgyógyász-szülész főorvosa, az Állami Bábaképző Intézet tanára volt. Előadott az Erdélyi Múzeum-Egyesület vándorgyűlésén Mv.-en (1930. aug.). Szakcikkeket írt a szülészet és nőgyógyászat területéről magyar és német tudományos folyóiratokba. <br /><strong>– Irod.:</strong> Damó Jenő: Ki kicsoda? (Timişoara, 1931); EBKL; Ki kicsoda?; Kiss Cs. M 3.; Sipos; Ünnepi könyv.</br></p>

<p>Bp., 1876., † 1933.: orvos, egyetemi magántanár, dr. – Felesége Hegyi Lili énekesnő, a kv.-i színház primadonnája a század elején, művelődésszervező volt. Balogh Endre halála után a Liszt Ferenc utcai házban laktak. – Kereskedő családból származott, Bp.-en végezte iskoláit, doktorált (1899), majd a bp.-i 1. sz. nőigyógyászaton praktizált, utána Tübingenben tanársegéd, később a bp.-i János Kórház [&hellip;]</p>
