{"id":24504,"date":"2025-08-01T18:09:54","date_gmt":"2025-08-01T16:09:54","guid":{"rendered":"https:\/\/uj.adatbank.ro\/lexikon\/termek\/verzar-sandor-oxendius\/"},"modified":"2025-08-01T18:09:54","modified_gmt":"2025-08-01T16:09:54","slug":"verzar-sandor-oxendius","status":"publish","type":"product","link":"https:\/\/uj.adatbank.ro\/lexikon\/termek\/verzar-sandor-oxendius\/","title":{"rendered":"VERZ\u00c1R S\u00e1ndor, Oxendius"},"content":{"rendered":"<p>1759. m\u00e1rc. 22. \u2020 1808. dec. 5.: tan\u00e1csos. \u2013 Szamos\u00fajv\u00e1r tan\u00e1csosa. Feles\u00e9ge: M\u00e1rkovits Helena (1765 m\u00e1j. 19 \u2013 Mv., 1841. m\u00e1j. 28. \u00e9let\u00e9nek 76. \u00e9v\u00e9ben, a mv.-i Keresztel\u0151 Szent J\u00e1nos-pl\u00e9b\u00e1nia kript\u00e1j\u00e1ba temett\u00e9k). <br \/><strong>\u2013 Irod.:<\/strong> Pusk\u00e1s Attila \u2013 s\u00edrfeliratok: P\u00e1l-Antal S\u00e1ndor: \u00d6rm\u00e9nyek Mv.-en 1848 el\u0151tt = Pusk\u00e1s-Sz\u00e1sz \u00c1v\u00e9d.<\/br><\/p>\n","protected":false},"excerpt":{"rendered":"<p>1759. m\u00e1rc. 22. \u2020 1808. dec. 5.: tan\u00e1csos. \u2013 Szamos\u00fajv\u00e1r tan\u00e1csosa. Feles\u00e9ge: M\u00e1rkovits Helena (1765 m\u00e1j. 19 \u2013 Mv., 1841. m\u00e1j. 28. \u00e9let\u00e9nek 76. \u00e9v\u00e9ben, a mv.-i Keresztel\u0151 Szent J\u00e1nos-pl\u00e9b\u00e1nia kript\u00e1j\u00e1ba temett\u00e9k). \u2013 Irod.: Pusk\u00e1s Attila \u2013 s\u00edrfeliratok: P\u00e1l-Antal S\u00e1ndor: \u00d6rm\u00e9nyek Mv.-en 1848 el\u0151tt = Pusk\u00e1s-Sz\u00e1sz \u00c1v\u00e9d.<\/p>\n","protected":false},"featured_media":0,"comment_status":"open","ping_status":"closed","template":"","meta":[],"product_brand":[],"product_cat":[137],"product_tag":[],"class_list":{"0":"post-24504","1":"product","2":"type-product","3":"status-publish","5":"product_cat-maros-megyei-eletrajzi-lexikon","7":"first","8":"instock","9":"shipping-taxable","10":"product-type-simple"},"_links":{"self":[{"href":"https:\/\/uj.adatbank.ro\/lexikon\/wp-json\/wp\/v2\/product\/24504","targetHints":{"allow":["GET"]}}],"collection":[{"href":"https:\/\/uj.adatbank.ro\/lexikon\/wp-json\/wp\/v2\/product"}],"about":[{"href":"https:\/\/uj.adatbank.ro\/lexikon\/wp-json\/wp\/v2\/types\/product"}],"replies":[{"embeddable":true,"href":"https:\/\/uj.adatbank.ro\/lexikon\/wp-json\/wp\/v2\/comments?post=24504"}],"wp:attachment":[{"href":"https:\/\/uj.adatbank.ro\/lexikon\/wp-json\/wp\/v2\/media?parent=24504"}],"wp:term":[{"taxonomy":"product_brand","embeddable":true,"href":"https:\/\/uj.adatbank.ro\/lexikon\/wp-json\/wp\/v2\/product_brand?post=24504"},{"taxonomy":"product_cat","embeddable":true,"href":"https:\/\/uj.adatbank.ro\/lexikon\/wp-json\/wp\/v2\/product_cat?post=24504"},{"taxonomy":"product_tag","embeddable":true,"href":"https:\/\/uj.adatbank.ro\/lexikon\/wp-json\/wp\/v2\/product_tag?post=24504"}],"curies":[{"name":"wp","href":"https:\/\/api.w.org\/{rel}","templated":true}]}}