{"id":24513,"date":"2025-08-01T18:10:13","date_gmt":"2025-08-01T16:10:13","guid":{"rendered":"https:\/\/uj.adatbank.ro\/lexikon\/termek\/veszely-karoly-%c2%a7\/"},"modified":"2025-08-01T18:10:13","modified_gmt":"2025-08-01T16:10:13","slug":"veszely-karoly-%c2%a7","status":"publish","type":"product","link":"https:\/\/uj.adatbank.ro\/lexikon\/termek\/veszely-karoly-%c2%a7\/","title":{"rendered":"VESZELY K\u00e1roly, \u00a7"},"content":{"rendered":"<p>B\u00e9cs, 1820. okt. 20., \u2020 Borb\u00e1nd (Feh\u00e9r), 1896. nov. 4.: r. k. pap, pr\u00e9post-pl\u00e9b\u00e1nos. \u2013 A gimn.-ot Gyulafeh\u00e9rv\u00e1ron, filoz\u00f3fi\u00e1t Kv.-on, teol.-t Gyulafeh\u00e9rv\u00e1ron v\u00e9gzett. Papp\u00e1 szentelt\u00e9k (1844. jan. 1.). Brass\u00f3ban k\u00e1pl\u00e1n \u00e9s tan\u00e1r (1845\u2013). Az 1848\u201349. \u00e9vi forradalomban v\u00e1llalt szerep\u00e9\u00e9rt b\u00f6rt\u00f6nb\u00fcntet\u00e9st kapott (1850). Gyulafeh\u00e9rv\u00e1ron k\u00e1pl\u00e1n (1851\u201352), gimn. tan\u00e1r (1854), a Batthy\u00e1neum igazgat\u00f3ja (1860), majd bar\u00f3ti pl\u00e9b\u00e1nos (1864\u2013), ahol meg\u00edrta a bar\u00f3ti pl\u00e9b\u00e1nia t\u00f6rt\u00e9net\u00e9t. Kinevezt\u00e9k Mv.-re a katolikus pl\u00e9b\u00e1nia \u00e9l\u00e9re, esperes \u00e9s pl\u00e9b\u00e1nos (1867\u201374). Kev\u00e9s gyakorlati \u00e9rz\u00e9kkel int\u00e9zte a pl\u00e9b\u00e1nia tennival\u00f3it. El\u0151nyben r\u00e9szes\u00edtette a szellemi munk\u00e1t, a k\u00e9rd\u00e9sek elm\u00e9leti megold\u00e1s\u00e1t. Ind\u00edtv\u00e1nyozta az egyh\u00e1ztan\u00e1cs jogk\u00f6r\u00e9nek b\u0151v\u00edt\u00e9s\u00e9t. A kv.-i pl\u00e9b\u00e1nia mint\u00e1j\u00e1ra \u00faj \u00f6nkorm\u00e1nyzati szab\u00e1lyzatot dolgozott ki, amely \u00e9rtelm\u00e9ben a vagyonkezel\u00e9st teljesen ennek hat\u00e1sk\u00f6r\u00e9be akarta vonni. Egyik f\u0151 feladat\u00e1nak a r. k. le\u00e1nyiskola \u00fcgy\u00e9nek megold\u00e1s\u00e1t tekintette. Nyomd\u00e1t szervezett a pl\u00e9b\u00e1nia keret\u00e9ben. Imets F\u00fcl\u00f6p \u00e9s Kov\u00e1cs Ferenc teol\u00f3giatan\u00e1rokkal r\u00e9szt vett a Szent L\u00e1szl\u00f3 T\u00e1rsulat szervezte moldovai \u00e9s havasalf\u00f6ldi utaz\u00e1son (1868), amelyr\u0151l \u00fatle\u00edr\u00e1st is megjelentettek. A Mv.-en megalakult iskolasz\u00e9knek, megv\u00e1lasztott eln\u00f6ke lemond\u00e1s\u00e1ig (1871. m\u00e1j.\u2013nov.). A r\u00e9gi gimn. t\u0171zk\u00e1rosodott \u00e9p\u00fclet\u00e9nek \u00fajra\u00e9p\u00edt\u00e9s\u00e9be kezdett az erd\u00e9lyi r. k. St\u00e1tust\u00f3l felvett k\u00f6lcs\u00f6nnel (1874). A b\u00e9rleti szerz\u0151d\u00e9s megsz\u0171n\u00e9se ut\u00e1n, ennek \u00e9rtelm\u00e9ben, a St\u00e1tus birtok\u00e1ba ker\u00fclt az iskola emeleti r\u00e9sze. A r. k. f\u0151gimn. els\u0151 biztosa volt \u00e9s ut\u00f3dja Kov\u00e1cs Ferenc ap\u00e1t-pl\u00e9b\u00e1nos. Az erd\u00e9lyi st\u00e1tusgy\u0171l\u00e9s referens\u00e9nek v\u00e1lasztott\u00e1k (1874. okt.), ez\u00e9rt Kv-ra t\u00e1vozott, ahol pl\u00e9b\u00e1nos volt (1875); majd borb\u00e1ndi pl\u00e9b\u00e1nos (1881\u2013) hal\u00e1l\u00e1ig. Mv.-en iskolai szaklapot szerkesztett N\u00e9ptanoda c. (1870\u201374) Szerkesztette Kolozsv\u00e1rt az Erd\u00e9lyi Egyh\u00e1zt\u00f6rt\u00e9nelmi adatokat (1860); a Gyulafeh\u00e9rv\u00e1ri F\u00fczeteket (1861\u20131862.) K\u00e9t f\u00fczet; az Erd\u00e9lyi Kath. Hitsz\u00f3nokot (1863\u201367. Kv., (a III. k\u00f6tet Mv.-n jelent meg 1878-ban) a N\u00e9ptanod\u00e1t (1870. jan. 13-t\u00f3l 1874 v\u00e9g\u00e9ig Mv.-en)., a Sz\u00e9kelyf\u00f6ldet (1873\u201374). Fogarasy Mih\u00e1ly p\u00fcsp\u00f6k \u00e9s az \u0151 hagyat\u00e9k\u00e1b\u00f3l \u00e9p\u00edtett\u00e9k Mv.-en a volt Z\u00e1rda, ma M\u0171v\u00e9szeti iskola \u00e9p\u00fclet\u00e9t, Jelinek Antal tervei alapj\u00e1n, So\u00f3s P\u00e1l k\u0151m\u0171vesmester ir\u00e1ny\u00edt\u00e1s\u00e1val (1890), ahol a Ferenc-rendi n\u0151v\u00e9rek elemi \u00e9s polg\u00e1ri le\u00e1nyiskol\u00e1ja m\u0171k\u00f6d\u00f6tt benne az \u00e1llamos\u00edt\u00e1sig (1948). \u2013  <strong>F. m..:<\/strong> Erd\u00e9lyi tanul\u00f3k m\u00e1jus \u00fcnnepi dala. N\u00e9gy \u00e9neksz\u00f3ra, zongorak\u00eds\u00e9rettel. Sz\u00f6veg\u00e9t \u00edrta&#8230; dallam\u00e1t szerz\u00e9 M\u00e1tray G\u00e1bor. (Buda, 1859.); Egy kis felvil\u00e1gos\u00edt\u00e1s az \u201eErd\u00e9lyi egyh\u00e1zt\u00f6rt\u00e9nelmi adatok\u201d 1. k\u00f6tet\u00e9nek \u00e9rdek\u00e9ben (Kv., 1861); Gyulafeh\u00e9rv\u00e1ri f\u00fczetek 2. (Kv., 1862); Bek\u00f6sz\u00f6nt\u0151 egyh\u00e1zi besz\u00e9d, melyet beigtat\u00e1sa alkalm\u00e1val elmondott. (Mv., 1867); A bar\u00f3ti pl\u00e9b\u00e1nia. (Brass\u00f3, 1868.); A konyhakert\u00e9szet&#8230; a r. kath. le\u00e1nyiskola sz\u00e1m\u00e1ra szerkesztette V. K. (Mv., 1869); Mit kell tennie a n\u00e9ptan\u00edt\u00f3nak, hogy p\u00e1ly\u00e1j\u00e1n mindig el\u0151haladhasson. (Kv., 1877); A szentimrei csata. H\u0151sk\u00f6ltem\u00e9ny. (Kv., 1879); \u00c9rzelemhangok (Kv., 1881.); Az erd\u00e9lyi r\u00f3m. kath. p\u00fcsp\u00f6ki megye autonomi\u00e1ja, vagyis az 1711-t\u0151l 1892-ig tartott erd\u00e9lyi r\u00f3m. kath. Statusgy\u0171l\u00e9sek nevezetesebb t\u00e1rgyal\u00e1sainak, felterjeszt\u00e9seinek \u00e9s m\u00e1s ezekre vonatkoz\u00f3 okm\u00e1nyainak gy\u0171jtem\u00e9nye. (Gyulafeh\u00e9rv\u00e1r, 1893.);  <strong>t\u00e1rssz.:<\/strong> Veszely, Imets \u00e9s Kov\u00e1ts utaz\u00e1sa Moldva-Ol\u00e1horsz\u00e1gban 1868. (Mv., 1870); <strong>antol\u00f3g.:<\/strong> Bem album (Mv., 1884); szerk: Erd\u00e9lyi r\u00f3mai-katolikus egyh\u00e1zmegye auton\u00f3mi\u00e1j\u00e1nak t\u00f6rt\u00e9nete; Sz\u00e1va Farkas: Gy\u00fcm\u00f6lcs\u00e9szeti levelek (Mv., 1871); Erd\u00e9lyi egyh\u00e1zt\u00f6rt\u00e9nelmi adatok (Gyulafeh\u00e9rv\u00e1r, 1860\u201393);  <strong>ford.:<\/strong> T\u00fal a s\u00edron ism\u00e9t megismerj\u00fck egym\u00e1st. Irta Blot atya, (Gyulafeh\u00e9rv\u00e1r, 1882.). <br \/><strong>\u2013 Irod.:<\/strong> Er\u0151ss; Ferenczi S\u00e1ndor 2009; Ferenczi S\u00e1ndor 2012; Fodor S\u00e1ndor: Mv. iskolav\u00e1ros (K\u00f6zpont, 2010. febr. 3\u20139., 5. sz.); H\u00edres polg\u00e1rok; Id\u0151t\u00e1r 2; Incze; Maros megye Maros megyei m. t\u00f6rt.5.; Nemes; P\u00e1l-Antal 2003; P\u00e1l-Antal 2013; P\u00e1l-Antal \u2013 Szab\u00f3 2.; P\u00e1l-Antal S\u00e1ndor: A gymn\u00e1zium catholicumt\u00f3l a f\u0151gimn\u00e1ziumig = Eml\u00e9kk. Szab\u00f3 Mikl\u00f3s; R\u00e1cz 2009; Szinnyei; Szinnyei J; Szinnyei J- Sz. J.; V\u00e1s\u00e1rhelyi H\u00edrlap, 2007. szept. 7., 5. sz.; Veress.<\/br><\/p>\n","protected":false},"excerpt":{"rendered":"<p>B\u00e9cs, 1820. okt. 20., \u2020 Borb\u00e1nd (Feh\u00e9r), 1896. nov. 4.: r. k. pap, pr\u00e9post-pl\u00e9b\u00e1nos. \u2013 A gimn.-ot Gyulafeh\u00e9rv\u00e1ron, filoz\u00f3fi\u00e1t Kv.-on, teol.-t Gyulafeh\u00e9rv\u00e1ron v\u00e9gzett. Papp\u00e1 szentelt\u00e9k (1844. jan. 1.). Brass\u00f3ban k\u00e1pl\u00e1n \u00e9s tan\u00e1r (1845\u2013). Az 1848\u201349. \u00e9vi forradalomban v\u00e1llalt szerep\u00e9\u00e9rt b\u00f6rt\u00f6nb\u00fcntet\u00e9st kapott (1850). Gyulafeh\u00e9rv\u00e1ron k\u00e1pl\u00e1n (1851\u201352), gimn. tan\u00e1r (1854), a Batthy\u00e1neum igazgat\u00f3ja (1860), majd bar\u00f3ti pl\u00e9b\u00e1nos [&hellip;]<\/p>\n","protected":false},"featured_media":0,"comment_status":"open","ping_status":"closed","template":"","meta":[],"product_brand":[],"product_cat":[137],"product_tag":[],"class_list":{"0":"post-24513","1":"product","2":"type-product","3":"status-publish","5":"product_cat-maros-megyei-eletrajzi-lexikon","7":"first","8":"instock","9":"shipping-taxable","10":"product-type-simple"},"_links":{"self":[{"href":"https:\/\/uj.adatbank.ro\/lexikon\/wp-json\/wp\/v2\/product\/24513","targetHints":{"allow":["GET"]}}],"collection":[{"href":"https:\/\/uj.adatbank.ro\/lexikon\/wp-json\/wp\/v2\/product"}],"about":[{"href":"https:\/\/uj.adatbank.ro\/lexikon\/wp-json\/wp\/v2\/types\/product"}],"replies":[{"embeddable":true,"href":"https:\/\/uj.adatbank.ro\/lexikon\/wp-json\/wp\/v2\/comments?post=24513"}],"wp:attachment":[{"href":"https:\/\/uj.adatbank.ro\/lexikon\/wp-json\/wp\/v2\/media?parent=24513"}],"wp:term":[{"taxonomy":"product_brand","embeddable":true,"href":"https:\/\/uj.adatbank.ro\/lexikon\/wp-json\/wp\/v2\/product_brand?post=24513"},{"taxonomy":"product_cat","embeddable":true,"href":"https:\/\/uj.adatbank.ro\/lexikon\/wp-json\/wp\/v2\/product_cat?post=24513"},{"taxonomy":"product_tag","embeddable":true,"href":"https:\/\/uj.adatbank.ro\/lexikon\/wp-json\/wp\/v2\/product_tag?post=24513"}],"curies":[{"name":"wp","href":"https:\/\/api.w.org\/{rel}","templated":true}]}}

VESZELY Károly, §

<p>Bécs, 1820. okt. 20., † Borbánd (Fehér), 1896. nov. 4.: r. k. pap, prépost-plébános. – A gimn.-ot Gyulafehérváron, filozófiát Kv.-on, teol.-t Gyulafehérváron végzett. Pappá szentelték (1844. jan. 1.). Brassóban káplán és tanár (1845–). Az 1848–49. évi forradalomban vállalt szerepéért börtönbüntetést kapott (1850). Gyulafehérváron káplán (1851–52), gimn. tanár (1854), a Batthyáneum igazgatója (1860), majd baróti plébános (1864–), ahol megírta a baróti plébánia történetét. Kinevezték Mv.-re a katolikus plébánia élére, esperes és plébános (1867–74). Kevés gyakorlati érzékkel intézte a plébánia tennivalóit. Előnyben részesítette a szellemi munkát, a kérdések elméleti megoldását. Indítványozta az egyháztanács jogkörének bővítését. A kv.-i plébánia mintájára új önkormányzati szabályzatot dolgozott ki, amely értelmében a vagyonkezelést teljesen ennek hatáskörébe akarta vonni. Egyik fő feladatának a r. k. leányiskola ügyének megoldását tekintette. Nyomdát szervezett a plébánia keretében. Imets Fülöp és Kovács Ferenc teológiatanárokkal részt vett a Szent László Társulat szervezte moldovai és havasalföldi utazáson (1868), amelyről útleírást is megjelentettek. A Mv.-en megalakult iskolaszéknek, megválasztott elnöke lemondásáig (1871. máj.–nov.). A régi gimn. tűzkárosodott épületének újraépítésébe kezdett az erdélyi r. k. Státustól felvett kölcsönnel (1874). A bérleti szerződés megszűnése után, ennek értelmében, a Státus birtokába került az iskola emeleti része. A r. k. főgimn. első biztosa volt és utódja Kovács Ferenc apát-plébános. Az erdélyi státusgyűlés referensének választották (1874. okt.), ezért Kv-ra távozott, ahol plébános volt (1875); majd borbándi plébános (1881–) haláláig. Mv.-en iskolai szaklapot szerkesztett Néptanoda c. (1870–74) Szerkesztette Kolozsvárt az Erdélyi Egyháztörténelmi adatokat (1860); a Gyulafehérvári Füzeteket (1861–1862.) Két füzet; az Erdélyi Kath. Hitszónokot (1863–67. Kv., (a III. kötet Mv.-n jelent meg 1878-ban) a Néptanodát (1870. jan. 13-tól 1874 végéig Mv.-en)., a Székelyföldet (1873–74). Fogarasy Mihály püspök és az ő hagyatékából építették Mv.-en a volt Zárda, ma Művészeti iskola épületét, Jelinek Antal tervei alapján, Soós Pál kőművesmester irányításával (1890), ahol a Ferenc-rendi nővérek elemi és polgári leányiskolája működött benne az államosításig (1948). –  <strong>F. m..:</strong> Erdélyi tanulók május ünnepi dala. Négy énekszóra, zongorakísérettel. Szövegét írta&#8230; dallamát szerzé Mátray Gábor. (Buda, 1859.); Egy kis felvilágosítás az „Erdélyi egyháztörténelmi adatok” 1. kötetének érdekében (Kv., 1861); Gyulafehérvári füzetek 2. (Kv., 1862); Beköszöntő egyházi beszéd, melyet beigtatása alkalmával elmondott. (Mv., 1867); A baróti plébánia. (Brassó, 1868.); A konyhakertészet&#8230; a r. kath. leányiskola számára szerkesztette V. K. (Mv., 1869); Mit kell tennie a néptanítónak, hogy pályáján mindig előhaladhasson. (Kv., 1877); A szentimrei csata. Hősköltemény. (Kv., 1879); Érzelemhangok (Kv., 1881.); Az erdélyi róm. kath. püspöki megye autonomiája, vagyis az 1711-től 1892-ig tartott erdélyi róm. kath. Statusgyűlések nevezetesebb tárgyalásainak, felterjesztéseinek és más ezekre vonatkozó okmányainak gyűjteménye. (Gyulafehérvár, 1893.);  <strong>társsz.:</strong> Veszely, Imets és Kováts utazása Moldva-Oláhországban 1868. (Mv., 1870); <strong>antológ.:</strong> Bem album (Mv., 1884); szerk: Erdélyi római-katolikus egyházmegye autonómiájának története; Száva Farkas: Gyümölcsészeti levelek (Mv., 1871); Erdélyi egyháztörténelmi adatok (Gyulafehérvár, 1860–93);  <strong>ford.:</strong> Túl a síron ismét megismerjük egymást. Irta Blot atya, (Gyulafehérvár, 1882.). <br /><strong>– Irod.:</strong> Erőss; Ferenczi Sándor 2009; Ferenczi Sándor 2012; Fodor Sándor: Mv. iskolaváros (Központ, 2010. febr. 3–9., 5. sz.); Híres polgárok; Időtár 2; Incze; Maros megye Maros megyei m. tört.5.; Nemes; Pál-Antal 2003; Pál-Antal 2013; Pál-Antal – Szabó 2.; Pál-Antal Sándor: A gymnázium catholicumtól a főgimnáziumig = Emlékk. Szabó Miklós; Rácz 2009; Szinnyei; Szinnyei J; Szinnyei J- Sz. J.; Vásárhelyi Hírlap, 2007. szept. 7., 5. sz.; Veress.</br></p>

<p>Bécs, 1820. okt. 20., † Borbánd (Fehér), 1896. nov. 4.: r. k. pap, prépost-plébános. – A gimn.-ot Gyulafehérváron, filozófiát Kv.-on, teol.-t Gyulafehérváron végzett. Pappá szentelték (1844. jan. 1.). Brassóban káplán és tanár (1845–). Az 1848–49. évi forradalomban vállalt szerepéért börtönbüntetést kapott (1850). Gyulafehérváron káplán (1851–52), gimn. tanár (1854), a Batthyáneum igazgatója (1860), majd baróti plébános [&hellip;]</p>
