{"id":24514,"date":"2025-08-01T18:10:16","date_gmt":"2025-08-01T16:10:16","guid":{"rendered":"https:\/\/uj.adatbank.ro\/lexikon\/termek\/veszi-klara\/"},"modified":"2025-08-01T18:10:16","modified_gmt":"2025-08-01T16:10:16","slug":"veszi-klara","status":"publish","type":"product","link":"https:\/\/uj.adatbank.ro\/lexikon\/termek\/veszi-klara\/","title":{"rendered":"V\u00c9SZI Kl\u00e1ra"},"content":{"rendered":"<p>Sz\u00e9kelyk\u00e1l, 1913. jan. 30., \u2020\u00a0?: Ferenc-rendi ap\u00e1ca. \u2013 Kul\u00e1k sz\u00e1rmaz\u00e1s\u00fa. Kv.-on \u00e9s Mv.-en volt ap\u00e1ca. N\u0151v\u00e9rk\u00e9nt a sz\u00e1szr\u00e9geni k\u00f3rh\u00e1zban dolgozott, ahonnan elt\u00e1vol\u00edtott\u00e1k \u201eel\u00e9gedetlenked\u0151\u201d magatart\u00e1sa miatt (1959). Letart\u00f3ztatt\u00e1k Dem\u00e9nyh\u00e1z\u00e1n (1962. m\u00e1rc.13.) \u00e9s a t\u00e1rsadalmi rend elleni t\u00e9nyked\u00e9s v\u00e1dj\u00e1val \u00e1ll\u00edtott\u00e1k b\u00edr\u00f3s\u00e1g el\u00e9. <br \/><strong>\u2013 Irod.:<\/strong> 1956 Erd\u00e9lyben; \u00c1ldozatok; P\u00e1l-Antal 2013.<\/br><\/p>\n","protected":false},"excerpt":{"rendered":"<p>Sz\u00e9kelyk\u00e1l, 1913. jan. 30., \u2020\u00a0?: Ferenc-rendi ap\u00e1ca. \u2013 Kul\u00e1k sz\u00e1rmaz\u00e1s\u00fa. Kv.-on \u00e9s Mv.-en volt ap\u00e1ca. N\u0151v\u00e9rk\u00e9nt a sz\u00e1szr\u00e9geni k\u00f3rh\u00e1zban dolgozott, ahonnan elt\u00e1vol\u00edtott\u00e1k \u201eel\u00e9gedetlenked\u0151\u201d magatart\u00e1sa miatt (1959). Letart\u00f3ztatt\u00e1k Dem\u00e9nyh\u00e1z\u00e1n (1962. m\u00e1rc.13.) \u00e9s a t\u00e1rsadalmi rend elleni t\u00e9nyked\u00e9s v\u00e1dj\u00e1val \u00e1ll\u00edtott\u00e1k b\u00edr\u00f3s\u00e1g el\u00e9. \u2013 Irod.: 1956 Erd\u00e9lyben; \u00c1ldozatok; P\u00e1l-Antal 2013.<\/p>\n","protected":false},"featured_media":0,"comment_status":"open","ping_status":"closed","template":"","meta":[],"product_brand":[],"product_cat":[137],"product_tag":[],"class_list":{"0":"post-24514","1":"product","2":"type-product","3":"status-publish","5":"product_cat-maros-megyei-eletrajzi-lexikon","7":"first","8":"instock","9":"shipping-taxable","10":"product-type-simple"},"_links":{"self":[{"href":"https:\/\/uj.adatbank.ro\/lexikon\/wp-json\/wp\/v2\/product\/24514","targetHints":{"allow":["GET"]}}],"collection":[{"href":"https:\/\/uj.adatbank.ro\/lexikon\/wp-json\/wp\/v2\/product"}],"about":[{"href":"https:\/\/uj.adatbank.ro\/lexikon\/wp-json\/wp\/v2\/types\/product"}],"replies":[{"embeddable":true,"href":"https:\/\/uj.adatbank.ro\/lexikon\/wp-json\/wp\/v2\/comments?post=24514"}],"wp:attachment":[{"href":"https:\/\/uj.adatbank.ro\/lexikon\/wp-json\/wp\/v2\/media?parent=24514"}],"wp:term":[{"taxonomy":"product_brand","embeddable":true,"href":"https:\/\/uj.adatbank.ro\/lexikon\/wp-json\/wp\/v2\/product_brand?post=24514"},{"taxonomy":"product_cat","embeddable":true,"href":"https:\/\/uj.adatbank.ro\/lexikon\/wp-json\/wp\/v2\/product_cat?post=24514"},{"taxonomy":"product_tag","embeddable":true,"href":"https:\/\/uj.adatbank.ro\/lexikon\/wp-json\/wp\/v2\/product_tag?post=24514"}],"curies":[{"name":"wp","href":"https:\/\/api.w.org\/{rel}","templated":true}]}}

VÉSZI Klára

<p>Székelykál, 1913. jan. 30., † ?: Ferenc-rendi apáca. – Kulák származású. Kv.-on és Mv.-en volt apáca. Nővérként a szászrégeni kórházban dolgozott, ahonnan eltávolították „elégedetlenkedő” magatartása miatt (1959). Letartóztatták Deményházán (1962. márc.13.) és a társadalmi rend elleni ténykedés vádjával állították bíróság elé. <br /><strong>– Irod.:</strong> 1956 Erdélyben; Áldozatok; Pál-Antal 2013.</br></p>

<p>Székelykál, 1913. jan. 30., † ?: Ferenc-rendi apáca. – Kulák származású. Kv.-on és Mv.-en volt apáca. Nővérként a szászrégeni kórházban dolgozott, ahonnan eltávolították „elégedetlenkedő” magatartása miatt (1959). Letartóztatták Deményházán (1962. márc.13.) és a társadalmi rend elleni ténykedés vádjával állították bíróság elé. – Irod.: 1956 Erdélyben; Áldozatok; Pál-Antal 2013.</p>
